{"id":78118,"date":"2021-02-21T19:56:15","date_gmt":"2021-02-21T19:56:15","guid":{"rendered":"https:\/\/www.autonvaraosahaku.fi\/?product=mahle-original-oc-60-oljynsuodatin"},"modified":"2021-02-21T19:56:17","modified_gmt":"2021-02-21T19:56:17","slug":"mahle-original-oc-60-oljynsuodatin","status":"publish","type":"product","link":"https:\/\/www.autonvaraosahaku.fi\/?product=mahle-original-oc-60-oljynsuodatin","title":{"rendered":"MAHLE ORIGINAL OC 60 \u00d6ljynsuodatin"},"content":{"rendered":"<p>Suodatintyyppi: Ruuvattava suodatin; L\u00e4pimitta [mm]: 93,2; Korkeus (mm): 209,0; Ulkol\u00e4pimitta 2 [mm]: 72,0; Sis\u00e4l\u00e4pimitta 2 [mm]: 62,0, 62,0; Liitinkierre: 1-12UNF-2B, 1 12UNF-2B; Kiristysmomentti: 20, 20; Suositellun erikoisty\u00f6kalun tuotenumero: OCS 2, OCS 2, OCS 2; Tiivisteen l\u00e4pimitta [mm]: 72,0; Avauspaine ohitusventtiili [bar]: 2,5; Valmistusvuosi alkaen: 01\/1990; VW: CONSTELLATION,L 80,VOLKSBUS,WORKER; VOLVO: A,B10; FORD: Cargo,F-SERIES; ASTON MARTIN: VIRAGE Vantage,VIRAGE Shooting Brake; STEYR: 590-Serie,690-Serie,691-Serie,790-Serie; NEOPLAN: N-Serie,Transliner; MAZ: Serie 100,Serie 170,Serie 200; MAGIRUS-DEUTZ: D-Series; KRAMER: 14-Serie; G\u00dcLERY\u00dcZ: COBRA; 11421763296, 17221331206, 172213312062, 0000001901919, 1901919, 61671160, 61671600, 61673585, 61673588, 671160, 673588, 7122732, 8320220, 5000859, 5010664, 6106841, 82DF6714AA, A730X6714FA, A820X6714NA, EFL161, EFL222, RFL24, 7984864, 93293880, 9975220, 2871722M, 6002121510, 6002121511, 51055010002, 51055010003, K0001174421, 0011849601, 11849601, A0011849601, A11849601, 24164103, 7420541379, 5502096, 61000070005, 6100705, 3831236, 4713921, 4713982, 477556, 4775565, 3873022<\/p>\n","protected":false},"excerpt":{"rendered":"<p>MAHLE ORIGINAL \u00d6ljynsuodatin OC 60  VW,VOLVO,FORD,CONSTELLATION,L 80,VOLKSBUS,WORKER,A,B10,Cargo,F-SERIES,VIRAGE Vantage,VIRAGE Shooting Brake<\/p>\n","protected":false},"featured_media":0,"template":"","meta":{"site-sidebar-layout":"default","site-content-layout":"default","ast-global-header-display":"","ast-main-header-display":"","ast-hfb-above-header-display":"","ast-hfb-below-header-display":"","ast-hfb-mobile-header-display":"","site-post-title":"","ast-breadcrumbs-content":"","ast-featured-img":"","footer-sml-layout":"","theme-transparent-header-meta":"","adv-header-id-meta":"","stick-header-meta":"","header-above-stick-meta":"","header-main-stick-meta":"","header-below-stick-meta":""},"pwb-brand":[153],"product_cat":[30],"product_tag":[],"class_list":{"0":"post-78118","1":"product","2":"type-product","3":"status-publish","5":"pwb-brand-mahle-original","6":"product_cat-oljynsuodatin","7":"desktop-align-left","8":"tablet-align-left","9":"mobile-align-left","11":"first","12":"instock","13":"product-type-external"},"brands":[{"id":153,"name":"MAHLE ORIGINAL","slug":"mahle-original"}],"_links":{"self":[{"href":"https:\/\/www.autonvaraosahaku.fi\/index.php?rest_route=\/wp\/v2\/product\/78118","targetHints":{"allow":["GET"]}}],"collection":[{"href":"https:\/\/www.autonvaraosahaku.fi\/index.php?rest_route=\/wp\/v2\/product"}],"about":[{"href":"https:\/\/www.autonvaraosahaku.fi\/index.php?rest_route=\/wp\/v2\/types\/product"}],"wp:attachment":[{"href":"https:\/\/www.autonvaraosahaku.fi\/index.php?rest_route=%2Fwp%2Fv2%2Fmedia&parent=78118"}],"wp:term":[{"taxonomy":"pwb-brand","embeddable":true,"href":"https:\/\/www.autonvaraosahaku.fi\/index.php?rest_route=%2Fwp%2Fv2%2Fpwb-brand&post=78118"},{"taxonomy":"product_cat","embeddable":true,"href":"https:\/\/www.autonvaraosahaku.fi\/index.php?rest_route=%2Fwp%2Fv2%2Fproduct_cat&post=78118"},{"taxonomy":"product_tag","embeddable":true,"href":"https:\/\/www.autonvaraosahaku.fi\/index.php?rest_route=%2Fwp%2Fv2%2Fproduct_tag&post=78118"}],"curies":[{"name":"wp","href":"https:\/\/api.w.org\/{rel}","templated":true}]}}