{"id":78217,"date":"2021-02-21T19:56:51","date_gmt":"2021-02-21T19:56:51","guid":{"rendered":"https:\/\/www.autonvaraosahaku.fi\/?product=topran-114-257-muut-luokat"},"modified":"2021-02-21T19:56:54","modified_gmt":"2021-02-21T19:56:54","slug":"topran-114-257-muut-luokat","status":"publish","type":"product","link":"https:\/\/www.autonvaraosahaku.fi\/?product=topran-114-257-muut-luokat","title":{"rendered":"TOPRAN 114 257 Muut luokat"},"content":{"rendered":"<p>V\u00e4rikoodi: 01C; K\u00e4ytt\u00f6tapa: Painokytkin; Katkaisijavalaistus: Punainen; Korvaava tuote\/korvaava tiedote 2: sis\u00e4\u00e4nrakennetulla releell\u00e4; Varusteet: Autoihin ilman vetokoukkua; Asennusmalli: Liitin; Muoto: Kolmikulmainen; V\u00e4ri: musta\/punainen; Asennuspuoli: Kojelauta; Valmistusvuosi alkaen: 05\/1998; AUDI: A4 8D2, B5,A4 Avant 8D5, B5; 8D0941509H, 8D0941509H01C<\/p>\n","protected":false},"excerpt":{"rendered":"<p>TOPRAN Varoitusvilkkukytkin 114 257  AUDI,A4 8D2, B5,A4 Avant 8D5, B5<\/p>\n","protected":false},"featured_media":0,"template":"","meta":{"site-sidebar-layout":"default","site-content-layout":"default","ast-global-header-display":"","ast-main-header-display":"","ast-hfb-above-header-display":"","ast-hfb-below-header-display":"","ast-hfb-mobile-header-display":"","site-post-title":"","ast-breadcrumbs-content":"","ast-featured-img":"","footer-sml-layout":"","theme-transparent-header-meta":"","adv-header-id-meta":"","stick-header-meta":"","header-above-stick-meta":"","header-main-stick-meta":"","header-below-stick-meta":""},"pwb-brand":[18],"product_cat":[37],"product_tag":[],"class_list":{"0":"post-78217","1":"product","2":"type-product","3":"status-publish","5":"pwb-brand-topran","6":"product_cat-muut-luokat","7":"desktop-align-left","8":"tablet-align-left","9":"mobile-align-left","11":"first","12":"instock","13":"product-type-external"},"brands":[{"id":18,"name":"TOPRAN","slug":"topran"}],"_links":{"self":[{"href":"https:\/\/www.autonvaraosahaku.fi\/index.php?rest_route=\/wp\/v2\/product\/78217","targetHints":{"allow":["GET"]}}],"collection":[{"href":"https:\/\/www.autonvaraosahaku.fi\/index.php?rest_route=\/wp\/v2\/product"}],"about":[{"href":"https:\/\/www.autonvaraosahaku.fi\/index.php?rest_route=\/wp\/v2\/types\/product"}],"wp:attachment":[{"href":"https:\/\/www.autonvaraosahaku.fi\/index.php?rest_route=%2Fwp%2Fv2%2Fmedia&parent=78217"}],"wp:term":[{"taxonomy":"pwb-brand","embeddable":true,"href":"https:\/\/www.autonvaraosahaku.fi\/index.php?rest_route=%2Fwp%2Fv2%2Fpwb-brand&post=78217"},{"taxonomy":"product_cat","embeddable":true,"href":"https:\/\/www.autonvaraosahaku.fi\/index.php?rest_route=%2Fwp%2Fv2%2Fproduct_cat&post=78217"},{"taxonomy":"product_tag","embeddable":true,"href":"https:\/\/www.autonvaraosahaku.fi\/index.php?rest_route=%2Fwp%2Fv2%2Fproduct_tag&post=78217"}],"curies":[{"name":"wp","href":"https:\/\/api.w.org\/{rel}","templated":true}]}}