{"id":78311,"date":"2021-02-21T19:57:28","date_gmt":"2021-02-21T19:57:28","guid":{"rendered":"https:\/\/www.autonvaraosahaku.fi\/?product=ulo-3105001-vilkku"},"modified":"2021-02-21T19:57:29","modified_gmt":"2021-02-21T19:57:29","slug":"ulo-3105001-vilkku","status":"publish","type":"product","link":"https:\/\/www.autonvaraosahaku.fi\/?product=ulo-3105001-vilkku","title":{"rendered":"ULO 3105001 Vilkku"},"content":{"rendered":"<p>Uusittuun malliin (facelift): ; Asennuspuoli: Ulkopeili, Vasen; Vasen \/ oikea liikenne: Oikean-\/vasemmanpuolinen ohjaus; Lyhdyn muoto: LED; Lasin v\u00e4ri, vilkkulyhty: Lasinkirkas; Vilkun v\u00e4ri: Keltainen; Rekister\u00f6ity tyyppi: E-hyv\u00e4ksytty, SAE-hyv\u00e4ksytty; Laatu: OEM, ORIGINAL; Paino [kg]: 0,12; MERCEDES-BENZ: S-CLASS W220; A2208200521; Vilkkuvalo,Suuntavilkku<\/p>\n","protected":false},"excerpt":{"rendered":"<p>ULO Vilkku 3105001 Vilkkuvalo,Suuntavilkku MERCEDES-BENZ,S-CLASS W220<\/p>\n","protected":false},"featured_media":0,"template":"","meta":{"site-sidebar-layout":"default","site-content-layout":"default","ast-global-header-display":"","ast-main-header-display":"","ast-hfb-above-header-display":"","ast-hfb-below-header-display":"","ast-hfb-mobile-header-display":"","site-post-title":"","ast-breadcrumbs-content":"","ast-featured-img":"","footer-sml-layout":"","theme-transparent-header-meta":"","adv-header-id-meta":"","stick-header-meta":"","header-above-stick-meta":"","header-main-stick-meta":"","header-below-stick-meta":""},"pwb-brand":[316],"product_cat":[149],"product_tag":[],"class_list":{"0":"post-78311","1":"product","2":"type-product","3":"status-publish","5":"pwb-brand-ulo","6":"product_cat-vilkku","7":"desktop-align-left","8":"tablet-align-left","9":"mobile-align-left","11":"first","12":"instock","13":"product-type-external"},"brands":[{"id":316,"name":"ULO","slug":"ulo"}],"_links":{"self":[{"href":"https:\/\/www.autonvaraosahaku.fi\/index.php?rest_route=\/wp\/v2\/product\/78311","targetHints":{"allow":["GET"]}}],"collection":[{"href":"https:\/\/www.autonvaraosahaku.fi\/index.php?rest_route=\/wp\/v2\/product"}],"about":[{"href":"https:\/\/www.autonvaraosahaku.fi\/index.php?rest_route=\/wp\/v2\/types\/product"}],"wp:attachment":[{"href":"https:\/\/www.autonvaraosahaku.fi\/index.php?rest_route=%2Fwp%2Fv2%2Fmedia&parent=78311"}],"wp:term":[{"taxonomy":"pwb-brand","embeddable":true,"href":"https:\/\/www.autonvaraosahaku.fi\/index.php?rest_route=%2Fwp%2Fv2%2Fpwb-brand&post=78311"},{"taxonomy":"product_cat","embeddable":true,"href":"https:\/\/www.autonvaraosahaku.fi\/index.php?rest_route=%2Fwp%2Fv2%2Fproduct_cat&post=78311"},{"taxonomy":"product_tag","embeddable":true,"href":"https:\/\/www.autonvaraosahaku.fi\/index.php?rest_route=%2Fwp%2Fv2%2Fproduct_tag&post=78311"}],"curies":[{"name":"wp","href":"https:\/\/api.w.org\/{rel}","templated":true}]}}