{"id":78344,"date":"2021-02-21T19:57:35","date_gmt":"2021-02-21T19:57:35","guid":{"rendered":"https:\/\/www.autonvaraosahaku.fi\/?product=frenkit-808008-jarrusatula-korjaussarja"},"modified":"2021-02-21T19:57:40","modified_gmt":"2021-02-21T19:57:40","slug":"frenkit-808008-jarrusatula-korjaussarja","status":"publish","type":"product","link":"https:\/\/www.autonvaraosahaku.fi\/?product=frenkit-808008-jarrusatula-korjaussarja","title":{"rendered":"FRENKIT 808008 Jarrusatula korjaussarja"},"content":{"rendered":"<p>L\u00e4pimitta [mm]: 8; Asennuspuoli: Taka-akseli; Jarruj\u00e4rjestelm\u00e4: Akebono\/Nbk; Versio: For caliper D35mm; MAZDA: 626 III Station Wagon GV; OPEL: FRONTERA B 6B_,FRONTERA A Sport 5_SUD2,FRONTERA A 5_MWL4,MONTEREY A UBS_,MONTEREY B; MITSUBISHI: PAJERO PININ H6_W, H7_W,GALANT VI Station Wagon EA_,GALANT VI EA_,PAJERO II V3_W, V2_W, V4_W,PAJERO SPORT K90,ECLIPSE II D3_A,SPACE RUNNER N6_W,PAJERO CLASSIC V2_W,SPACE RUNNER N1_W, N2_W,SIGMA F2_A, F1_A,SPACE WAGON N3_W, N4_W,GALANT V Stufenheck E5_A, E7_A, E8_A,SIGMA Station Wagon F0_W,GALANT V E5_A, E7_A, E8_A,PAJERO II Canvas Top V2_W, V4_W,FTO Coupe DE_A; VAUXHALL: FRONTERA Mk II B,FRONTERA Mk I A,MONTEREY,FRONTERA Mk I A Sport; ISUZU: TROOPER UB,TROOPER Soft Top UB; 542885, 542882, 542883, 542886, 543331, 94362820, 94362821, 94362823, 97160821, 97160823; Ohjainhylsysarja, Jarrusatula<\/p>\n","protected":false},"excerpt":{"rendered":"<p>FRENKIT Ohjaustappi 808008 Ohjainhylsysarja, Jarrusatula MAZDA,OPEL,MITSUBISHI,626 III Station Wagon GV,FRONTERA B 6B_,FRONTERA A Sport 5_SUD2<\/p>\n","protected":false},"featured_media":0,"template":"","meta":{"site-sidebar-layout":"default","site-content-layout":"default","ast-global-header-display":"","ast-main-header-display":"","ast-hfb-above-header-display":"","ast-hfb-below-header-display":"","ast-hfb-mobile-header-display":"","site-post-title":"","ast-breadcrumbs-content":"","ast-featured-img":"","footer-sml-layout":"","theme-transparent-header-meta":"","adv-header-id-meta":"","stick-header-meta":"","header-above-stick-meta":"","header-main-stick-meta":"","header-below-stick-meta":""},"pwb-brand":[474],"product_cat":[57],"product_tag":[],"class_list":{"0":"post-78344","1":"product","2":"type-product","3":"status-publish","5":"pwb-brand-frenkit","6":"product_cat-jarrusatula-korjaussarja","7":"desktop-align-left","8":"tablet-align-left","9":"mobile-align-left","11":"first","12":"instock","13":"product-type-external"},"brands":[{"id":474,"name":"FRENKIT","slug":"frenkit"}],"_links":{"self":[{"href":"https:\/\/www.autonvaraosahaku.fi\/index.php?rest_route=\/wp\/v2\/product\/78344","targetHints":{"allow":["GET"]}}],"collection":[{"href":"https:\/\/www.autonvaraosahaku.fi\/index.php?rest_route=\/wp\/v2\/product"}],"about":[{"href":"https:\/\/www.autonvaraosahaku.fi\/index.php?rest_route=\/wp\/v2\/types\/product"}],"wp:attachment":[{"href":"https:\/\/www.autonvaraosahaku.fi\/index.php?rest_route=%2Fwp%2Fv2%2Fmedia&parent=78344"}],"wp:term":[{"taxonomy":"pwb-brand","embeddable":true,"href":"https:\/\/www.autonvaraosahaku.fi\/index.php?rest_route=%2Fwp%2Fv2%2Fpwb-brand&post=78344"},{"taxonomy":"product_cat","embeddable":true,"href":"https:\/\/www.autonvaraosahaku.fi\/index.php?rest_route=%2Fwp%2Fv2%2Fproduct_cat&post=78344"},{"taxonomy":"product_tag","embeddable":true,"href":"https:\/\/www.autonvaraosahaku.fi\/index.php?rest_route=%2Fwp%2Fv2%2Fproduct_tag&post=78344"}],"curies":[{"name":"wp","href":"https:\/\/api.w.org\/{rel}","templated":true}]}}