{"id":7841,"date":"2021-02-21T14:01:20","date_gmt":"2021-02-21T14:01:20","guid":{"rendered":"https:\/\/www.autonvaraosahaku.fi\/?product=ngk-49086-sytytyspuola"},"modified":"2021-02-21T14:01:21","modified_gmt":"2021-02-21T14:01:21","slug":"ngk-49086-sytytyspuola","status":"publish","type":"product","link":"https:\/\/www.autonvaraosahaku.fi\/?product=ngk-49086-sytytyspuola","title":{"rendered":"NGK 49086 Sytytyspuola"},"content":{"rendered":"<p>Sis\u00e4\u00e4n\/ulosmeno aukkojen lukum\u00e4\u00e4r\u00e4: 4; Napojen m\u00e4\u00e4r\u00e4: 6; Sytytyspuola: Liit\u00e4nt\u00e4 SAE; Korvaava tuote\/korvaava tiedote 2: sytytysjohdolla; TECDOC-moottorinumero: 20928; LANCIA: YPSILON 843,MUSA 350,YPSILON 312, 846; FORD: KA RU8; FIAT: GRANDE PUNTO 199,PANDA 169,500 312,PUNTO EVO 199,DOBLO Cargo 223,500 C 312,DOBLO 119,PANDA Van 169,PUNTO 199,IDEA,PANDA 312,QUBO 225,FIORINO Kasten\/Kombi 225,LINEA 323,PUNTO Van 199,PALIO 178BX,SIENA 178_,PANDA VAN 312,PUNTO EVO Van 199_; 55195775, 55195776, 55200112, 55200486, 55208723, BAE940AF, 55195775, 55195776, 55200112, 55200486, 55208723, BAE940AF, 55195775, 55195776, 55200112, 55200486, 55208723, BAE940AF, 55195775, 55195776, 55200112, 55200486, 55208723, BAE940AF, 1535713, 1671690, 5135419, 9S5112029AA, 9S5112029AB, 55195775, 55195776, 55200112, 55200486, 55208723, BAE940AF, 55195775, 55195776, 55200112, 55200486, 55208723, BAE940AF<\/p>\n","protected":false},"excerpt":{"rendered":"<p>NGK Sytytyspuola 49086  LANCIA,FORD,FIAT,YPSILON 843,MUSA 350,YPSILON 312, 846,KA RU8,GRANDE PUNTO 199,PANDA 169,500 312,PUNTO EVO 199,DOBLO Cargo 223<\/p>\n","protected":false},"featured_media":0,"template":"","meta":{"site-sidebar-layout":"default","site-content-layout":"default","ast-global-header-display":"","ast-main-header-display":"","ast-hfb-above-header-display":"","ast-hfb-below-header-display":"","ast-hfb-mobile-header-display":"","site-post-title":"","ast-breadcrumbs-content":"","ast-featured-img":"","footer-sml-layout":"","theme-transparent-header-meta":"","adv-header-id-meta":"","stick-header-meta":"","header-above-stick-meta":"","header-main-stick-meta":"","header-below-stick-meta":""},"pwb-brand":[189],"product_cat":[25],"product_tag":[],"class_list":{"0":"post-7841","1":"product","2":"type-product","3":"status-publish","5":"pwb-brand-ngk","6":"product_cat-sytytyspuola","7":"desktop-align-left","8":"tablet-align-left","9":"mobile-align-left","11":"first","12":"instock","13":"product-type-external"},"brands":[{"id":189,"name":"NGK","slug":"ngk"}],"_links":{"self":[{"href":"https:\/\/www.autonvaraosahaku.fi\/index.php?rest_route=\/wp\/v2\/product\/7841","targetHints":{"allow":["GET"]}}],"collection":[{"href":"https:\/\/www.autonvaraosahaku.fi\/index.php?rest_route=\/wp\/v2\/product"}],"about":[{"href":"https:\/\/www.autonvaraosahaku.fi\/index.php?rest_route=\/wp\/v2\/types\/product"}],"wp:attachment":[{"href":"https:\/\/www.autonvaraosahaku.fi\/index.php?rest_route=%2Fwp%2Fv2%2Fmedia&parent=7841"}],"wp:term":[{"taxonomy":"pwb-brand","embeddable":true,"href":"https:\/\/www.autonvaraosahaku.fi\/index.php?rest_route=%2Fwp%2Fv2%2Fpwb-brand&post=7841"},{"taxonomy":"product_cat","embeddable":true,"href":"https:\/\/www.autonvaraosahaku.fi\/index.php?rest_route=%2Fwp%2Fv2%2Fproduct_cat&post=7841"},{"taxonomy":"product_tag","embeddable":true,"href":"https:\/\/www.autonvaraosahaku.fi\/index.php?rest_route=%2Fwp%2Fv2%2Fproduct_tag&post=7841"}],"curies":[{"name":"wp","href":"https:\/\/api.w.org\/{rel}","templated":true}]}}