{"id":78422,"date":"2021-02-21T19:58:04","date_gmt":"2021-02-21T19:58:04","guid":{"rendered":"https:\/\/www.autonvaraosahaku.fi\/?product=ashika-71-08-801-alatukivarsi"},"modified":"2021-02-21T19:58:08","modified_gmt":"2021-02-21T19:58:08","slug":"ashika-71-08-801-alatukivarsi","status":"publish","type":"product","link":"https:\/\/www.autonvaraosahaku.fi\/?product=ashika-71-08-801-alatukivarsi","title":{"rendered":"ASHIKA 71-08-801 Alatukivarsi"},"content":{"rendered":"<p>Asennuspuoli: Etuakseli; Kokonaiskorkeus (mm): 62; Asennusl\u00e4pimitta [mm]: 14,7; Sis\u00e4l\u00e4pimitta [mm]: 10; Kokonaispituus (mm): 320; Ohjausmalli: Querlenker; SUZUKI: IGNIS FH; 4520076G10, 4520076G20, 4520050E00000, 4520069D00, 4520069D00000, 4520069DV0, 4520069DV0000, 4520069DV1000, 4520076G00, 4520076G10, 4520076G20, 4520076G21, 4520076G22, 4520078002000, 4520084000000, 45200M50E00, 45200M50E20, 45200M50E40, 45200M50E41, 45200M50E41000, 45200M84000, 45200M84000000, 45200M84011, 45200M84022, 45200M84040, 4620050A00, 4620050A00000, 4620050A00XXX, 4620052E00, 4620052E00000, P10028310; Tukivarsi,Tukivarsi, Py\u00f6r\u00e4ntuenta<\/p>\n","protected":false},"excerpt":{"rendered":"<p>ASHIKA Alatukivarsi 71-08-801 Tukivarsi,Tukivarsi, Py\u00f6r\u00e4ntuenta SUZUKI,IGNIS FH<\/p>\n","protected":false},"featured_media":0,"template":"","meta":{"site-sidebar-layout":"default","site-content-layout":"default","ast-global-header-display":"","ast-main-header-display":"","ast-hfb-above-header-display":"","ast-hfb-below-header-display":"","ast-hfb-mobile-header-display":"","site-post-title":"","ast-breadcrumbs-content":"","ast-featured-img":"","footer-sml-layout":"","theme-transparent-header-meta":"","adv-header-id-meta":"","stick-header-meta":"","header-above-stick-meta":"","header-main-stick-meta":"","header-below-stick-meta":""},"pwb-brand":[102],"product_cat":[62],"product_tag":[],"class_list":{"0":"post-78422","1":"product","2":"type-product","3":"status-publish","5":"pwb-brand-ashika","6":"product_cat-alatukivarsi","7":"desktop-align-left","8":"tablet-align-left","9":"mobile-align-left","11":"first","12":"instock","13":"product-type-external"},"brands":[{"id":102,"name":"ASHIKA","slug":"ashika"}],"_links":{"self":[{"href":"https:\/\/www.autonvaraosahaku.fi\/index.php?rest_route=\/wp\/v2\/product\/78422","targetHints":{"allow":["GET"]}}],"collection":[{"href":"https:\/\/www.autonvaraosahaku.fi\/index.php?rest_route=\/wp\/v2\/product"}],"about":[{"href":"https:\/\/www.autonvaraosahaku.fi\/index.php?rest_route=\/wp\/v2\/types\/product"}],"wp:attachment":[{"href":"https:\/\/www.autonvaraosahaku.fi\/index.php?rest_route=%2Fwp%2Fv2%2Fmedia&parent=78422"}],"wp:term":[{"taxonomy":"pwb-brand","embeddable":true,"href":"https:\/\/www.autonvaraosahaku.fi\/index.php?rest_route=%2Fwp%2Fv2%2Fpwb-brand&post=78422"},{"taxonomy":"product_cat","embeddable":true,"href":"https:\/\/www.autonvaraosahaku.fi\/index.php?rest_route=%2Fwp%2Fv2%2Fproduct_cat&post=78422"},{"taxonomy":"product_tag","embeddable":true,"href":"https:\/\/www.autonvaraosahaku.fi\/index.php?rest_route=%2Fwp%2Fv2%2Fproduct_tag&post=78422"}],"curies":[{"name":"wp","href":"https:\/\/api.w.org\/{rel}","templated":true}]}}