{"id":78569,"date":"2021-02-21T19:58:55","date_gmt":"2021-02-21T19:58:55","guid":{"rendered":"https:\/\/www.autonvaraosahaku.fi\/?product=hella-8et-009-142-761-ilmamassamittari"},"modified":"2021-02-21T19:59:01","modified_gmt":"2021-02-21T19:59:01","slug":"hella-8et-009-142-761-ilmamassamittari","status":"publish","type":"product","link":"https:\/\/www.autonvaraosahaku.fi\/?product=hella-8et-009-142-761-ilmamassamittari","title":{"rendered":"HELLA 8ET 009 142-761 Ilmamassamittari"},"content":{"rendered":"<p>Asennusmalli: Poltti\/ruuvi; Lis\u00e4tarvike\/lis\u00e4tieto: Ilman imusarjaa; Liittimi\u00e4: 5; Uusi osa: ; RENAULT: KOLEOS HY_,KOLEOS II; NISSAN: QASHQAI \/ QASHQAI +2 J10, JJ10,MICRA III K12,X-TRAIL T30,NOTE E11,NAVARA D40,JUKE F15,PATHFINDER R51,X-TRAIL T31,MICRA IV K13,NV200 EVALIA,350 Z Z33,MICRA C+C K12,MURANO Z50,NAVARA Pritsche\/Fahrgestell D40,NOTE E12,TIIDA Schr\u00e4gheck,NV200 Kasten,MURANO Z51,PICK UP D22,NAVARA D22,370 Z Z34,350 Z Roadster Z33,GT-R R35,CUBE Z12,TIIDA Stufenheck SC11X,370 Z Roadster Z34,NP300,QASHQAI J11, J11_,X-TRAIL T32,TEANA II J32,CABSTAR E Pick-up US,NT400 CABSTAR F24F,PATHFINDER R52,TIIDA Schr\u00e4gheck C12,SENTRA B17; INFINITI: FX,EX,M Y51,G Stufenheck,QX56,M37,G Coupe,M35,Q70 Y51,QX70,QX80,QX50; 226807S000, 226807S000, 226807S000; Ilmam\u00e4\u00e4r\u00e4mittari,MAF Anturi<\/p>\n","protected":false},"excerpt":{"rendered":"<p>HELLA Ilmamassamittari 8ET 009 142-761 Ilmam\u00e4\u00e4r\u00e4mittari,MAF Anturi RENAULT,NISSAN,INFINITI,KOLEOS HY_,KOLEOS II,QASHQAI \/ QASHQAI +2 J10, JJ10<\/p>\n","protected":false},"featured_media":0,"template":"","meta":{"site-sidebar-layout":"default","site-content-layout":"default","ast-global-header-display":"","ast-main-header-display":"","ast-hfb-above-header-display":"","ast-hfb-below-header-display":"","ast-hfb-mobile-header-display":"","site-post-title":"","ast-breadcrumbs-content":"","ast-featured-img":"","footer-sml-layout":"","theme-transparent-header-meta":"","adv-header-id-meta":"","stick-header-meta":"","header-above-stick-meta":"","header-main-stick-meta":"","header-below-stick-meta":""},"pwb-brand":[24],"product_cat":[270],"product_tag":[],"class_list":{"0":"post-78569","1":"product","2":"type-product","3":"status-publish","5":"pwb-brand-hella","6":"product_cat-ilmamassamittari","7":"desktop-align-left","8":"tablet-align-left","9":"mobile-align-left","11":"first","12":"instock","13":"product-type-external"},"brands":[{"id":24,"name":"HELLA","slug":"hella"}],"_links":{"self":[{"href":"https:\/\/www.autonvaraosahaku.fi\/index.php?rest_route=\/wp\/v2\/product\/78569","targetHints":{"allow":["GET"]}}],"collection":[{"href":"https:\/\/www.autonvaraosahaku.fi\/index.php?rest_route=\/wp\/v2\/product"}],"about":[{"href":"https:\/\/www.autonvaraosahaku.fi\/index.php?rest_route=\/wp\/v2\/types\/product"}],"wp:attachment":[{"href":"https:\/\/www.autonvaraosahaku.fi\/index.php?rest_route=%2Fwp%2Fv2%2Fmedia&parent=78569"}],"wp:term":[{"taxonomy":"pwb-brand","embeddable":true,"href":"https:\/\/www.autonvaraosahaku.fi\/index.php?rest_route=%2Fwp%2Fv2%2Fpwb-brand&post=78569"},{"taxonomy":"product_cat","embeddable":true,"href":"https:\/\/www.autonvaraosahaku.fi\/index.php?rest_route=%2Fwp%2Fv2%2Fproduct_cat&post=78569"},{"taxonomy":"product_tag","embeddable":true,"href":"https:\/\/www.autonvaraosahaku.fi\/index.php?rest_route=%2Fwp%2Fv2%2Fproduct_tag&post=78569"}],"curies":[{"name":"wp","href":"https:\/\/api.w.org\/{rel}","templated":true}]}}