{"id":78594,"date":"2021-02-21T19:59:10","date_gmt":"2021-02-21T19:59:10","guid":{"rendered":"https:\/\/www.autonvaraosahaku.fi\/?product=kyb-553358-iskunvaimennin"},"modified":"2021-02-21T19:59:11","modified_gmt":"2021-02-21T19:59:11","slug":"kyb-553358-iskunvaimennin","status":"publish","type":"product","link":"https:\/\/www.autonvaraosahaku.fi\/?product=kyb-553358-iskunvaimennin","title":{"rendered":"KYB 553358 Iskunvaimennin"},"content":{"rendered":"<p>Asennuspuoli: Taka-akseli; Iskunvaimennin tyyppi: Kaasupaine; Iskunvaimennusj\u00e4rjestelm\u00e4: Yksiputki; Iskunvaimennin asennustapa: Silmukka ylh\u00e4\u00e4ll\u00e4, Silmukka alhaalla; Tuotelinja: Gas A Just; Alustarakenne: f\u00fcr Fahrzeuge ohne Sportfahrwerk; FORD: FOCUS II Kombi DA_,FOCUS III Turnier; 1341063, 1348869, 1363150, 1363342, 1363345, 1363951, 1363952, 1368975, 1369952, 1455903, 1468808, 1468813, 1477824, 1477825, 1545024, 1547482, 1575022, 1697748, 1702810, 1726461, 1810120, 1851887, 1866919, 4M5118080AAC, 4M5118080BAC, 4M5118080BAD, 4M5118080BAE, 4M5118080BAF, 4M5118080BAG, 4M5118080BAH, 4M5118080BAJ, 4M5118080BBA, 4M5118080BCA, 4M5118080RAA, 4M5118080RAB, 4M5118080RAC, 4M5118080RAD, 4M5118080RAS, 4M5118K077AA, 4M5118K077AB, 4M5118K077AC, 4M5118K077AD, 4M5118K077AE, 6M5G6500GAB, BV6118080AGA, BV6118080CAC, BV6118080CAD, BV6118080CAE, BV6118080LBA; Iskarit,Iskunvaimennin<\/p>\n","protected":false},"excerpt":{"rendered":"<p>KYB Iskunvaimentimet 553358 Iskarit,Iskunvaimennin FORD,FOCUS II Kombi DA_,FOCUS III Turnier<\/p>\n","protected":false},"featured_media":0,"template":"","meta":{"site-sidebar-layout":"default","site-content-layout":"default","ast-global-header-display":"","ast-main-header-display":"","ast-hfb-above-header-display":"","ast-hfb-below-header-display":"","ast-hfb-mobile-header-display":"","site-post-title":"","ast-breadcrumbs-content":"","ast-featured-img":"","footer-sml-layout":"","theme-transparent-header-meta":"","adv-header-id-meta":"","stick-header-meta":"","header-above-stick-meta":"","header-main-stick-meta":"","header-below-stick-meta":""},"pwb-brand":[226],"product_cat":[80],"product_tag":[],"class_list":{"0":"post-78594","1":"product","2":"type-product","3":"status-publish","5":"pwb-brand-kyb","6":"product_cat-iskunvaimennin","7":"desktop-align-left","8":"tablet-align-left","9":"mobile-align-left","11":"first","12":"instock","13":"product-type-external"},"brands":[{"id":226,"name":"KYB","slug":"kyb"}],"_links":{"self":[{"href":"https:\/\/www.autonvaraosahaku.fi\/index.php?rest_route=\/wp\/v2\/product\/78594","targetHints":{"allow":["GET"]}}],"collection":[{"href":"https:\/\/www.autonvaraosahaku.fi\/index.php?rest_route=\/wp\/v2\/product"}],"about":[{"href":"https:\/\/www.autonvaraosahaku.fi\/index.php?rest_route=\/wp\/v2\/types\/product"}],"wp:attachment":[{"href":"https:\/\/www.autonvaraosahaku.fi\/index.php?rest_route=%2Fwp%2Fv2%2Fmedia&parent=78594"}],"wp:term":[{"taxonomy":"pwb-brand","embeddable":true,"href":"https:\/\/www.autonvaraosahaku.fi\/index.php?rest_route=%2Fwp%2Fv2%2Fpwb-brand&post=78594"},{"taxonomy":"product_cat","embeddable":true,"href":"https:\/\/www.autonvaraosahaku.fi\/index.php?rest_route=%2Fwp%2Fv2%2Fproduct_cat&post=78594"},{"taxonomy":"product_tag","embeddable":true,"href":"https:\/\/www.autonvaraosahaku.fi\/index.php?rest_route=%2Fwp%2Fv2%2Fproduct_tag&post=78594"}],"curies":[{"name":"wp","href":"https:\/\/api.w.org\/{rel}","templated":true}]}}