{"id":78610,"date":"2021-02-21T19:59:17","date_gmt":"2021-02-21T19:59:17","guid":{"rendered":"https:\/\/www.autonvaraosahaku.fi\/?product=skf-vkja-8688-vetonivel"},"modified":"2021-02-21T19:59:17","modified_gmt":"2021-02-21T19:59:17","slug":"skf-vkja-8688-vetonivel","status":"publish","type":"product","link":"https:\/\/www.autonvaraosahaku.fi\/?product=skf-vkja-8688-vetonivel","title":{"rendered":"SKF VKJA 8688 Vetonivel"},"content":{"rendered":"<p>Pituus (mm): 32; Reik\u00e4-\u00d8 [mm]: 8,3; Sis\u00e4hammastus, vaiht. kiinn.: 25; Reikien m\u00e4\u00e4r\u00e4: 6; Ulkol\u00e4pimitta [mm]: 100; Reik\u00e4ympyr\u00e4-\u00d8 [mm]: 86; Nivelmalli: Kumi-\/Hardynivel; Asennuspuoli: getriebeseitig; LANCIA: PRISMA 831AB0; FORD: SCORPIO II GFR, GGR,SCORPIO I GAE, GGE,SIERRA Schr\u00e4gheck GBC,SCORPIO II Kombi GNR, GGR,SCORPIO I Stufenheck GGE,SCORPIO I Kombi GGE,SIERRA Kombi BNC; FIAT: TIPO 160,CROMA 154,TEMPRA 159,TEMPRA S.W. 159; ALFA ROMEO: 155 167; 46307129, 7630645, 7660834, 7771582, 92601388, 4315132, 46307103, 60806930, 7630645, 7660834, 7771582, 82282139, 92601388, 92601892, 9936769, 1493963, 6962754, 72GG4635BA, 4315132, 46307103, 7630645, 7660834, 92601388, 92601892; Nivelsarja, Vetoakseli<\/p>\n","protected":false},"excerpt":{"rendered":"<p>SKF Vetonivel VKJA 8688 Nivelsarja, Vetoakseli LANCIA,FORD,FIAT,PRISMA 831AB0,SCORPIO II GFR, GGR,SCORPIO I GAE, GGE,SIERRA Schr\u00e4gheck GBC<\/p>\n","protected":false},"featured_media":0,"template":"","meta":{"site-sidebar-layout":"default","site-content-layout":"default","ast-global-header-display":"","ast-main-header-display":"","ast-hfb-above-header-display":"","ast-hfb-below-header-display":"","ast-hfb-mobile-header-display":"","site-post-title":"","ast-breadcrumbs-content":"","ast-featured-img":"","footer-sml-layout":"","theme-transparent-header-meta":"","adv-header-id-meta":"","stick-header-meta":"","header-above-stick-meta":"","header-main-stick-meta":"","header-below-stick-meta":""},"pwb-brand":[237],"product_cat":[175],"product_tag":[],"class_list":{"0":"post-78610","1":"product","2":"type-product","3":"status-publish","5":"pwb-brand-skf","6":"product_cat-vetonivel","7":"desktop-align-left","8":"tablet-align-left","9":"mobile-align-left","11":"first","12":"instock","13":"product-type-external"},"brands":[{"id":237,"name":"SKF","slug":"skf"}],"_links":{"self":[{"href":"https:\/\/www.autonvaraosahaku.fi\/index.php?rest_route=\/wp\/v2\/product\/78610","targetHints":{"allow":["GET"]}}],"collection":[{"href":"https:\/\/www.autonvaraosahaku.fi\/index.php?rest_route=\/wp\/v2\/product"}],"about":[{"href":"https:\/\/www.autonvaraosahaku.fi\/index.php?rest_route=\/wp\/v2\/types\/product"}],"wp:attachment":[{"href":"https:\/\/www.autonvaraosahaku.fi\/index.php?rest_route=%2Fwp%2Fv2%2Fmedia&parent=78610"}],"wp:term":[{"taxonomy":"pwb-brand","embeddable":true,"href":"https:\/\/www.autonvaraosahaku.fi\/index.php?rest_route=%2Fwp%2Fv2%2Fpwb-brand&post=78610"},{"taxonomy":"product_cat","embeddable":true,"href":"https:\/\/www.autonvaraosahaku.fi\/index.php?rest_route=%2Fwp%2Fv2%2Fproduct_cat&post=78610"},{"taxonomy":"product_tag","embeddable":true,"href":"https:\/\/www.autonvaraosahaku.fi\/index.php?rest_route=%2Fwp%2Fv2%2Fproduct_tag&post=78610"}],"curies":[{"name":"wp","href":"https:\/\/api.w.org\/{rel}","templated":true}]}}