{"id":78761,"date":"2021-02-21T20:00:09","date_gmt":"2021-02-21T20:00:09","guid":{"rendered":"https:\/\/www.autonvaraosahaku.fi\/?product=trw-jgt430t-iskunvaimennin"},"modified":"2021-02-21T20:00:12","modified_gmt":"2021-02-21T20:00:12","slug":"trw-jgt430t-iskunvaimennin","status":"publish","type":"product","link":"https:\/\/www.autonvaraosahaku.fi\/?product=trw-jgt430t-iskunvaimennin","title":{"rendered":"TRW JGT430T Iskunvaimennin"},"content":{"rendered":"<p>Lukum\u00e4\u00e4r\u00e4 akselille: 1; Asennuspuoli: Taka-akseli; Iskunvaimennin tyyppi: Kaasupaine; Iskunvaimennin malli: Teleskooppi-iskunvaimentaja; Iskunvaimennusj\u00e4rjestelm\u00e4: Kaksiputki; Iskunvaimennin asennustapa: Tappi ylh\u00e4\u00e4ll\u00e4, Silmukka alhaalla; L\u00e4pimitta [mm]: 39; Kierremitta: M10x1,0; Pituus 1 (mm): 575; Pituus 2 (mm): 339; M\u00e4nn\u00e4nvarren l\u00e4pimitta [mm]: 12; Huomioi tekniset tiedot: ; Tuotelinja: TWIN; PR-numerolle: UA3; VW: GOLF VI 5K1; AUDI: A3 8P1,A3 Sportback 8PA; SEAT: ALTEA 5P1,ALTEA XL 5P5, 5P8; 1K0513029DS, 1K0513029DT, 1K0513029EA, 1K0513029EB, 1K0513029EC, 1K0513029ED, 1K0513029EE, 1K0513029EF, 1K0513029FQ, 1K0513029FR, 1K0513029FS, 1K0513029GC, 1K0513029GF, 1K0513029GN, 1K0513029HD, 1K0513029HE, 1K0513029HN, 1K0513029HP, 1K0513029HQ, 8J0513029K, 8J0513029P, 8J0513029Q, 8J0513029S, 8P0513029, 8P0598998, 8P0598998A, 8P0598998B, 8P0598998C, 1K0513029DS, 1K0513029DT, 1K0513029EA, 1K0513029EB, 1K0513029EC, 1K0513029ED, 1K0513029EE, 1K0513029EF, 1K0513029FQ, 1K0513029FR, 1K0513029GC, 1K0513029GN, 8P0513029, 8P0598998, 8P0598998A, 8P0598998B, 8P0598998C, 1K0513029DS, 1K0513029DT, 1K0513029EA, 1K0513029EB, 1K0513029EC, 1K0513029ED, 1K0513029EE, 1K0513029EF, 1K0513029FQ, 1K0513029FR, 1K0513029GC, 1K0513029GN, 8P0513029, 8P0598998, 8P0598998A, 8P0598998B, 8P0598998C, 1K0513029DS, 1K0513029DT, 1K0513029EA, 1K0513029EB, 1K0513029EC, 1K0513029ED, 1K0513029EE, 1K0513029EF, 1K0513029FQ, 1K0513029FR, 1K0513029GC, 1K0513029GN, 8P0513029, 8P0598998, 8P0598998A, 8P0598998B, 8P0598998C; Iskarit,Iskunvaimennin<\/p>\n","protected":false},"excerpt":{"rendered":"<p>TRW Iskunvaimentimet JGT430T Iskarit,Iskunvaimennin VW,AUDI,SEAT,GOLF VI 5K1,A3 8P1,A3 Sportback 8PA,ALTEA 5P1,ALTEA XL 5P5, 5P8<\/p>\n","protected":false},"featured_media":0,"template":"","meta":{"site-sidebar-layout":"default","site-content-layout":"default","ast-global-header-display":"","ast-main-header-display":"","ast-hfb-above-header-display":"","ast-hfb-below-header-display":"","ast-hfb-mobile-header-display":"","site-post-title":"","ast-breadcrumbs-content":"","ast-featured-img":"","footer-sml-layout":"","theme-transparent-header-meta":"","adv-header-id-meta":"","stick-header-meta":"","header-above-stick-meta":"","header-main-stick-meta":"","header-below-stick-meta":""},"pwb-brand":[332],"product_cat":[80],"product_tag":[],"class_list":{"0":"post-78761","1":"product","2":"type-product","3":"status-publish","5":"pwb-brand-trw","6":"product_cat-iskunvaimennin","7":"desktop-align-left","8":"tablet-align-left","9":"mobile-align-left","11":"first","12":"instock","13":"product-type-external"},"brands":[{"id":332,"name":"TRW","slug":"trw"}],"_links":{"self":[{"href":"https:\/\/www.autonvaraosahaku.fi\/index.php?rest_route=\/wp\/v2\/product\/78761","targetHints":{"allow":["GET"]}}],"collection":[{"href":"https:\/\/www.autonvaraosahaku.fi\/index.php?rest_route=\/wp\/v2\/product"}],"about":[{"href":"https:\/\/www.autonvaraosahaku.fi\/index.php?rest_route=\/wp\/v2\/types\/product"}],"wp:attachment":[{"href":"https:\/\/www.autonvaraosahaku.fi\/index.php?rest_route=%2Fwp%2Fv2%2Fmedia&parent=78761"}],"wp:term":[{"taxonomy":"pwb-brand","embeddable":true,"href":"https:\/\/www.autonvaraosahaku.fi\/index.php?rest_route=%2Fwp%2Fv2%2Fpwb-brand&post=78761"},{"taxonomy":"product_cat","embeddable":true,"href":"https:\/\/www.autonvaraosahaku.fi\/index.php?rest_route=%2Fwp%2Fv2%2Fproduct_cat&post=78761"},{"taxonomy":"product_tag","embeddable":true,"href":"https:\/\/www.autonvaraosahaku.fi\/index.php?rest_route=%2Fwp%2Fv2%2Fproduct_tag&post=78761"}],"curies":[{"name":"wp","href":"https:\/\/api.w.org\/{rel}","templated":true}]}}