{"id":78818,"date":"2021-02-21T20:00:32","date_gmt":"2021-02-21T20:00:32","guid":{"rendered":"https:\/\/www.autonvaraosahaku.fi\/?product=vaico-v10-80067-jarrulevyt"},"modified":"2021-02-21T20:00:35","modified_gmt":"2021-02-21T20:00:35","slug":"vaico-v10-80067-jarrulevyt","status":"publish","type":"product","link":"https:\/\/www.autonvaraosahaku.fi\/?product=vaico-v10-80067-jarrulevyt","title":{"rendered":"VAICO V10-80067 Jarrulevyt"},"content":{"rendered":"<p>Vanne, aukkoja: 5; Korkeus (mm): 55,4; Jarrulevytyyppi: Tuuletettu; Jarrulevyn paksuus (mm): 25,1, 25,1; V\u00e4himm\u00e4ispaksuus (mm): 21; Ulkol\u00e4pimitta [mm]: 288; keskitt\u00e4misl\u00e4pimitta [mm]: 68,2; Reik\u00e4ympyr\u00e4-\u00d8 [mm]: 112, 112; Jarrulevyn navan korkeus [mm]: 30; Asennuspuoli: Etuakseli, Etuakseli; Pakkausleveys [cm]: 28,4, 28,4; Pakkauskorkeus [mm]: 5,7, 5,7; Pakkaussyvyys [cm]: 29, 29; Paino [kg]: 7,427; lis\u00e4tieto: CST99; Alustanumeroon: 7M-1-070000; VW: SHARAN 7M8, 7M9, 7M6; SEAT: ALHAMBRA 7V8, 7V9; FORD: GALAXY WGR; 1001093, 1044569, 1045994, 1143640, 1143641, 1526686, 95VWX1125B1D, 95VWX1125BD, 95VWX1125BE, 95VW1125BC, 7M0615301E, 7M0615301G, 7M0615301E, 7M0615301G, 7M0615301E, 7M0615301G; Jarrulevy<\/p>\n","protected":false},"excerpt":{"rendered":"<p>VAICO Jarrulevyt V10-80067 Jarrulevy VW,SEAT,FORD,SHARAN 7M8, 7M9, 7M6,ALHAMBRA 7V8, 7V9,GALAXY WGR<\/p>\n","protected":false},"featured_media":0,"template":"","meta":{"site-sidebar-layout":"default","site-content-layout":"default","ast-global-header-display":"","ast-main-header-display":"","ast-hfb-above-header-display":"","ast-hfb-below-header-display":"","ast-hfb-mobile-header-display":"","site-post-title":"","ast-breadcrumbs-content":"","ast-featured-img":"","footer-sml-layout":"","theme-transparent-header-meta":"","adv-header-id-meta":"","stick-header-meta":"","header-above-stick-meta":"","header-main-stick-meta":"","header-below-stick-meta":""},"pwb-brand":[330],"product_cat":[66],"product_tag":[],"class_list":{"0":"post-78818","1":"product","2":"type-product","3":"status-publish","5":"pwb-brand-vaico","6":"product_cat-jarrulevyt","7":"desktop-align-left","8":"tablet-align-left","9":"mobile-align-left","11":"first","12":"instock","13":"product-type-external"},"brands":[{"id":330,"name":"VAICO","slug":"vaico"}],"_links":{"self":[{"href":"https:\/\/www.autonvaraosahaku.fi\/index.php?rest_route=\/wp\/v2\/product\/78818","targetHints":{"allow":["GET"]}}],"collection":[{"href":"https:\/\/www.autonvaraosahaku.fi\/index.php?rest_route=\/wp\/v2\/product"}],"about":[{"href":"https:\/\/www.autonvaraosahaku.fi\/index.php?rest_route=\/wp\/v2\/types\/product"}],"wp:attachment":[{"href":"https:\/\/www.autonvaraosahaku.fi\/index.php?rest_route=%2Fwp%2Fv2%2Fmedia&parent=78818"}],"wp:term":[{"taxonomy":"pwb-brand","embeddable":true,"href":"https:\/\/www.autonvaraosahaku.fi\/index.php?rest_route=%2Fwp%2Fv2%2Fpwb-brand&post=78818"},{"taxonomy":"product_cat","embeddable":true,"href":"https:\/\/www.autonvaraosahaku.fi\/index.php?rest_route=%2Fwp%2Fv2%2Fproduct_cat&post=78818"},{"taxonomy":"product_tag","embeddable":true,"href":"https:\/\/www.autonvaraosahaku.fi\/index.php?rest_route=%2Fwp%2Fv2%2Fproduct_tag&post=78818"}],"curies":[{"name":"wp","href":"https:\/\/api.w.org\/{rel}","templated":true}]}}