{"id":79608,"date":"2021-02-21T20:05:19","date_gmt":"2021-02-21T20:05:19","guid":{"rendered":"https:\/\/www.autonvaraosahaku.fi\/?product=hella-5da-193-175-691-sytytyspuola"},"modified":"2021-02-21T20:05:26","modified_gmt":"2021-02-21T20:05:26","slug":"hella-5da-193-175-691-sytytyspuola","status":"publish","type":"product","link":"https:\/\/www.autonvaraosahaku.fi\/?product=hella-5da-193-175-691-sytytyspuola","title":{"rendered":"HELLA 5DA 193 175-691 Sytytyspuola"},"content":{"rendered":"<p>Asennusmalli: Poltti\/ruuvi; Kiinnitysreikien lukum\u00e4\u00e4r\u00e4: 4; Nimellisj\u00e4nnite (V): 12; Napojen m\u00e4\u00e4r\u00e4: 3; Sytytyspuola: Suorasytytyspuolamoduuli; TECDOC-moottorinumero: 135; KIA: SPORTAGE K00; HONDA: ACCORD VI CG, CK,ACCORD VI Hatchback CH; LAND ROVER: DISCOVERY II LJ, LT,RANGE ROVER II LP; LANCIA: Y 840A,KAPPA 838A,THEMA 834,DELTA II 836,KAPPA SW 838B,DEDRA 835,Y10 156,THEMA SW 834; ALFA ROMEO: 164 164,145 930,155 167,146 930; FIAT: PUNTO 188,PUNTO 176,BRAVO I 182,BRAVA 182,SCUDO Kasten 220L,MAREA Weekend 185,SCUDO Combinato 220P,PALIO Weekend 178DX,FIORINO Kasten 146,TIPO 160,CROMA 154,MAREA 185,TEMPRA 159,TEMPRA S.W. 159,FIORINO Pick up 146,SIENA 178_; CITRO\u00cbN: JUMPY U6U,JUMPY Kasten BS_, BT_, BY_, BZ_; PEUGEOT: EXPERT Kasten 222,EXPERT 224,EXPERT Pritsche\/Fahrgestell 223; 60558152, 60586072, 60809606, 7648797, 76487970, 597053, 6000581617, 134386, 60558152, 60809606, 7648797, 30520PDFE00, 0K01118100, OK01118100, 60558152, 60809606, 7648797, 597053, ERR6045<\/p>\n","protected":false},"excerpt":{"rendered":"<p>HELLA Sytytyspuola 5DA 193 175-691  KIA,HONDA,LAND ROVER,SPORTAGE K00,ACCORD VI CG, CK,ACCORD VI Hatchback CH,DISCOVERY II LJ, LT,RANGE ROVER II LP<\/p>\n","protected":false},"featured_media":0,"template":"","meta":{"site-sidebar-layout":"default","site-content-layout":"default","ast-global-header-display":"","ast-main-header-display":"","ast-hfb-above-header-display":"","ast-hfb-below-header-display":"","ast-hfb-mobile-header-display":"","site-post-title":"","ast-breadcrumbs-content":"","ast-featured-img":"","footer-sml-layout":"","theme-transparent-header-meta":"","adv-header-id-meta":"","stick-header-meta":"","header-above-stick-meta":"","header-main-stick-meta":"","header-below-stick-meta":""},"pwb-brand":[24],"product_cat":[25],"product_tag":[],"class_list":{"0":"post-79608","1":"product","2":"type-product","3":"status-publish","5":"pwb-brand-hella","6":"product_cat-sytytyspuola","7":"desktop-align-left","8":"tablet-align-left","9":"mobile-align-left","11":"first","12":"instock","13":"product-type-external"},"brands":[{"id":24,"name":"HELLA","slug":"hella"}],"_links":{"self":[{"href":"https:\/\/www.autonvaraosahaku.fi\/index.php?rest_route=\/wp\/v2\/product\/79608","targetHints":{"allow":["GET"]}}],"collection":[{"href":"https:\/\/www.autonvaraosahaku.fi\/index.php?rest_route=\/wp\/v2\/product"}],"about":[{"href":"https:\/\/www.autonvaraosahaku.fi\/index.php?rest_route=\/wp\/v2\/types\/product"}],"wp:attachment":[{"href":"https:\/\/www.autonvaraosahaku.fi\/index.php?rest_route=%2Fwp%2Fv2%2Fmedia&parent=79608"}],"wp:term":[{"taxonomy":"pwb-brand","embeddable":true,"href":"https:\/\/www.autonvaraosahaku.fi\/index.php?rest_route=%2Fwp%2Fv2%2Fpwb-brand&post=79608"},{"taxonomy":"product_cat","embeddable":true,"href":"https:\/\/www.autonvaraosahaku.fi\/index.php?rest_route=%2Fwp%2Fv2%2Fproduct_cat&post=79608"},{"taxonomy":"product_tag","embeddable":true,"href":"https:\/\/www.autonvaraosahaku.fi\/index.php?rest_route=%2Fwp%2Fv2%2Fproduct_tag&post=79608"}],"curies":[{"name":"wp","href":"https:\/\/api.w.org\/{rel}","templated":true}]}}