{"id":79669,"date":"2021-02-21T20:05:42","date_gmt":"2021-02-21T20:05:42","guid":{"rendered":"https:\/\/www.autonvaraosahaku.fi\/?product=ate-03-6855-1202-4-jarrutehostin"},"modified":"2021-02-21T20:05:48","modified_gmt":"2021-02-21T20:05:48","slug":"ate-03-6855-1202-4-jarrutehostin","status":"publish","type":"product","link":"https:\/\/www.autonvaraosahaku.fi\/?product=ate-03-6855-1202-4-jarrutehostin","title":{"rendered":"ATE 03.6855-1202.4 Jarrutehostin"},"content":{"rendered":"<p>Tunnusluku: T52 Tandem; L\u00e4pimitta [Zoll]: 9; K\u00e4ytt\u00f6: Pneumaattinen; Jarruj\u00e4rjestelm\u00e4: ATE; Erikoismalli: ; MERCEDES-BENZ: SL R107,Stufenheck W123,S-CLASS W126,S-CLASS W108, W109,S-CLASS W116,COUPE W111,S-CLASS Coupe C126,SL Coupe C107,CABRIOLET W111; 0004309530, 0014308430, 0024304430, 0024306830, A0004309530, A0014308430, A0024304430, A0024306830<\/p>\n","protected":false},"excerpt":{"rendered":"<p>ATE Jarrutehostin 03.6855-1202.4  MERCEDES-BENZ,SL R107,Stufenheck W123,S-CLASS W126,S-CLASS W108, W109,S-CLASS W116,COUPE W111,S-CLASS Coupe C126<\/p>\n","protected":false},"featured_media":0,"template":"","meta":{"site-sidebar-layout":"default","site-content-layout":"default","ast-global-header-display":"","ast-main-header-display":"","ast-hfb-above-header-display":"","ast-hfb-below-header-display":"","ast-hfb-mobile-header-display":"","site-post-title":"","ast-breadcrumbs-content":"","ast-featured-img":"","footer-sml-layout":"","theme-transparent-header-meta":"","adv-header-id-meta":"","stick-header-meta":"","header-above-stick-meta":"","header-main-stick-meta":"","header-below-stick-meta":""},"pwb-brand":[108],"product_cat":[510],"product_tag":[],"class_list":{"0":"post-79669","1":"product","2":"type-product","3":"status-publish","5":"pwb-brand-ate","6":"product_cat-jarrutehostin","7":"desktop-align-left","8":"tablet-align-left","9":"mobile-align-left","11":"first","12":"instock","13":"product-type-external"},"brands":[{"id":108,"name":"ATE","slug":"ate"}],"_links":{"self":[{"href":"https:\/\/www.autonvaraosahaku.fi\/index.php?rest_route=\/wp\/v2\/product\/79669","targetHints":{"allow":["GET"]}}],"collection":[{"href":"https:\/\/www.autonvaraosahaku.fi\/index.php?rest_route=\/wp\/v2\/product"}],"about":[{"href":"https:\/\/www.autonvaraosahaku.fi\/index.php?rest_route=\/wp\/v2\/types\/product"}],"wp:attachment":[{"href":"https:\/\/www.autonvaraosahaku.fi\/index.php?rest_route=%2Fwp%2Fv2%2Fmedia&parent=79669"}],"wp:term":[{"taxonomy":"pwb-brand","embeddable":true,"href":"https:\/\/www.autonvaraosahaku.fi\/index.php?rest_route=%2Fwp%2Fv2%2Fpwb-brand&post=79669"},{"taxonomy":"product_cat","embeddable":true,"href":"https:\/\/www.autonvaraosahaku.fi\/index.php?rest_route=%2Fwp%2Fv2%2Fproduct_cat&post=79669"},{"taxonomy":"product_tag","embeddable":true,"href":"https:\/\/www.autonvaraosahaku.fi\/index.php?rest_route=%2Fwp%2Fv2%2Fproduct_tag&post=79669"}],"curies":[{"name":"wp","href":"https:\/\/api.w.org\/{rel}","templated":true}]}}