{"id":7982,"date":"2021-02-21T14:01:45","date_gmt":"2021-02-21T14:01:45","guid":{"rendered":"https:\/\/www.autonvaraosahaku.fi\/?product=febest-0125-avn-alatukivarsi"},"modified":"2021-02-21T14:01:45","modified_gmt":"2021-02-21T14:01:45","slug":"febest-0125-avn-alatukivarsi","status":"publish","type":"product","link":"https:\/\/www.autonvaraosahaku.fi\/?product=febest-0125-avn-alatukivarsi","title":{"rendered":"FEBEST 0125-AVN Alatukivarsi"},"content":{"rendered":"<p>Asennuspuoli: Poikittainen (vino), Taka-akseli; Paino [kg]: 1,26; Ohjausmalli: Poikittaistukivarsi; M\u00e4\u00e4r\u00e4: 1; Pakkausleveys [cm]: 8,8; Pakkauskorkeus [mm]: 4,8, 4,8; Vaihteistomalli: AT; TOYOTA: AVENSIS Kombi T25,AVENSIS T25_,AVENSIS Stufenheck T25; 4872005020, 4872005030; Tukivarsi,Tukivarsi, Py\u00f6r\u00e4ntuenta<\/p>\n","protected":false},"excerpt":{"rendered":"<p>FEBEST Alatukivarsi 0125-AVN Tukivarsi,Tukivarsi, Py\u00f6r\u00e4ntuenta TOYOTA,AVENSIS Kombi T25,AVENSIS T25_,AVENSIS Stufenheck T25<\/p>\n","protected":false},"featured_media":0,"template":"","meta":{"site-sidebar-layout":"default","site-content-layout":"default","ast-global-header-display":"","ast-main-header-display":"","ast-hfb-above-header-display":"","ast-hfb-below-header-display":"","ast-hfb-mobile-header-display":"","site-post-title":"","ast-breadcrumbs-content":"","ast-featured-img":"","footer-sml-layout":"","theme-transparent-header-meta":"","adv-header-id-meta":"","stick-header-meta":"","header-above-stick-meta":"","header-main-stick-meta":"","header-below-stick-meta":""},"pwb-brand":[152],"product_cat":[62],"product_tag":[],"class_list":{"0":"post-7982","1":"product","2":"type-product","3":"status-publish","5":"pwb-brand-febest","6":"product_cat-alatukivarsi","7":"desktop-align-left","8":"tablet-align-left","9":"mobile-align-left","11":"first","12":"instock","13":"product-type-external"},"brands":[{"id":152,"name":"FEBEST","slug":"febest"}],"_links":{"self":[{"href":"https:\/\/www.autonvaraosahaku.fi\/index.php?rest_route=\/wp\/v2\/product\/7982","targetHints":{"allow":["GET"]}}],"collection":[{"href":"https:\/\/www.autonvaraosahaku.fi\/index.php?rest_route=\/wp\/v2\/product"}],"about":[{"href":"https:\/\/www.autonvaraosahaku.fi\/index.php?rest_route=\/wp\/v2\/types\/product"}],"wp:attachment":[{"href":"https:\/\/www.autonvaraosahaku.fi\/index.php?rest_route=%2Fwp%2Fv2%2Fmedia&parent=7982"}],"wp:term":[{"taxonomy":"pwb-brand","embeddable":true,"href":"https:\/\/www.autonvaraosahaku.fi\/index.php?rest_route=%2Fwp%2Fv2%2Fpwb-brand&post=7982"},{"taxonomy":"product_cat","embeddable":true,"href":"https:\/\/www.autonvaraosahaku.fi\/index.php?rest_route=%2Fwp%2Fv2%2Fproduct_cat&post=7982"},{"taxonomy":"product_tag","embeddable":true,"href":"https:\/\/www.autonvaraosahaku.fi\/index.php?rest_route=%2Fwp%2Fv2%2Fproduct_tag&post=7982"}],"curies":[{"name":"wp","href":"https:\/\/api.w.org\/{rel}","templated":true}]}}