{"id":79904,"date":"2021-02-21T20:07:10","date_gmt":"2021-02-21T20:07:10","guid":{"rendered":"https:\/\/www.autonvaraosahaku.fi\/?product=vaico-v64-0002-oljynsuodatin"},"modified":"2021-02-21T20:07:14","modified_gmt":"2021-02-21T20:07:14","slug":"vaico-v64-0002-oljynsuodatin","status":"publish","type":"product","link":"https:\/\/www.autonvaraosahaku.fi\/?product=vaico-v64-0002-oljynsuodatin","title":{"rendered":"VAICO V64-0002 \u00d6ljynsuodatin"},"content":{"rendered":"<p>L\u00e4pimitta [mm]: 67; Suodatintyyppi: Ruuvattava suodatin; Korkeus (mm): 90; Kierremitta: 3\/4-16 UNF; Sis\u00e4l\u00e4pimitta 1 [mm]: 54; Sis\u00e4l\u00e4pimitta 2 [mm]: 62; Avauspaine ohitusventtiili [bar]: 1; Ulkol\u00e4pimitta [mm]: 66; Korvaava tuote\/korvaava tiedote 2: yhdell\u00e4 peruutuksenestoventtiilill\u00e4; Paino [kg]: 0,24; Pakkausleveys [cm]: 7,4; Pakkauskorkeus [mm]: 10,3; Pakkaussyvyys [cm]: 7,4; lis\u00e4tieto: CST99; Valmistusvuosi alkaen: 09\/2009; SUZUKI: SWIFT III MZ, EZ,JIMNY FJ,GRAND VITARA II JT,SX4 EY, GY,SAMURAI SJ,GRAND VITARA I FT,WAGON R+ MM,IGNIS FH,IGNIS II,SWIFT II Schr\u00e4gheck EA, MA,VITARA ET, TA,VITARA Cabrio ET, TA,LIANA Schr\u00e4gheck,SJ 413,LIANA ER,KIZASHI FR,BALENO Kombi EG,BALENO EG,SX4 Stufenheck GY,BALENO Schr\u00e4gheck EG,SJ 410 Cabrio,SJ 410,X-90 EL; SUBARU: JUSTY III G3X; TOYOTA: AVENSIS Kombi T25,RAV 4 III ACA3_, ACE_, ALA3_, GSA3_, ZSA3_,RAV 4 II CLA2_, XA2_, ZCA2_, ACA2_,COROLLA ZZE12_, NDE12_, ZDE12_,AVENSIS T25_,AVENSIS Stufenheck T25,AVENSIS _T22_,AVENSIS Station Wagon _T22_,CELICA ZZT23_,AVENSIS Stufenheck ZRT27, ADT27,PREVIA MCR3_, ACR3_, CLR3_,AVENSIS Liftback _T22_,AVENSIS VERSO _CLM2_, _ACM2_,MR 2 II SW2_,CELICA ST20_, AT20_,CELICA Coupe AT18_, ST18_,CAMRY MCV3_, ACV3_, _XV3_,HILUX V Pick-up LN_, KZN1_, VZN1_,COROLLA Liftback _E9_,MR 2 I AW1_,COROLLA Compact _E9_,CELICA Liftback ST16_, AT16_,CAMRY Stufenheck _XV4_,COROLLA _E9_,PREVIA III ACR5_, GSR5_,CELICA AT16_, ST16_,LITEACE Bus _R2_LG,ALPHARD ATH1_, MNH1_, ANH1_; FIAT: SEDICI; J9091510002, 71742115, 71746761, 71747593, 71768154, J9091510002, J9091510002, 16510085C00, 1651060M11000, 1651061A00, 1651061A01, 1651061A02, 1651061A20, 1651061A20MHL, 1651061A21, 1651061A21000, 1651061A21MHL, 1651061A30, 1651061A31, 1651085C00, 0892202001, 0892202002, 1560176008, 156017600871, 892202001, 892202002, 9008091210, 9091503004, 9091510002, 9091510004, 90915CA001, 90915TA002, 90915YZZA1, 90915YZZF1, 90915YZZJ2, J9091510002<\/p>\n","protected":false},"excerpt":{"rendered":"<p>VAICO \u00d6ljynsuodatin V64-0002  SUZUKI,SUBARU,TOYOTA,SWIFT III MZ, EZ,JIMNY FJ,GRAND VITARA II JT,SX4 EY, GY,SAMURAI SJ,GRAND VITARA I FT,WAGON R+ MM<\/p>\n","protected":false},"featured_media":0,"template":"","meta":{"site-sidebar-layout":"default","site-content-layout":"default","ast-global-header-display":"","ast-main-header-display":"","ast-hfb-above-header-display":"","ast-hfb-below-header-display":"","ast-hfb-mobile-header-display":"","site-post-title":"","ast-breadcrumbs-content":"","ast-featured-img":"","footer-sml-layout":"","theme-transparent-header-meta":"","adv-header-id-meta":"","stick-header-meta":"","header-above-stick-meta":"","header-main-stick-meta":"","header-below-stick-meta":""},"pwb-brand":[330],"product_cat":[30],"product_tag":[],"class_list":{"0":"post-79904","1":"product","2":"type-product","3":"status-publish","5":"pwb-brand-vaico","6":"product_cat-oljynsuodatin","7":"desktop-align-left","8":"tablet-align-left","9":"mobile-align-left","11":"first","12":"instock","13":"product-type-external"},"brands":[{"id":330,"name":"VAICO","slug":"vaico"}],"_links":{"self":[{"href":"https:\/\/www.autonvaraosahaku.fi\/index.php?rest_route=\/wp\/v2\/product\/79904","targetHints":{"allow":["GET"]}}],"collection":[{"href":"https:\/\/www.autonvaraosahaku.fi\/index.php?rest_route=\/wp\/v2\/product"}],"about":[{"href":"https:\/\/www.autonvaraosahaku.fi\/index.php?rest_route=\/wp\/v2\/types\/product"}],"wp:attachment":[{"href":"https:\/\/www.autonvaraosahaku.fi\/index.php?rest_route=%2Fwp%2Fv2%2Fmedia&parent=79904"}],"wp:term":[{"taxonomy":"pwb-brand","embeddable":true,"href":"https:\/\/www.autonvaraosahaku.fi\/index.php?rest_route=%2Fwp%2Fv2%2Fpwb-brand&post=79904"},{"taxonomy":"product_cat","embeddable":true,"href":"https:\/\/www.autonvaraosahaku.fi\/index.php?rest_route=%2Fwp%2Fv2%2Fproduct_cat&post=79904"},{"taxonomy":"product_tag","embeddable":true,"href":"https:\/\/www.autonvaraosahaku.fi\/index.php?rest_route=%2Fwp%2Fv2%2Fproduct_tag&post=79904"}],"curies":[{"name":"wp","href":"https:\/\/api.w.org\/{rel}","templated":true}]}}