{"id":79995,"date":"2021-02-21T20:07:47","date_gmt":"2021-02-21T20:07:47","guid":{"rendered":"https:\/\/www.autonvaraosahaku.fi\/?product=swag-30-93-1253-tukivarren-hela"},"modified":"2021-02-21T20:07:49","modified_gmt":"2021-02-21T20:07:49","slug":"swag-30-93-1253-tukivarren-hela","status":"publish","type":"product","link":"https:\/\/www.autonvaraosahaku.fi\/?product=swag-30-93-1253-tukivarren-hela","title":{"rendered":"SWAG 30 93 1253 Tukivarren hela"},"content":{"rendered":"<p>Paksuus [mm]: 51,0; Sis\u00e4l\u00e4pimitta [mm]: 21,0; Ulkol\u00e4pimitta [mm]: 63,0, 71,0; Materiaali: Muovi, Kumi-metalli; Asennuspuoli: Alla, etuakseli molemminpuoleinen, Takana; Paino [kg]: 0,12; Huomioi huolto-ohjeet: , ; Alustarakenne: f\u00fcr Fahrzeuge mit Standard Fahrwerk; VW: GOLF V 1K1,POLO 9N_,TOURAN 1T1, 1T2,GOLF VI 5K1,GOLF PLUS 5M1, 521,CADDY III Kombi 2KB, 2KJ, 2CB, 2CJ,TOURAN 1T3,FOX 5Z1, 5Z3,GOLF VI Variant AJ5,GOLF V Variant 1K5,CADDY III Kasten 2KA, 2KH, 2CA, 2CH,EOS 1F7, 1F8,SCIROCCO 137, 138,JETTA III 1K2,GOLF VI Cabriolet 517,POLO Stufenheck 9A4,LUPO 5Z1,POLO Stufenheck 9N4; AUDI: A3 8P1,A3 Sportback 8PA,A3 Cabriolet 8P7; SKODA: OCTAVIA Combi 1Z5,FABIA Combi 6Y5,FABIA,FABIA 6Y2,FABIA Combi,ROOMSTER 5J,YETI 5L,SUPERB Kombi 3T5,OCTAVIA 1Z3,SUPERB 3T4,FABIA Stufenheck 6Y3,ROOMSTER Praktik 5J,FABIA Praktik; SEAT: IBIZA IV 6L1,LEON 1P1,ALTEA 5P1,CORDOBA 6L2; 1K0199231J, 1K0199231JSK, 1K0199232J, 1K0199232JSK, 1K0407183E, 3C0199321A, 3C0199321ASK, 3C0199321B, 3C0199321BSK, 3C0199321D, 3C0199321DSK, 3C0199321E, 3C0199321ESK, 6Q0407183, 6Q0407183A, 6Q0407183B, 1K0199231J, 1K0199231JSK, 1K0199232J, 1K0199232JSK, 1K0407183E, 3C0199321A, 3C0199321ASK, 3C0199321B, 3C0199321BSK, 3C0199321D, 3C0199321DSK, 3C0199321E, 3C0199321ESK, 6Q0407183, 6Q0407183A, 6Q0407183B, 1K0199231J, 1K0199231JSK, 1K0199232J, 1K0199232JSK, 1K0407183E, 3C0199321A, 3C0199321ASK, 3C0199321B, 3C0199321BSK, 3C0199321C, 3C0199321CSK, 3C0199321E, 3C0199321ESK, 6Q0407183, 6Q0407183A, 6Q0407183B, 1K0199231J, 1K0199231JSK, 1K0199232J, 1K0199232JSK, 1K0407183E, 3C0199321A, 3C0199321ASK, 3C0199321B, 3C0199321BSK, 3C0199321D, 3C0199321DSK, 3C0199321E, 3C0199321ESK, 6Q0407183, 6Q0407183A, 6Q0407183B<\/p>\n","protected":false},"excerpt":{"rendered":"<p>SWAG Tukivarren Hela 30 93 1253  VW,AUDI,SKODA,GOLF V 1K1,POLO 9N_,TOURAN 1T1, 1T2,GOLF VI 5K1,GOLF PLUS 5M1, 521,CADDY III Kombi 2KB, 2KJ, 2CB, 2CJ<\/p>\n","protected":false},"featured_media":0,"template":"","meta":{"site-sidebar-layout":"default","site-content-layout":"default","ast-global-header-display":"","ast-main-header-display":"","ast-hfb-above-header-display":"","ast-hfb-below-header-display":"","ast-hfb-mobile-header-display":"","site-post-title":"","ast-breadcrumbs-content":"","ast-featured-img":"","footer-sml-layout":"","theme-transparent-header-meta":"","adv-header-id-meta":"","stick-header-meta":"","header-above-stick-meta":"","header-main-stick-meta":"","header-below-stick-meta":""},"pwb-brand":[103],"product_cat":[115],"product_tag":[],"class_list":{"0":"post-79995","1":"product","2":"type-product","3":"status-publish","5":"pwb-brand-swag","6":"product_cat-tukivarren-hela","7":"desktop-align-left","8":"tablet-align-left","9":"mobile-align-left","11":"first","12":"instock","13":"product-type-external"},"brands":[{"id":103,"name":"SWAG","slug":"swag"}],"_links":{"self":[{"href":"https:\/\/www.autonvaraosahaku.fi\/index.php?rest_route=\/wp\/v2\/product\/79995","targetHints":{"allow":["GET"]}}],"collection":[{"href":"https:\/\/www.autonvaraosahaku.fi\/index.php?rest_route=\/wp\/v2\/product"}],"about":[{"href":"https:\/\/www.autonvaraosahaku.fi\/index.php?rest_route=\/wp\/v2\/types\/product"}],"wp:attachment":[{"href":"https:\/\/www.autonvaraosahaku.fi\/index.php?rest_route=%2Fwp%2Fv2%2Fmedia&parent=79995"}],"wp:term":[{"taxonomy":"pwb-brand","embeddable":true,"href":"https:\/\/www.autonvaraosahaku.fi\/index.php?rest_route=%2Fwp%2Fv2%2Fpwb-brand&post=79995"},{"taxonomy":"product_cat","embeddable":true,"href":"https:\/\/www.autonvaraosahaku.fi\/index.php?rest_route=%2Fwp%2Fv2%2Fproduct_cat&post=79995"},{"taxonomy":"product_tag","embeddable":true,"href":"https:\/\/www.autonvaraosahaku.fi\/index.php?rest_route=%2Fwp%2Fv2%2Fproduct_tag&post=79995"}],"curies":[{"name":"wp","href":"https:\/\/api.w.org\/{rel}","templated":true}]}}