{"id":80049,"date":"2021-02-21T20:08:02","date_gmt":"2021-02-21T20:08:02","guid":{"rendered":"https:\/\/www.autonvaraosahaku.fi\/?product=meyle-100-800-0072-lasinnostimen-kytkin"},"modified":"2021-02-21T20:08:08","modified_gmt":"2021-02-21T20:08:08","slug":"meyle-100-800-0072-lasinnostimen-kytkin","status":"publish","type":"product","link":"https:\/\/www.autonvaraosahaku.fi\/?product=meyle-100-800-0072-lasinnostimen-kytkin","title":{"rendered":"MEYLE 100 800 0072 Lasinnostimen kytkin"},"content":{"rendered":"<p>J\u00e4nnite (V): 12; Varusteet: ajoneuvoille s\u00e4hk\u00f6-ikkunahisseill\u00e4; V\u00e4ri: Musta; Napojen m\u00e4\u00e4r\u00e4: 6; Asennuspuoli: Edess\u00e4, Molemminpuolin, Takana; lis\u00e4tieto: ORIGINAL Quality; Valmistusvuosi alkaen: 01\/1984; VW: POLO 6N1,GOLF II 19E, 1G1,CADDY II Kasten 9K9A,POLO Variant 6KV5,POLO CLASSIC 6KV2,LT 28-35 I Kasten 281-363,LT 28-35 I Bus 281-363,JETTA II 19E, 1G2, 165,POLO Kasten 6NF,LT 28-35 I Pritsche\/Fahrgestell 281-363,CADDY II Kombi 9K9B,CADDY II Pick-up 9U7; SEAT: IBIZA II 6K1,CORDOBA 6K1, 6K2,CORDOBA Vario 6K1; 191959855, 191959855, 19195985501C; Kytkin, Lasinnostin<\/p>\n","protected":false},"excerpt":{"rendered":"<p>MEYLE Lasinnostimen Kytkin 100 800 0072 Kytkin, Lasinnostin VW,SEAT,POLO 6N1,GOLF II 19E, 1G1,CADDY II Kasten 9K9A,POLO Variant 6KV5,POLO CLASSIC 6KV2<\/p>\n","protected":false},"featured_media":0,"template":"","meta":{"site-sidebar-layout":"default","site-content-layout":"default","ast-global-header-display":"","ast-main-header-display":"","ast-hfb-above-header-display":"","ast-hfb-below-header-display":"","ast-hfb-mobile-header-display":"","site-post-title":"","ast-breadcrumbs-content":"","ast-featured-img":"","footer-sml-layout":"","theme-transparent-header-meta":"","adv-header-id-meta":"","stick-header-meta":"","header-above-stick-meta":"","header-main-stick-meta":"","header-below-stick-meta":""},"pwb-brand":[84],"product_cat":[135],"product_tag":[],"class_list":{"0":"post-80049","1":"product","2":"type-product","3":"status-publish","5":"pwb-brand-meyle","6":"product_cat-lasinnostimen-kytkin","7":"desktop-align-left","8":"tablet-align-left","9":"mobile-align-left","11":"first","12":"instock","13":"product-type-external"},"brands":[{"id":84,"name":"MEYLE","slug":"meyle"}],"_links":{"self":[{"href":"https:\/\/www.autonvaraosahaku.fi\/index.php?rest_route=\/wp\/v2\/product\/80049","targetHints":{"allow":["GET"]}}],"collection":[{"href":"https:\/\/www.autonvaraosahaku.fi\/index.php?rest_route=\/wp\/v2\/product"}],"about":[{"href":"https:\/\/www.autonvaraosahaku.fi\/index.php?rest_route=\/wp\/v2\/types\/product"}],"wp:attachment":[{"href":"https:\/\/www.autonvaraosahaku.fi\/index.php?rest_route=%2Fwp%2Fv2%2Fmedia&parent=80049"}],"wp:term":[{"taxonomy":"pwb-brand","embeddable":true,"href":"https:\/\/www.autonvaraosahaku.fi\/index.php?rest_route=%2Fwp%2Fv2%2Fpwb-brand&post=80049"},{"taxonomy":"product_cat","embeddable":true,"href":"https:\/\/www.autonvaraosahaku.fi\/index.php?rest_route=%2Fwp%2Fv2%2Fproduct_cat&post=80049"},{"taxonomy":"product_tag","embeddable":true,"href":"https:\/\/www.autonvaraosahaku.fi\/index.php?rest_route=%2Fwp%2Fv2%2Fproduct_tag&post=80049"}],"curies":[{"name":"wp","href":"https:\/\/api.w.org\/{rel}","templated":true}]}}