{"id":80160,"date":"2021-02-21T20:08:47","date_gmt":"2021-02-21T20:08:47","guid":{"rendered":"https:\/\/www.autonvaraosahaku.fi\/?product=hjs-83-43-7838-pakosarjan-tiivisteet"},"modified":"2021-02-21T20:08:50","modified_gmt":"2021-02-21T20:08:50","slug":"hjs-83-43-7838-pakosarjan-tiivisteet","status":"publish","type":"product","link":"https:\/\/www.autonvaraosahaku.fi\/?product=hjs-83-43-7838-pakosarjan-tiivisteet","title":{"rendered":"HJS 83 43 7838 Pakosarjan tiivisteet"},"content":{"rendered":"<p>Sis\u00e4l\u00e4pimitta [mm]: 60; Ulkol\u00e4pimitta [mm]: 69; Korkeus (mm): 4,6; Pakoputkisto: f\u00fcr Abgasrohr; NISSAN: NAVARA D40,PATHFINDER R51,X-TRAIL T31,NAVARA Pritsche\/Fahrgestell D40,MAXIMA QX A33,MAXIMA QX A32,MAXIMA II J30; HONDA: CIVIC VI Hatchback EJ, EK,ACCORD VI CG, CK,CIVIC VI Fastback MA, MB,CIVIC VI Aerodeck MB, MC,HR-V GH,CRX II ED, EE,CIVIC V Hatchback EG,CIVIC IV Hatchback EC, ED, EE,CIVIC VI Stufenheck EJ, EK,PRELUDE IV BB,CIVIC VI Coupe EJ, EM1,CIVIC V Coupe EJ,PRELUDE III BA,CIVIC V Stufenheck EG, EH,LEGEND III KA9,CONCERTO HW,CIVIC IV Stufenheck ED,ACCORD III CA,LEGEND II Coupe KA8,JAZZ I AA,CIVIC III Hatchback AL, AJ, AG, AH,ACCORD III Aerodeck CA,LEGEND II KA7,PRELUDE I Coupe SN,CIVIC II Schr\u00e4gheck SS, SL,LEGEND I Coupe KA3,ACCORD I Hatchback SJ, SY,CIVIC II Shuttle EE,ACCORD I SJ, SY,CIVIC I Stufenheck SF,CIVIC I Shuttle AN, AR,LEGEND I HS, KA,ACCORD II Hatchback AC, AD,ACCORD II AC, AD,QUINTET SU; ROVER: 200 XH; FORD: MONDEO III Kombi BWY,MONDEO III B5Y,MONDEO III Stufenheck B4Y; 18212659000, 18212671003, 18212671600, 18212671S00, 18212SA0003, 18212SF9003, 18212SG9000, C2S26947, 2069119U00, 2069138U00, 2069185E00, GEG751<\/p>\n","protected":false},"excerpt":{"rendered":"<p>HJS Tiivisterengas, Pakoputki 83 43 7838  NISSAN,HONDA,ROVER,NAVARA D40,PATHFINDER R51,X-TRAIL T31,NAVARA Pritsche\/Fahrgestell D40,MAXIMA QX A33<\/p>\n","protected":false},"featured_media":0,"template":"","meta":{"site-sidebar-layout":"default","site-content-layout":"default","ast-global-header-display":"","ast-main-header-display":"","ast-hfb-above-header-display":"","ast-hfb-below-header-display":"","ast-hfb-mobile-header-display":"","site-post-title":"","ast-breadcrumbs-content":"","ast-featured-img":"","footer-sml-layout":"","theme-transparent-header-meta":"","adv-header-id-meta":"","stick-header-meta":"","header-above-stick-meta":"","header-main-stick-meta":"","header-below-stick-meta":""},"pwb-brand":[344],"product_cat":[123],"product_tag":[],"class_list":{"0":"post-80160","1":"product","2":"type-product","3":"status-publish","5":"pwb-brand-hjs","6":"product_cat-pakosarjan-tiivisteet","7":"desktop-align-left","8":"tablet-align-left","9":"mobile-align-left","11":"first","12":"instock","13":"product-type-external"},"brands":[{"id":344,"name":"HJS","slug":"hjs"}],"_links":{"self":[{"href":"https:\/\/www.autonvaraosahaku.fi\/index.php?rest_route=\/wp\/v2\/product\/80160","targetHints":{"allow":["GET"]}}],"collection":[{"href":"https:\/\/www.autonvaraosahaku.fi\/index.php?rest_route=\/wp\/v2\/product"}],"about":[{"href":"https:\/\/www.autonvaraosahaku.fi\/index.php?rest_route=\/wp\/v2\/types\/product"}],"wp:attachment":[{"href":"https:\/\/www.autonvaraosahaku.fi\/index.php?rest_route=%2Fwp%2Fv2%2Fmedia&parent=80160"}],"wp:term":[{"taxonomy":"pwb-brand","embeddable":true,"href":"https:\/\/www.autonvaraosahaku.fi\/index.php?rest_route=%2Fwp%2Fv2%2Fpwb-brand&post=80160"},{"taxonomy":"product_cat","embeddable":true,"href":"https:\/\/www.autonvaraosahaku.fi\/index.php?rest_route=%2Fwp%2Fv2%2Fproduct_cat&post=80160"},{"taxonomy":"product_tag","embeddable":true,"href":"https:\/\/www.autonvaraosahaku.fi\/index.php?rest_route=%2Fwp%2Fv2%2Fproduct_tag&post=80160"}],"curies":[{"name":"wp","href":"https:\/\/api.w.org\/{rel}","templated":true}]}}