{"id":80230,"date":"2021-02-21T20:09:16","date_gmt":"2021-02-21T20:09:16","guid":{"rendered":"https:\/\/www.autonvaraosahaku.fi\/?product=nrf-35753-ilmastoinnin-lauhdutin"},"modified":"2021-02-21T20:09:17","modified_gmt":"2021-02-21T20:09:17","slug":"nrf-35753-ilmastoinnin-lauhdutin","status":"publish","type":"product","link":"https:\/\/www.autonvaraosahaku.fi\/?product=nrf-35753-ilmastoinnin-lauhdutin","title":{"rendered":"NRF 35753 Ilmastoinnin lauhdutin"},"content":{"rendered":"<p>Korvaava tuote\/korvaava tiedote 2: Vedenerottimella; Materiaali: Alumiini; Paksuus [mm]: 12; Leveys (mm): 370; Korkeus (mm): 506; Kylm\u00e4aine: R 134a; Sis\u00e4\u00e4ntulol\u00e4pimitta [mm]: 11,8; Ulostulon l\u00e4pimitta [mm]: 8,8; Laatu \/ luokka: Easy Fit; Tuotelinja: EASY FIT; Rakennemalli: 500; FORD: KA RU8; FIAT: 500 312,500 C 312,PANDA 312,PANDA VAN 312; LANCIA: YPSILON 312, 846; 51786211, 51930033, 51786211, 51786211, 51930033, 1551184, 1780092, 9S5119710AA, CS5119710AA, 51786211, 51930033; Lauhdutin, Ilmastointilaite<\/p>\n","protected":false},"excerpt":{"rendered":"<p>NRF Ilmastoinnin Lauhdutin 35753 Lauhdutin, Ilmastointilaite FORD,FIAT,LANCIA,KA RU8,500 312,500 C 312,PANDA 312,PANDA VAN 312,YPSILON 312, 846<\/p>\n","protected":false},"featured_media":0,"template":"","meta":{"site-sidebar-layout":"default","site-content-layout":"default","ast-global-header-display":"","ast-main-header-display":"","ast-hfb-above-header-display":"","ast-hfb-below-header-display":"","ast-hfb-mobile-header-display":"","site-post-title":"","ast-breadcrumbs-content":"","ast-featured-img":"","footer-sml-layout":"","theme-transparent-header-meta":"","adv-header-id-meta":"","stick-header-meta":"","header-above-stick-meta":"","header-main-stick-meta":"","header-below-stick-meta":""},"pwb-brand":[85],"product_cat":[453],"product_tag":[],"class_list":{"0":"post-80230","1":"product","2":"type-product","3":"status-publish","5":"pwb-brand-nrf","6":"product_cat-ilmastoinnin-lauhdutin","7":"desktop-align-left","8":"tablet-align-left","9":"mobile-align-left","11":"first","12":"instock","13":"product-type-external"},"brands":[{"id":85,"name":"NRF","slug":"nrf"}],"_links":{"self":[{"href":"https:\/\/www.autonvaraosahaku.fi\/index.php?rest_route=\/wp\/v2\/product\/80230","targetHints":{"allow":["GET"]}}],"collection":[{"href":"https:\/\/www.autonvaraosahaku.fi\/index.php?rest_route=\/wp\/v2\/product"}],"about":[{"href":"https:\/\/www.autonvaraosahaku.fi\/index.php?rest_route=\/wp\/v2\/types\/product"}],"wp:attachment":[{"href":"https:\/\/www.autonvaraosahaku.fi\/index.php?rest_route=%2Fwp%2Fv2%2Fmedia&parent=80230"}],"wp:term":[{"taxonomy":"pwb-brand","embeddable":true,"href":"https:\/\/www.autonvaraosahaku.fi\/index.php?rest_route=%2Fwp%2Fv2%2Fpwb-brand&post=80230"},{"taxonomy":"product_cat","embeddable":true,"href":"https:\/\/www.autonvaraosahaku.fi\/index.php?rest_route=%2Fwp%2Fv2%2Fproduct_cat&post=80230"},{"taxonomy":"product_tag","embeddable":true,"href":"https:\/\/www.autonvaraosahaku.fi\/index.php?rest_route=%2Fwp%2Fv2%2Fproduct_tag&post=80230"}],"curies":[{"name":"wp","href":"https:\/\/api.w.org\/{rel}","templated":true}]}}