{"id":80556,"date":"2021-02-21T20:11:15","date_gmt":"2021-02-21T20:11:15","guid":{"rendered":"https:\/\/www.autonvaraosahaku.fi\/?product=gates-rc135-jaahdyttimen-korkki"},"modified":"2021-02-21T20:11:17","modified_gmt":"2021-02-21T20:11:17","slug":"gates-rc135-jaahdyttimen-korkki","status":"publish","type":"product","link":"https:\/\/www.autonvaraosahaku.fi\/?product=gates-rc135-jaahdyttimen-korkki","title":{"rendered":"GATES RC135 J\u00e4\u00e4hdyttimen korkki"},"content":{"rendered":"<p>Paine (bar): 1,1; Ulkol\u00e4pimitta [mm]: 59; Korkeus (mm): 28; Paine (psi): 16; Valmistusvuosi alkaen: 10\/1990; CHEVROLET: G20 Extended Passenger Van US,S10 Pick-up,G20 Kasten G,CAPRICE,CAPRICE Kombi US,S10 Pick Up,G30 Kasten,S10 Standard Cab Pickup US; JEEP: GRAND CHEROKEE I ZJ,CHEROKEE XJ,WRANGLER I YJ, SJ_,CJ5 &#8211; CJ8,CHEROKEE,COMANCHE MJ; CHRYSLER: VOYAGER IV RG, RS,VOYAGER III GS,GRAND VOYAGER V RT,STRATUS Cabriolet JX,VOYAGER II ES,LE BARON Cabriolet,STRATUS JA,VOYAGER I AS,LE BARON Coupe,CIRRUS,LE BARON Stufenheck; DODGE: DURANGO DN,GRAND CARAVAN,CARAVAN RG_,CARAVAN NS,VIPER Cabriolet RT\/10,VIPER Coupe RT\/10 SR,STRATUS,GRAND CARAVAN Mini Cargo Van US,GRAND CARAVAN Mini Passenger Van US NS,GRAND CARAVAN Mini Passenger Van US RG; FORD USA: MUSTANG Coupe C,MUSTANG Convertible C; BUICK: ELECTRA; 3781830, 4677493AA, 52079880AA, 3781830, 4677493AA, 52079880AA, 3781830, 52079880AA, J5358177, J5900584, 3781830; Korkki, J\u00e4\u00e4hdytin<\/p>\n","protected":false},"excerpt":{"rendered":"<p>GATES J\u00e4\u00e4hdyttimen Korkki RC135 Korkki, J\u00e4\u00e4hdytin CHEVROLET,JEEP,CHRYSLER,G20 Extended Passenger Van US,S10 Pick-up,G20 Kasten G,CAPRICE<\/p>\n","protected":false},"featured_media":0,"template":"","meta":{"site-sidebar-layout":"default","site-content-layout":"default","ast-global-header-display":"","ast-main-header-display":"","ast-hfb-above-header-display":"","ast-hfb-below-header-display":"","ast-hfb-mobile-header-display":"","site-post-title":"","ast-breadcrumbs-content":"","ast-featured-img":"","footer-sml-layout":"","theme-transparent-header-meta":"","adv-header-id-meta":"","stick-header-meta":"","header-above-stick-meta":"","header-main-stick-meta":"","header-below-stick-meta":""},"pwb-brand":[22],"product_cat":[173],"product_tag":[],"class_list":{"0":"post-80556","1":"product","2":"type-product","3":"status-publish","5":"pwb-brand-gates","6":"product_cat-jaahdyttimen-korkki","7":"desktop-align-left","8":"tablet-align-left","9":"mobile-align-left","11":"first","12":"instock","13":"product-type-external"},"brands":[{"id":22,"name":"GATES","slug":"gates"}],"_links":{"self":[{"href":"https:\/\/www.autonvaraosahaku.fi\/index.php?rest_route=\/wp\/v2\/product\/80556","targetHints":{"allow":["GET"]}}],"collection":[{"href":"https:\/\/www.autonvaraosahaku.fi\/index.php?rest_route=\/wp\/v2\/product"}],"about":[{"href":"https:\/\/www.autonvaraosahaku.fi\/index.php?rest_route=\/wp\/v2\/types\/product"}],"wp:attachment":[{"href":"https:\/\/www.autonvaraosahaku.fi\/index.php?rest_route=%2Fwp%2Fv2%2Fmedia&parent=80556"}],"wp:term":[{"taxonomy":"pwb-brand","embeddable":true,"href":"https:\/\/www.autonvaraosahaku.fi\/index.php?rest_route=%2Fwp%2Fv2%2Fpwb-brand&post=80556"},{"taxonomy":"product_cat","embeddable":true,"href":"https:\/\/www.autonvaraosahaku.fi\/index.php?rest_route=%2Fwp%2Fv2%2Fproduct_cat&post=80556"},{"taxonomy":"product_tag","embeddable":true,"href":"https:\/\/www.autonvaraosahaku.fi\/index.php?rest_route=%2Fwp%2Fv2%2Fproduct_tag&post=80556"}],"curies":[{"name":"wp","href":"https:\/\/api.w.org\/{rel}","templated":true}]}}