{"id":80643,"date":"2021-02-21T20:11:45","date_gmt":"2021-02-21T20:11:45","guid":{"rendered":"https:\/\/www.autonvaraosahaku.fi\/?product=febi-bilstein-36477-jousijalan-tukilaakeri"},"modified":"2021-02-21T20:11:49","modified_gmt":"2021-02-21T20:11:49","slug":"febi-bilstein-36477-jousijalan-tukilaakeri","status":"publish","type":"product","link":"https:\/\/www.autonvaraosahaku.fi\/?product=febi-bilstein-36477-jousijalan-tukilaakeri","title":{"rendered":"FEBI BILSTEIN 36477 Jousijalan tukilaakeri"},"content":{"rendered":"<p>Pituus (mm): 114; Leveys (mm): 70,0; Paksuus [mm]: 64,0; Sis\u00e4l\u00e4pimitta [mm]: 10,0; Ulkol\u00e4pimitta [mm]: 67,0; Ulkokierre [mm]: M8 x 1,5; Materiaali: Kumi-metalli; Asennuspuoli: Taka-akseli, molemminpuolinen, Taka-akseli, molemminpuolinen; Paino [kg]: 0,292, 0,292; Moottorinumero: M272; MERCEDES-BENZ: C-CLASS W204,C-CLASS T-Model S204,E-CLASS W212,E-CLASS T-Model S212,GLK-CLASS X204,E-CLASS Coupe C207,C-CLASS Coupe C204,E-CLASS Cabriolet A207,CLS Shooting Brake X218; 2043200131, 2043200131S1, 2043200331, 2043200331S1, 2043200373, 2043200431, 2043200431S1, 2043200531, 2043200531S1, 2043200873, 2043200973, 2043201073, 2043201331, 2043201331S1, 2043201431, 2043201431S1, 2043201631, 2043201631S1, 2043201731, 2043201731S1, 2043202930, 2043202930S1, 2043203030, 2043203030S1, 2043260104, 2043260104S1, 2043260200, 2043260200S1, 2043260204, 2043260204S1, 2043260304, 2043260304S1, 2043260404, 2043260404S1, 2043260600, 2043260600S1, 2043260664, 2043260900, 2043260900S1, 2043261600, 2043261600S1, 2043268300, 2043268300S1, 2073201930, 2073201930S1, 2073202130, 2073202130S1, 2073202530, 2073202530S1, 2073203130, 2073203130S1, 2073203230, 2073203230S1, 2073203830, 2073203830S1, 2073204330, 2073204330S1, 2073204430, 2073204430S1, 2073265100, 2073265100S1, 2073265200, 2073265200S1, 2123200630, 2123200630S1, 2123200730, 2123200730S1, 2123201030, 2123201030S1, 2123203930, 2123203930S1, 2123204030, 2123204030S1, 2123204230, 2123204230S1, 2123204330, 2123204330S1, 21&#8230;; Iskarin Yl\u00e4p\u00e4\u00e4,Iskunvaimentimen Yl\u00e4p\u00e4\u00e4<\/p>\n","protected":false},"excerpt":{"rendered":"<p>FEBI BILSTEIN Jousijalan Tukilaakeri 36477 Iskarin Yl\u00e4p\u00e4\u00e4,Iskunvaimentimen Yl\u00e4p\u00e4\u00e4 MERCEDES-BENZ,C-CLASS W204,C-CLASS T-Model S204,E-CLASS W212<\/p>\n","protected":false},"featured_media":0,"template":"","meta":{"site-sidebar-layout":"default","site-content-layout":"default","ast-global-header-display":"","ast-main-header-display":"","ast-hfb-above-header-display":"","ast-hfb-below-header-display":"","ast-hfb-mobile-header-display":"","site-post-title":"","ast-breadcrumbs-content":"","ast-featured-img":"","footer-sml-layout":"","theme-transparent-header-meta":"","adv-header-id-meta":"","stick-header-meta":"","header-above-stick-meta":"","header-main-stick-meta":"","header-below-stick-meta":""},"pwb-brand":[50],"product_cat":[45],"product_tag":[],"class_list":{"0":"post-80643","1":"product","2":"type-product","3":"status-publish","5":"pwb-brand-febi-bilstein","6":"product_cat-jousijalan-tukilaakeri","7":"desktop-align-left","8":"tablet-align-left","9":"mobile-align-left","11":"first","12":"instock","13":"product-type-external"},"brands":[{"id":50,"name":"FEBI BILSTEIN","slug":"febi-bilstein"}],"_links":{"self":[{"href":"https:\/\/www.autonvaraosahaku.fi\/index.php?rest_route=\/wp\/v2\/product\/80643","targetHints":{"allow":["GET"]}}],"collection":[{"href":"https:\/\/www.autonvaraosahaku.fi\/index.php?rest_route=\/wp\/v2\/product"}],"about":[{"href":"https:\/\/www.autonvaraosahaku.fi\/index.php?rest_route=\/wp\/v2\/types\/product"}],"wp:attachment":[{"href":"https:\/\/www.autonvaraosahaku.fi\/index.php?rest_route=%2Fwp%2Fv2%2Fmedia&parent=80643"}],"wp:term":[{"taxonomy":"pwb-brand","embeddable":true,"href":"https:\/\/www.autonvaraosahaku.fi\/index.php?rest_route=%2Fwp%2Fv2%2Fpwb-brand&post=80643"},{"taxonomy":"product_cat","embeddable":true,"href":"https:\/\/www.autonvaraosahaku.fi\/index.php?rest_route=%2Fwp%2Fv2%2Fproduct_cat&post=80643"},{"taxonomy":"product_tag","embeddable":true,"href":"https:\/\/www.autonvaraosahaku.fi\/index.php?rest_route=%2Fwp%2Fv2%2Fproduct_tag&post=80643"}],"curies":[{"name":"wp","href":"https:\/\/api.w.org\/{rel}","templated":true}]}}