{"id":80950,"date":"2021-02-21T20:13:45","date_gmt":"2021-02-21T20:13:45","guid":{"rendered":"https:\/\/www.autonvaraosahaku.fi\/?product=jp-group-1163602510-jarrupalat"},"modified":"2021-02-21T20:13:45","modified_gmt":"2021-02-21T20:13:45","slug":"jp-group-1163602510-jarrupalat","status":"publish","type":"product","link":"https:\/\/www.autonvaraosahaku.fi\/?product=jp-group-1163602510-jarrupalat","title":{"rendered":"JP GROUP 1163602510 Jarrupalat"},"content":{"rendered":"<p>Asennuspuoli: Etuakseli; Paksuus [mm]: 20,3; Kulumisenilmaisimen liitos: kulumisanturilla; Jarruj\u00e4rjestelm\u00e4: Teves; M\u00e4\u00e4r\u00e4yksikk\u00f6: Akselisarja; PR-numerolle: 1LB; VW: PASSAT Variant 3B6,PASSAT Variant 3B5,PASSAT 3B2,PASSAT 3B3; AUDI: A6 Avant 4F5, C6,A4 Avant 8ED, B7,A4 Avant 8E5, B6,A6 Avant 4B5, C5,A4 Avant 8D5, B5,A4 8E2, B6,A6 4F2, C6,A6 4B2, C5,A4 Cabriolet 8H7, B6, 8HE, B7,A4 8EC, B7; SKODA: SUPERB 3U4; SEAT: EXEO ST 3R5,EXEO 3R2; 4B0698151, 4B0698151A, 4B0698151AB, 4B0698151AF, 4B0698151B, 4B0698151E, 4B0698151H, 4B0698151J, 4B0698151K, 4B0698151M, 4B0698151N, 4F0698151, 8E0698151F, 8E0698151J, 8E0698151K, JZW698151N, 4B0698151, 4B0698151A, 4B0698151AB, 4B0698151AF, 4B0698151B, 4B0698151E, 4B0698151H, 4B0698151J, 4B0698151K, 4B0698151M, 4B0698151N, 4F0698151, 8E0698151F, 8E0698151J, 8E0698151K, JZW698151N, 4B0698151, 4B0698151A, 4B0698151AB, 4B0698151AF, 4B0698151B, 4B0698151E, 4B0698151H, 4B0698151J, 4B0698151K, 4B0698151M, 4B0698151N, 4F0698151, 8E0698151F, 8E0698151J, 8E0698151K, JZW698151N, 4B0698151, 4B0698151A, 4B0698151AB, 4B0698151AF, 4B0698151B, 4B0698151E, 4B0698151H, 4B0698151J, 4B0698151K, 4B0698151M, 4B0698151N, 4F0698151, 8E0698151F, 8E0698151J, 8E0698151K, JZW698151N; Jarrupalasarja,Jarrupala, Levyjarru<\/p>\n","protected":false},"excerpt":{"rendered":"<p>JP GROUP Jarrupalat JP Group 1163602510 Jarrupalasarja,Jarrupala, Levyjarru VW,AUDI,SKODA,PASSAT Variant 3B6,PASSAT Variant 3B5,PASSAT 3B2,PASSAT 3B3<\/p>\n","protected":false},"featured_media":0,"template":"","meta":{"site-sidebar-layout":"default","site-content-layout":"default","ast-global-header-display":"","ast-main-header-display":"","ast-hfb-above-header-display":"","ast-hfb-below-header-display":"","ast-hfb-mobile-header-display":"","site-post-title":"","ast-breadcrumbs-content":"","ast-featured-img":"","footer-sml-layout":"","theme-transparent-header-meta":"","adv-header-id-meta":"","stick-header-meta":"","header-above-stick-meta":"","header-main-stick-meta":"","header-below-stick-meta":""},"pwb-brand":[131],"product_cat":[100],"product_tag":[],"class_list":{"0":"post-80950","1":"product","2":"type-product","3":"status-publish","5":"pwb-brand-jp-group","6":"product_cat-jarrupalat","7":"desktop-align-left","8":"tablet-align-left","9":"mobile-align-left","11":"first","12":"instock","13":"product-type-external"},"brands":[{"id":131,"name":"JP GROUP","slug":"jp-group"}],"_links":{"self":[{"href":"https:\/\/www.autonvaraosahaku.fi\/index.php?rest_route=\/wp\/v2\/product\/80950","targetHints":{"allow":["GET"]}}],"collection":[{"href":"https:\/\/www.autonvaraosahaku.fi\/index.php?rest_route=\/wp\/v2\/product"}],"about":[{"href":"https:\/\/www.autonvaraosahaku.fi\/index.php?rest_route=\/wp\/v2\/types\/product"}],"wp:attachment":[{"href":"https:\/\/www.autonvaraosahaku.fi\/index.php?rest_route=%2Fwp%2Fv2%2Fmedia&parent=80950"}],"wp:term":[{"taxonomy":"pwb-brand","embeddable":true,"href":"https:\/\/www.autonvaraosahaku.fi\/index.php?rest_route=%2Fwp%2Fv2%2Fpwb-brand&post=80950"},{"taxonomy":"product_cat","embeddable":true,"href":"https:\/\/www.autonvaraosahaku.fi\/index.php?rest_route=%2Fwp%2Fv2%2Fproduct_cat&post=80950"},{"taxonomy":"product_tag","embeddable":true,"href":"https:\/\/www.autonvaraosahaku.fi\/index.php?rest_route=%2Fwp%2Fv2%2Fproduct_tag&post=80950"}],"curies":[{"name":"wp","href":"https:\/\/api.w.org\/{rel}","templated":true}]}}