{"id":81130,"date":"2021-02-21T20:14:52","date_gmt":"2021-02-21T20:14:52","guid":{"rendered":"https:\/\/www.autonvaraosahaku.fi\/?product=autofren-seinsa-d025107-jarrusatula-korjaussarja"},"modified":"2021-02-21T20:14:52","modified_gmt":"2021-02-21T20:14:52","slug":"autofren-seinsa-d025107-jarrusatula-korjaussarja","status":"publish","type":"product","link":"https:\/\/www.autonvaraosahaku.fi\/?product=autofren-seinsa-d025107-jarrusatula-korjaussarja","title":{"rendered":"AUTOFREN SEINSA D025107 Jarrusatula korjaussarja"},"content":{"rendered":"<p>Asennuspuoli: Etuakseli; L\u00e4pimitta [mm]: 57; Korkeus (mm): 56; Materiaali: Ter\u00e4s; Jarruj\u00e4rjestelm\u00e4: Ate; Py\u00f6r\u00e4n l\u00e4pimitta [Zoll]: 16; VW: TRANSPORTER IV Bus 70XB, 70XC, 7DB, 7DW,TIGUAN 5N_,SHARAN 7M8, 7M9, 7M6,TRANSPORTER IV Kasten 70XA,SHARAN 7N1, 7N2,TRANSPORTER IV Pritsche\/Fahrgestell 70XD,TIGUAN AD1; AUDI: A4 Avant 8K5, B8,A4 8K2, B8,A5 8T3,A5 Sportback 8TA,A4 8EC, B7,Q3 8U,A4 Allroad 8KH, B8,A5 Cabriolet 8F7; MAZDA: 5 CR19,3 BK,6 Station Wagon GY,6 GG,3 BL,5 CW,3 Stufenheck BK,3 Stufenheck BL; JEEP: RENEGADE Gel\u00e4ndewagen geschlossen BU; SEAT: ALHAMBRA 7V8, 7V9,ALHAMBRA 710, 711; HONDA: ACCORD VII CL,ACCORD VIII CU,ACCORD VII Tourer CM,CIVIC IX FK,ACCORD VIII Kombi,CIVIC VIII Stufenheck FD, FA,ACCORD VII CM,CIVIC IX Tourer FK,CIVIC X Schr\u00e4gheck FC_, FK,CIVIC X Stufenheck FC_; LANCIA: DELTA III 844; OPEL: COMBO Kasten\/Kombi X12,COMBO Tour X12; IVECO: DAILY V Kasten\/Kombi; TOYOTA: AVENSIS _T22_,AVENSIS Station Wagon _T22_,AVENSIS Liftback _T22_; M\u00e4nt\u00e4, Jarrusatula<\/p>\n","protected":false},"excerpt":{"rendered":"<p>AUTOFREN SEINSA Jarrusatulan M\u00e4nt\u00e4 D025107 M\u00e4nt\u00e4, Jarrusatula VW,AUDI,MAZDA,TRANSPORTER IV Bus 70XB, 70XC, 7DB, 7DW,TIGUAN 5N_,SHARAN 7M8, 7M9, 7M6<\/p>\n","protected":false},"featured_media":0,"template":"","meta":{"site-sidebar-layout":"default","site-content-layout":"default","ast-global-header-display":"","ast-main-header-display":"","ast-hfb-above-header-display":"","ast-hfb-below-header-display":"","ast-hfb-mobile-header-display":"","site-post-title":"","ast-breadcrumbs-content":"","ast-featured-img":"","footer-sml-layout":"","theme-transparent-header-meta":"","adv-header-id-meta":"","stick-header-meta":"","header-above-stick-meta":"","header-main-stick-meta":"","header-below-stick-meta":""},"pwb-brand":[243],"product_cat":[57],"product_tag":[],"class_list":{"0":"post-81130","1":"product","2":"type-product","3":"status-publish","5":"pwb-brand-autofren-seinsa","6":"product_cat-jarrusatula-korjaussarja","7":"desktop-align-left","8":"tablet-align-left","9":"mobile-align-left","11":"first","12":"instock","13":"product-type-external"},"brands":[{"id":243,"name":"AUTOFREN SEINSA","slug":"autofren-seinsa"}],"_links":{"self":[{"href":"https:\/\/www.autonvaraosahaku.fi\/index.php?rest_route=\/wp\/v2\/product\/81130","targetHints":{"allow":["GET"]}}],"collection":[{"href":"https:\/\/www.autonvaraosahaku.fi\/index.php?rest_route=\/wp\/v2\/product"}],"about":[{"href":"https:\/\/www.autonvaraosahaku.fi\/index.php?rest_route=\/wp\/v2\/types\/product"}],"wp:attachment":[{"href":"https:\/\/www.autonvaraosahaku.fi\/index.php?rest_route=%2Fwp%2Fv2%2Fmedia&parent=81130"}],"wp:term":[{"taxonomy":"pwb-brand","embeddable":true,"href":"https:\/\/www.autonvaraosahaku.fi\/index.php?rest_route=%2Fwp%2Fv2%2Fpwb-brand&post=81130"},{"taxonomy":"product_cat","embeddable":true,"href":"https:\/\/www.autonvaraosahaku.fi\/index.php?rest_route=%2Fwp%2Fv2%2Fproduct_cat&post=81130"},{"taxonomy":"product_tag","embeddable":true,"href":"https:\/\/www.autonvaraosahaku.fi\/index.php?rest_route=%2Fwp%2Fv2%2Fproduct_tag&post=81130"}],"curies":[{"name":"wp","href":"https:\/\/api.w.org\/{rel}","templated":true}]}}