{"id":81158,"date":"2021-02-21T20:14:59","date_gmt":"2021-02-21T20:14:59","guid":{"rendered":"https:\/\/www.autonvaraosahaku.fi\/?product=hella-6df-007-361-001-jarruvalokytkin"},"modified":"2021-02-21T20:15:02","modified_gmt":"2021-02-21T20:15:02","slug":"hella-6df-007-361-001-jarruvalokytkin","status":"publish","type":"product","link":"https:\/\/www.autonvaraosahaku.fi\/?product=hella-6df-007-361-001-jarruvalokytkin","title":{"rendered":"HELLA 6DF 007 361-001 Jarruvalokytkin"},"content":{"rendered":"<p>K\u00e4ytt\u00f6: S\u00e4hk\u00f6inen; Nimellisj\u00e4nnite (V): 12; Liittimi\u00e4: 2; Kierremitta: M12x1,5; Yhdistelm\u00e4kytkintoiminto: Avaaja; Avainv\u00e4li: 19; Valmistusvuoteen: 07\/1981; VW: CADDY II Pick-up 9U7; SKODA: FELICIA I 6U1,FELICIA II 6U1,FELICIA I Fun 797,FELICIA I Kombi 6U5,FELICIA II Kombi 6U5,FAVORIT 781,FAVORIT Forman 785,FAVORIT Pick-up 787; SEAT: MARBELLA 28,MARBELLA Kasten 028A,RONDA 022A,FURA 025A; LADA: NIVA 2121,1200-1600,1200-1500 Kombi,SAMARA 2108, 2109, 2115, 2113, 2114,SAMARA Stufenheck 21099, 2115; LANCIA: DELTA I 831AB0,THEMA 834,Y10 156,THEMA SW 834,PRISMA 831AB0; FIAT: DUCATO Kasten 290,DUCATO Pritsche\/Fahrgestell 290,DUCATO Kasten 280,DUCATO Pritsche\/Fahrgestell 280,CINQUECENTO 170,PANDA 141A_,124 Spider,DUCATO Panorama 280,126,UNO 146A\/E,X 1\/9 128 AS,127,FIORINO Kasten 146,850 Spider,128 Coupe,128,850 Coupe,PANDA Van 141_,TEMPRA 159,131,124 Coupe,RITMO I 138A,124,132,TALENTO Bus 290,FIORINO 147,REGATA 138,ARGENTA 132A,124 Familiare,RITMO Cabriolet,127 Panorama,128 Familiare,FIORINO 127,131 Familiare\/Panorama,FIORINO Pick up 147,REGATA Weekend 138,DUNA 146 B,DUNA Weekend 146 B; ALFA ROMEO: SPIDER 115,SPIDER 105,GTV 116,ALFETTA GT 116,ALFETTA 116,GIULIETTA 116,6 119; ZASTAVA: 101 1100; 1056464177, 1056464177000, 10564641770100, 1056465177, 1056465177000, 10564651770100, 111111, 4064916, 4067916, 4124209, 4177122, 4177124, 4220470, 4220471, 4345643, 4345645, 46785168, 60701852, 82304822, 4067916, 4124209, 4177122, 4177124, 4220470, 4220471, 4345643, 4345645, 46785168, 82304822, 4064916, 4067916, 4124209, 4177122, 4177124, 4220470, 4220471, 4345643, 4345645, 46785168, 82304822, 4067916, 4124209, 4345645, 504156184, 21010372000000, 21013720000, 4064916, 4067916, 4124209, 4177122, 4177124, 4220470, 4220471, 4345643, 4345645, 46785168, 82304822, 453406, 0004381973, 115939070, 4381973, 6U0945515, 6U0945515A, SE127952000A, 0004381973, 115939070, 4381973, 6U0945515, 6U0945515A, SE127952000A, 115939070, 4381973, 6U0945515, 6U0945515A, SE127952000A, 01009677, 04177124; Jarruvalokatkaisin<\/p>\n","protected":false},"excerpt":{"rendered":"<p>HELLA Jarruvalokytkin 6DF 007 361-001 Jarruvalokatkaisin VW,SKODA,SEAT,CADDY II Pick-up 9U7,FELICIA I 6U1,FELICIA II 6U1,FELICIA I Fun 797<\/p>\n","protected":false},"featured_media":0,"template":"","meta":{"site-sidebar-layout":"default","site-content-layout":"default","ast-global-header-display":"","ast-main-header-display":"","ast-hfb-above-header-display":"","ast-hfb-below-header-display":"","ast-hfb-mobile-header-display":"","site-post-title":"","ast-breadcrumbs-content":"","ast-featured-img":"","footer-sml-layout":"","theme-transparent-header-meta":"","adv-header-id-meta":"","stick-header-meta":"","header-above-stick-meta":"","header-main-stick-meta":"","header-below-stick-meta":""},"pwb-brand":[24],"product_cat":[117],"product_tag":[],"class_list":{"0":"post-81158","1":"product","2":"type-product","3":"status-publish","5":"pwb-brand-hella","6":"product_cat-jarruvalokytkin","7":"desktop-align-left","8":"tablet-align-left","9":"mobile-align-left","11":"first","12":"instock","13":"product-type-external"},"brands":[{"id":24,"name":"HELLA","slug":"hella"}],"_links":{"self":[{"href":"https:\/\/www.autonvaraosahaku.fi\/index.php?rest_route=\/wp\/v2\/product\/81158","targetHints":{"allow":["GET"]}}],"collection":[{"href":"https:\/\/www.autonvaraosahaku.fi\/index.php?rest_route=\/wp\/v2\/product"}],"about":[{"href":"https:\/\/www.autonvaraosahaku.fi\/index.php?rest_route=\/wp\/v2\/types\/product"}],"wp:attachment":[{"href":"https:\/\/www.autonvaraosahaku.fi\/index.php?rest_route=%2Fwp%2Fv2%2Fmedia&parent=81158"}],"wp:term":[{"taxonomy":"pwb-brand","embeddable":true,"href":"https:\/\/www.autonvaraosahaku.fi\/index.php?rest_route=%2Fwp%2Fv2%2Fpwb-brand&post=81158"},{"taxonomy":"product_cat","embeddable":true,"href":"https:\/\/www.autonvaraosahaku.fi\/index.php?rest_route=%2Fwp%2Fv2%2Fproduct_cat&post=81158"},{"taxonomy":"product_tag","embeddable":true,"href":"https:\/\/www.autonvaraosahaku.fi\/index.php?rest_route=%2Fwp%2Fv2%2Fproduct_tag&post=81158"}],"curies":[{"name":"wp","href":"https:\/\/api.w.org\/{rel}","templated":true}]}}