{"id":81161,"date":"2021-02-21T20:14:59","date_gmt":"2021-02-21T20:14:59","guid":{"rendered":"https:\/\/www.autonvaraosahaku.fi\/?product=hella-4rp-008-189-111-polttoainepumpun-rele"},"modified":"2021-02-21T20:15:03","modified_gmt":"2021-02-21T20:15:03","slug":"hella-4rp-008-189-111-polttoainepumpun-rele","status":"publish","type":"product","link":"https:\/\/www.autonvaraosahaku.fi\/?product=hella-4rp-008-189-111-polttoainepumpun-rele","title":{"rendered":"HELLA 4RP 008 189-111 Polttoainepumpun rele"},"content":{"rendered":"<p>Nimellisj\u00e4nnite (V): 12; Napojen m\u00e4\u00e4r\u00e4: 7; SEAT: IBIZA I 021A,MALAGA 023A; LANCIA: THEMA 834,THEMA SW 834; FIAT: UNO 146A\/E,CROMA 154; CITRO\u00cbN: CX II,CX II Break; ALFA ROMEO: 75 162B; PEUGEOT: 205 II 20A\/C,205 I Cabriolet 741B, 20D,205 I 741A\/C,505 551A,505 Break 551D; FERRARI: MONDIAL,MONDIAL Cabriolet; 19505110430, 195051104300, 60534316, 605343160, 7576067, 7628059, 7750754, X03952671, 95496621, 60534316, 62370600, 7576067, 7628059, 7750754, 60534316, 7576067, 7628059, 7750754, 7750754, 60534316, 7576067, 7628059, 7750754, 655522, 95496621, X03952671, X03952671; Rele, Polttoainepumppu<\/p>\n","protected":false},"excerpt":{"rendered":"<p>HELLA Polttoainepumpun Rele 4RP 008 189-111 Rele, Polttoainepumppu SEAT,LANCIA,FIAT,IBIZA I 021A,MALAGA 023A,THEMA 834,THEMA SW 834,UNO 146A\/E<\/p>\n","protected":false},"featured_media":0,"template":"","meta":{"site-sidebar-layout":"default","site-content-layout":"default","ast-global-header-display":"","ast-main-header-display":"","ast-hfb-above-header-display":"","ast-hfb-below-header-display":"","ast-hfb-mobile-header-display":"","site-post-title":"","ast-breadcrumbs-content":"","ast-featured-img":"","footer-sml-layout":"","theme-transparent-header-meta":"","adv-header-id-meta":"","stick-header-meta":"","header-above-stick-meta":"","header-main-stick-meta":"","header-below-stick-meta":""},"pwb-brand":[24],"product_cat":[132],"product_tag":[],"class_list":{"0":"post-81161","1":"product","2":"type-product","3":"status-publish","5":"pwb-brand-hella","6":"product_cat-polttoainepumpun-rele","7":"desktop-align-left","8":"tablet-align-left","9":"mobile-align-left","11":"first","12":"instock","13":"product-type-external"},"brands":[{"id":24,"name":"HELLA","slug":"hella"}],"_links":{"self":[{"href":"https:\/\/www.autonvaraosahaku.fi\/index.php?rest_route=\/wp\/v2\/product\/81161","targetHints":{"allow":["GET"]}}],"collection":[{"href":"https:\/\/www.autonvaraosahaku.fi\/index.php?rest_route=\/wp\/v2\/product"}],"about":[{"href":"https:\/\/www.autonvaraosahaku.fi\/index.php?rest_route=\/wp\/v2\/types\/product"}],"wp:attachment":[{"href":"https:\/\/www.autonvaraosahaku.fi\/index.php?rest_route=%2Fwp%2Fv2%2Fmedia&parent=81161"}],"wp:term":[{"taxonomy":"pwb-brand","embeddable":true,"href":"https:\/\/www.autonvaraosahaku.fi\/index.php?rest_route=%2Fwp%2Fv2%2Fpwb-brand&post=81161"},{"taxonomy":"product_cat","embeddable":true,"href":"https:\/\/www.autonvaraosahaku.fi\/index.php?rest_route=%2Fwp%2Fv2%2Fproduct_cat&post=81161"},{"taxonomy":"product_tag","embeddable":true,"href":"https:\/\/www.autonvaraosahaku.fi\/index.php?rest_route=%2Fwp%2Fv2%2Fproduct_tag&post=81161"}],"curies":[{"name":"wp","href":"https:\/\/api.w.org\/{rel}","templated":true}]}}