{"id":8118,"date":"2021-02-21T14:02:06","date_gmt":"2021-02-21T14:02:06","guid":{"rendered":"https:\/\/www.autonvaraosahaku.fi\/?product=valeo-578571-pyyhkijansulat"},"modified":"2021-02-21T14:02:08","modified_gmt":"2021-02-21T14:02:08","slug":"valeo-578571-pyyhkijansulat","status":"publish","type":"product","link":"https:\/\/www.autonvaraosahaku.fi\/?product=valeo-578571-pyyhkijansulat","title":{"rendered":"VALEO 578571 Pyyhkij\u00e4nsulat"},"content":{"rendered":"<p>Vasen \/ oikea liikenne: Ohjaus vasemmalla; M\u00e4\u00e4r\u00e4: 1; Pituus (mm): 400; Pituus (tuumaa): 16; Paino [kg]: 0,12; Tuotelinja: HYDROCONNECT; Pyyhkij\u00e4nsulkatyyppi: Rungottomat; Oviluku: 3\/5; VW: GOLF II 19E, 1G1,GOLF I Cabriolet 155,POLO 86C, 80,POLO Coupe 86C, 80,GOLF I 17,CADDY I 14,JETTA II 19E, 1G2, 165,POLO CLASSIC 86C, 80,POLO 86,JETTA I 16,DERBY 86C, 80,PASSAT 32,DERBY 86,PASSAT Variant 33; MAZDA: 5 CR19,2 DY,6 Kombi GH,CX-7 ER,5 CW,DEMIO DW,6 Schr\u00e4gheck GH,6 GH,121 II DB; SEAT: MARBELLA 28,MARBELLA Kasten 028A,MALAGA 023A; CHEVROLET: CAPTIVA C100, C140,KALOS,AVEO Schr\u00e4gheck T250, T255,AVEO Stufenheck T250, T255; DAEWOO: KALOS KLAS,KALOS Stufenheck KLAS; NISSAN: MICRA III K12,ALMERA II Hatchback N16,NAVARA D40,X-TRAIL T31,NV200 EVALIA,MICRA C+C K12,NAVARA Pritsche\/Fahrgestell D40,NV200 Kasten,MAXIMA QX A33,QASHQAI J11, J11_,X-TRAIL T32,LEAF ZE1; KIA: SPORTAGE JE_, KM_,RIO III UB,RIO II JB,CARENS III UN,PICANTO TA,RIO Kombi DC,CERATO LD,CERATO Stufenheck LD,RIO II Stufenheck JB,RIO Stufenheck DC_,SORENTO III; HONDA: CR-V III RE,ACCORD VII CL,CR-V IV RE,ACCORD VII Tourer CM,HR-V GH,INSIGHT ZE_; SSANGYONG: KORANDO K4; HYUNDAI: TUCSON JM,i40 CW VF,MATRIX FC,i40 VF,TUCSON,i10 IA,i20 GB,i20 Coupe; 1712819, 1733613, 98350C8100, 983603Z000, 1611346080, 6423F5, 6423L4; Tuulilasinpyyhkimet,Pyyhkij\u00e4t,Pyyhkij\u00e4nsulka<\/p>\n","protected":false},"excerpt":{"rendered":"<p>VALEO Pyyhkij\u00e4nsulat 578571 Tuulilasinpyyhkimet,Pyyhkij\u00e4t VW,MAZDA,SEAT,GOLF II 19E, 1G1,GOLF I Cabriolet 155,POLO 86C, 80,POLO Coupe 86C, 80<\/p>\n","protected":false},"featured_media":0,"template":"","meta":{"site-sidebar-layout":"default","site-content-layout":"default","ast-global-header-display":"","ast-main-header-display":"","ast-hfb-above-header-display":"","ast-hfb-below-header-display":"","ast-hfb-mobile-header-display":"","site-post-title":"","ast-breadcrumbs-content":"","ast-featured-img":"","footer-sml-layout":"","theme-transparent-header-meta":"","adv-header-id-meta":"","stick-header-meta":"","header-above-stick-meta":"","header-main-stick-meta":"","header-below-stick-meta":""},"pwb-brand":[28],"product_cat":[33],"product_tag":[],"class_list":{"0":"post-8118","1":"product","2":"type-product","3":"status-publish","5":"pwb-brand-valeo","6":"product_cat-pyyhkijansulat","7":"desktop-align-left","8":"tablet-align-left","9":"mobile-align-left","11":"first","12":"instock","13":"product-type-external"},"brands":[{"id":28,"name":"VALEO","slug":"valeo"}],"_links":{"self":[{"href":"https:\/\/www.autonvaraosahaku.fi\/index.php?rest_route=\/wp\/v2\/product\/8118","targetHints":{"allow":["GET"]}}],"collection":[{"href":"https:\/\/www.autonvaraosahaku.fi\/index.php?rest_route=\/wp\/v2\/product"}],"about":[{"href":"https:\/\/www.autonvaraosahaku.fi\/index.php?rest_route=\/wp\/v2\/types\/product"}],"wp:attachment":[{"href":"https:\/\/www.autonvaraosahaku.fi\/index.php?rest_route=%2Fwp%2Fv2%2Fmedia&parent=8118"}],"wp:term":[{"taxonomy":"pwb-brand","embeddable":true,"href":"https:\/\/www.autonvaraosahaku.fi\/index.php?rest_route=%2Fwp%2Fv2%2Fpwb-brand&post=8118"},{"taxonomy":"product_cat","embeddable":true,"href":"https:\/\/www.autonvaraosahaku.fi\/index.php?rest_route=%2Fwp%2Fv2%2Fproduct_cat&post=8118"},{"taxonomy":"product_tag","embeddable":true,"href":"https:\/\/www.autonvaraosahaku.fi\/index.php?rest_route=%2Fwp%2Fv2%2Fproduct_tag&post=8118"}],"curies":[{"name":"wp","href":"https:\/\/api.w.org\/{rel}","templated":true}]}}