{"id":81198,"date":"2021-02-21T20:15:14","date_gmt":"2021-02-21T20:15:14","guid":{"rendered":"https:\/\/www.autonvaraosahaku.fi\/?product=ate-11-8116-0133-1-jarrusatula-korjaussarja"},"modified":"2021-02-21T20:15:17","modified_gmt":"2021-02-21T20:15:17","slug":"ate-11-8116-0133-1-jarrusatula-korjaussarja","status":"publish","type":"product","link":"https:\/\/www.autonvaraosahaku.fi\/?product=ate-11-8116-0133-1-jarrusatula-korjaussarja","title":{"rendered":"ATE 11.8116-0133.1 Jarrusatula korjaussarja"},"content":{"rendered":"<p>Jarruj\u00e4rjestelm\u00e4: ATE; Tarvittava kappalem\u00e4\u00e4r\u00e4: 2; BMW: 7 E38; VOLVO: XC60,XC90 I; MERCEDES-BENZ: E-CLASS W211,C-CLASS W202,E-CLASS T-Model S211,SLK R170,E-CLASS W210,M-CLASS W164,E-CLASS Kombi S210,CLK C208,C-CLASS Kombi S202,S-CLASS W220,R-CLASS W251, V251,CLK Cabriolet A208,GL-CLASS X164; 34111163416, 0004218291, A0004218291, HWA2104210191, 30760612<\/p>\n","protected":false},"excerpt":{"rendered":"<p>ATE Jousi, Jarrusatula 11.8116-0133.1  BMW,VOLVO,MERCEDES-BENZ,7 E38,XC60,XC90 I,E-CLASS W211,C-CLASS W202,E-CLASS T-Model S211,SLK R170,E-CLASS W210<\/p>\n","protected":false},"featured_media":0,"template":"","meta":{"site-sidebar-layout":"default","site-content-layout":"default","ast-global-header-display":"","ast-main-header-display":"","ast-hfb-above-header-display":"","ast-hfb-below-header-display":"","ast-hfb-mobile-header-display":"","site-post-title":"","ast-breadcrumbs-content":"","ast-featured-img":"","footer-sml-layout":"","theme-transparent-header-meta":"","adv-header-id-meta":"","stick-header-meta":"","header-above-stick-meta":"","header-main-stick-meta":"","header-below-stick-meta":""},"pwb-brand":[108],"product_cat":[57],"product_tag":[],"class_list":{"0":"post-81198","1":"product","2":"type-product","3":"status-publish","5":"pwb-brand-ate","6":"product_cat-jarrusatula-korjaussarja","7":"desktop-align-left","8":"tablet-align-left","9":"mobile-align-left","11":"first","12":"instock","13":"product-type-external"},"brands":[{"id":108,"name":"ATE","slug":"ate"}],"_links":{"self":[{"href":"https:\/\/www.autonvaraosahaku.fi\/index.php?rest_route=\/wp\/v2\/product\/81198","targetHints":{"allow":["GET"]}}],"collection":[{"href":"https:\/\/www.autonvaraosahaku.fi\/index.php?rest_route=\/wp\/v2\/product"}],"about":[{"href":"https:\/\/www.autonvaraosahaku.fi\/index.php?rest_route=\/wp\/v2\/types\/product"}],"wp:attachment":[{"href":"https:\/\/www.autonvaraosahaku.fi\/index.php?rest_route=%2Fwp%2Fv2%2Fmedia&parent=81198"}],"wp:term":[{"taxonomy":"pwb-brand","embeddable":true,"href":"https:\/\/www.autonvaraosahaku.fi\/index.php?rest_route=%2Fwp%2Fv2%2Fpwb-brand&post=81198"},{"taxonomy":"product_cat","embeddable":true,"href":"https:\/\/www.autonvaraosahaku.fi\/index.php?rest_route=%2Fwp%2Fv2%2Fproduct_cat&post=81198"},{"taxonomy":"product_tag","embeddable":true,"href":"https:\/\/www.autonvaraosahaku.fi\/index.php?rest_route=%2Fwp%2Fv2%2Fproduct_tag&post=81198"}],"curies":[{"name":"wp","href":"https:\/\/api.w.org\/{rel}","templated":true}]}}