{"id":81228,"date":"2021-02-21T20:15:22","date_gmt":"2021-02-21T20:15:22","guid":{"rendered":"https:\/\/www.autonvaraosahaku.fi\/?product=hella-6pu-009-121-451-kampiakselin-asentotunnistin"},"modified":"2021-02-21T20:15:28","modified_gmt":"2021-02-21T20:15:28","slug":"hella-6pu-009-121-451-kampiakselin-asentotunnistin","status":"publish","type":"product","link":"https:\/\/www.autonvaraosahaku.fi\/?product=hella-6pu-009-121-451-kampiakselin-asentotunnistin","title":{"rendered":"HELLA 6PU 009 121-451 Kampiakselin asentotunnistin"},"content":{"rendered":"<p>Korvaava tuote\/korvaava tiedote 2: ilman kaapelia; Lis\u00e4tarvike\/lis\u00e4tieto: Tiivisteill\u00e4; Kiinnitysreikien lukum\u00e4\u00e4r\u00e4: 1; Nimellisj\u00e4nnite (V): 12; V\u00e4ri vastaa alkuper\u00e4isosaa: Harmaa; Napojen m\u00e4\u00e4r\u00e4: 3; Tunnistinmalli: Hall-anturi; VW: POLO 9N_,FOX 5Z1, 5Z3; SKODA: FABIA Combi 6Y5,FABIA 6Y2,FABIA Stufenheck 6Y3,FABIA Praktik; SEAT: IBIZA IV 6L1; 030907601, 030907601B, 030907601C, 030907601D, 030907601E, 030907601F, 030907901D, 03D907601, 03D907601A, 090307601E, 030907601, 030907601B, 030907601C, 030907601D, 030907601E, 030907601F, 030907901D, 03D907601, 03D907601A, 090307601E, 95560610610, 030907601, 030907601B, 030907601C, 030907601D, 030907601E, 030907601F, 030907901D, 03D907601, 03D907601A, 090307601E, 030907601, 030907601B, 030907601C, 030907601D, 030907601E, 030907601F, 030907901D, 03D907601, 03D907601A, 03D907601E, 090307601E, 030907601, 030907601B, 030907601C, 030907601D, 030907601E, 030907601F, 030907901D, 03D907601, 03D907601A, 03D907601E, 090307601E<\/p>\n","protected":false},"excerpt":{"rendered":"<p>HELLA Tunnistin, Impulssianturi 6PU 009 121-451  VW,SKODA,SEAT,POLO 9N_,FOX 5Z1, 5Z3,FABIA Combi 6Y5,FABIA 6Y2,FABIA Stufenheck 6Y3,FABIA Praktik<\/p>\n","protected":false},"featured_media":0,"template":"","meta":{"site-sidebar-layout":"default","site-content-layout":"default","ast-global-header-display":"","ast-main-header-display":"","ast-hfb-above-header-display":"","ast-hfb-below-header-display":"","ast-hfb-mobile-header-display":"","site-post-title":"","ast-breadcrumbs-content":"","ast-featured-img":"","footer-sml-layout":"","theme-transparent-header-meta":"","adv-header-id-meta":"","stick-header-meta":"","header-above-stick-meta":"","header-main-stick-meta":"","header-below-stick-meta":""},"pwb-brand":[24],"product_cat":[184],"product_tag":[],"class_list":{"0":"post-81228","1":"product","2":"type-product","3":"status-publish","5":"pwb-brand-hella","6":"product_cat-kampiakselin-asentotunnistin","7":"desktop-align-left","8":"tablet-align-left","9":"mobile-align-left","11":"first","12":"instock","13":"product-type-external"},"brands":[{"id":24,"name":"HELLA","slug":"hella"}],"_links":{"self":[{"href":"https:\/\/www.autonvaraosahaku.fi\/index.php?rest_route=\/wp\/v2\/product\/81228","targetHints":{"allow":["GET"]}}],"collection":[{"href":"https:\/\/www.autonvaraosahaku.fi\/index.php?rest_route=\/wp\/v2\/product"}],"about":[{"href":"https:\/\/www.autonvaraosahaku.fi\/index.php?rest_route=\/wp\/v2\/types\/product"}],"wp:attachment":[{"href":"https:\/\/www.autonvaraosahaku.fi\/index.php?rest_route=%2Fwp%2Fv2%2Fmedia&parent=81228"}],"wp:term":[{"taxonomy":"pwb-brand","embeddable":true,"href":"https:\/\/www.autonvaraosahaku.fi\/index.php?rest_route=%2Fwp%2Fv2%2Fpwb-brand&post=81228"},{"taxonomy":"product_cat","embeddable":true,"href":"https:\/\/www.autonvaraosahaku.fi\/index.php?rest_route=%2Fwp%2Fv2%2Fproduct_cat&post=81228"},{"taxonomy":"product_tag","embeddable":true,"href":"https:\/\/www.autonvaraosahaku.fi\/index.php?rest_route=%2Fwp%2Fv2%2Fproduct_tag&post=81228"}],"curies":[{"name":"wp","href":"https:\/\/api.w.org\/{rel}","templated":true}]}}