{"id":81233,"date":"2021-02-21T20:15:30","date_gmt":"2021-02-21T20:15:30","guid":{"rendered":"https:\/\/www.autonvaraosahaku.fi\/?product=denso-dan1013-laturi"},"modified":"2021-02-21T20:15:31","modified_gmt":"2021-02-21T20:15:31","slug":"denso-dan1013-laturi","status":"publish","type":"product","link":"https:\/\/www.autonvaraosahaku.fi\/?product=denso-dan1013-laturi","title":{"rendered":"DENSO DAN1013 Laturi"},"content":{"rendered":"<p>Laturi varausvirta (A): 130; Laatu: OE; kiiloja: 7; Hihnapy\u00f6r\u00e4-\u00d8[mm]: 58; Hihnapy\u00f6r\u00e4t: V\u00e4lihihnapy\u00f6r\u00e4ll\u00e4; Ajoneuvon virtapiiri: Autoihin joissa 12V virtapiiri; Nimellisj\u00e4nnite (V): 14; Uusi osa: ; Valmistusvuoteen: 05\/2015; TOYOTA: COROLLA Verso ZER_, ZZE12_, R1_,RAV 4 III ACA3_, ACE_, ALA3_, GSA3_, ZSA3_,AVENSIS Station Wagon ZRT27, ADT27,VERSO _AUR2_, _ZGR2_,AVENSIS Stufenheck ZRT27, ADT27; LEXUS: IS II GSE2_, ALE2_, USE2_; 2706026030, 270600G021, 270600R080, 2706026030; Generaattori<\/p>\n","protected":false},"excerpt":{"rendered":"<p>DENSO Laturi DAN1013 Generaattori TOYOTA,LEXUS,COROLLA Verso ZER_, ZZE12_, R1_,RAV 4 III ACA3_, ACE_, ALA3_, GSA3_, ZSA3_<\/p>\n","protected":false},"featured_media":0,"template":"","meta":{"site-sidebar-layout":"default","site-content-layout":"default","ast-global-header-display":"","ast-main-header-display":"","ast-hfb-above-header-display":"","ast-hfb-below-header-display":"","ast-hfb-mobile-header-display":"","site-post-title":"","ast-breadcrumbs-content":"","ast-featured-img":"","footer-sml-layout":"","theme-transparent-header-meta":"","adv-header-id-meta":"","stick-header-meta":"","header-above-stick-meta":"","header-main-stick-meta":"","header-below-stick-meta":""},"pwb-brand":[278],"product_cat":[357],"product_tag":[],"class_list":{"0":"post-81233","1":"product","2":"type-product","3":"status-publish","5":"pwb-brand-denso","6":"product_cat-laturi","7":"desktop-align-left","8":"tablet-align-left","9":"mobile-align-left","11":"first","12":"instock","13":"product-type-external"},"brands":[{"id":278,"name":"DENSO","slug":"denso"}],"_links":{"self":[{"href":"https:\/\/www.autonvaraosahaku.fi\/index.php?rest_route=\/wp\/v2\/product\/81233","targetHints":{"allow":["GET"]}}],"collection":[{"href":"https:\/\/www.autonvaraosahaku.fi\/index.php?rest_route=\/wp\/v2\/product"}],"about":[{"href":"https:\/\/www.autonvaraosahaku.fi\/index.php?rest_route=\/wp\/v2\/types\/product"}],"wp:attachment":[{"href":"https:\/\/www.autonvaraosahaku.fi\/index.php?rest_route=%2Fwp%2Fv2%2Fmedia&parent=81233"}],"wp:term":[{"taxonomy":"pwb-brand","embeddable":true,"href":"https:\/\/www.autonvaraosahaku.fi\/index.php?rest_route=%2Fwp%2Fv2%2Fpwb-brand&post=81233"},{"taxonomy":"product_cat","embeddable":true,"href":"https:\/\/www.autonvaraosahaku.fi\/index.php?rest_route=%2Fwp%2Fv2%2Fproduct_cat&post=81233"},{"taxonomy":"product_tag","embeddable":true,"href":"https:\/\/www.autonvaraosahaku.fi\/index.php?rest_route=%2Fwp%2Fv2%2Fproduct_tag&post=81233"}],"curies":[{"name":"wp","href":"https:\/\/api.w.org\/{rel}","templated":true}]}}