{"id":8127,"date":"2021-02-21T14:02:10","date_gmt":"2021-02-21T14:02:10","guid":{"rendered":"https:\/\/www.autonvaraosahaku.fi\/?product=master-sport-3078-lf-pcs-ms-ilmansuodatin"},"modified":"2021-02-21T14:02:11","modified_gmt":"2021-02-21T14:02:11","slug":"master-sport-3078-lf-pcs-ms-ilmansuodatin","status":"publish","type":"product","link":"https:\/\/www.autonvaraosahaku.fi\/?product=master-sport-3078-lf-pcs-ms-ilmansuodatin","title":{"rendered":"MASTER-SPORT 3078-LF-PCS-MS Ilmansuodatin"},"content":{"rendered":"<p>Sis\u00e4l\u00e4pimitta [mm]: 240; Ulkol\u00e4pimitta [mm]: 294; Korkeus (mm): 70; Sis\u00e4l\u00e4pimitta 1 [mm]: 240; Nettopaino [kg]: 0,26; Bruttopaino [kg]: 0,3; Valmistusvuosi alkaen: 01\/2000; FIAT: PUNTO 188,DOBLO Cargo 223,DOBLO 119,PUNTO Van 188AX; LANCIA: Y 840A; PC2404E, 46536222, 71754083<\/p>\n","protected":false},"excerpt":{"rendered":"<p>MASTER-SPORT Ilmansuodatin 3078-LF-PCS-MS  FIAT,LANCIA,PUNTO 188,DOBLO Cargo 223,DOBLO 119,PUNTO Van 188AX,Y 840A<\/p>\n","protected":false},"featured_media":0,"template":"","meta":{"site-sidebar-layout":"default","site-content-layout":"default","ast-global-header-display":"","ast-main-header-display":"","ast-hfb-above-header-display":"","ast-hfb-below-header-display":"","ast-hfb-mobile-header-display":"","site-post-title":"","ast-breadcrumbs-content":"","ast-featured-img":"","footer-sml-layout":"","theme-transparent-header-meta":"","adv-header-id-meta":"","stick-header-meta":"","header-above-stick-meta":"","header-main-stick-meta":"","header-below-stick-meta":""},"pwb-brand":[61],"product_cat":[31],"product_tag":[],"class_list":{"0":"post-8127","1":"product","2":"type-product","3":"status-publish","5":"pwb-brand-master-sport","6":"product_cat-ilmansuodatin","7":"desktop-align-left","8":"tablet-align-left","9":"mobile-align-left","11":"first","12":"instock","13":"product-type-external"},"brands":[{"id":61,"name":"MASTER-SPORT","slug":"master-sport"}],"_links":{"self":[{"href":"https:\/\/www.autonvaraosahaku.fi\/index.php?rest_route=\/wp\/v2\/product\/8127","targetHints":{"allow":["GET"]}}],"collection":[{"href":"https:\/\/www.autonvaraosahaku.fi\/index.php?rest_route=\/wp\/v2\/product"}],"about":[{"href":"https:\/\/www.autonvaraosahaku.fi\/index.php?rest_route=\/wp\/v2\/types\/product"}],"wp:attachment":[{"href":"https:\/\/www.autonvaraosahaku.fi\/index.php?rest_route=%2Fwp%2Fv2%2Fmedia&parent=8127"}],"wp:term":[{"taxonomy":"pwb-brand","embeddable":true,"href":"https:\/\/www.autonvaraosahaku.fi\/index.php?rest_route=%2Fwp%2Fv2%2Fpwb-brand&post=8127"},{"taxonomy":"product_cat","embeddable":true,"href":"https:\/\/www.autonvaraosahaku.fi\/index.php?rest_route=%2Fwp%2Fv2%2Fproduct_cat&post=8127"},{"taxonomy":"product_tag","embeddable":true,"href":"https:\/\/www.autonvaraosahaku.fi\/index.php?rest_route=%2Fwp%2Fv2%2Fproduct_tag&post=8127"}],"curies":[{"name":"wp","href":"https:\/\/api.w.org\/{rel}","templated":true}]}}