{"id":81602,"date":"2021-02-21T20:17:47","date_gmt":"2021-02-21T20:17:47","guid":{"rendered":"https:\/\/www.autonvaraosahaku.fi\/?product=vaico-v46-40007-jarrulevyt"},"modified":"2021-02-21T20:17:51","modified_gmt":"2021-02-21T20:17:51","slug":"vaico-v46-40007-jarrulevyt","status":"publish","type":"product","link":"https:\/\/www.autonvaraosahaku.fi\/?product=vaico-v46-40007-jarrulevyt","title":{"rendered":"VAICO V46-40007 Jarrulevyt"},"content":{"rendered":"<p>Jarrulevyn navan korkeus [mm]: 71,2; Asennuspuoli: Taka-akseli, Taka-akseli; Vanne, aukkoja: 4; Korkeus (mm): 82,2; Jarru-\/ajodynamiikka: Autoihin, joissa ABS; Jarrulevytyyppi: Vakiomalli; Jarrutyyppi: Jarrulevy, laakerilla; Jarrulevyn paksuus (mm): 10,9, 10,9; V\u00e4himm\u00e4ispaksuus (mm): 9,5; Ulkol\u00e4pimitta [mm]: 274; keskitt\u00e4misl\u00e4pimitta [mm]: 62, 62; Reik\u00e4ympyr\u00e4-\u00d8 [mm]: 100; Pakkausleveys [cm]: 28, 28; Pakkauskorkeus [mm]: 9, 9; Pakkaussyvyys [cm]: 28, 28; t\u00e4ytt\u00e4\u00e4 ECE-normin: R90; Paino [kg]: 7,679; lis\u00e4tieto: CST99; Jarrut: f\u00fcr Fahrzeuge mit Scheibenbremse an der Hinterachse; RENAULT: SC\u00c9NIC I JA0\/1_,MEGANE Scenic JA0\/1_,GRAND SC\u00c9NIC II JM0\/1_,MEGANE I Grandtour KA0\/1_; 7701206328, 7701208230, 8660001815, 8671018263; Jarrulevy<\/p>\n","protected":false},"excerpt":{"rendered":"<p>VAICO Jarrulevyt V46-40007 Jarrulevy RENAULT,SC\u00c9NIC I JA0\/1_,MEGANE Scenic JA0\/1_,GRAND SC\u00c9NIC II JM0\/1_,MEGANE I Grandtour KA0\/1_<\/p>\n","protected":false},"featured_media":0,"template":"","meta":{"site-sidebar-layout":"default","site-content-layout":"default","ast-global-header-display":"","ast-main-header-display":"","ast-hfb-above-header-display":"","ast-hfb-below-header-display":"","ast-hfb-mobile-header-display":"","site-post-title":"","ast-breadcrumbs-content":"","ast-featured-img":"","footer-sml-layout":"","theme-transparent-header-meta":"","adv-header-id-meta":"","stick-header-meta":"","header-above-stick-meta":"","header-main-stick-meta":"","header-below-stick-meta":""},"pwb-brand":[330],"product_cat":[66],"product_tag":[],"class_list":{"0":"post-81602","1":"product","2":"type-product","3":"status-publish","5":"pwb-brand-vaico","6":"product_cat-jarrulevyt","7":"desktop-align-left","8":"tablet-align-left","9":"mobile-align-left","11":"first","12":"instock","13":"product-type-external"},"brands":[{"id":330,"name":"VAICO","slug":"vaico"}],"_links":{"self":[{"href":"https:\/\/www.autonvaraosahaku.fi\/index.php?rest_route=\/wp\/v2\/product\/81602","targetHints":{"allow":["GET"]}}],"collection":[{"href":"https:\/\/www.autonvaraosahaku.fi\/index.php?rest_route=\/wp\/v2\/product"}],"about":[{"href":"https:\/\/www.autonvaraosahaku.fi\/index.php?rest_route=\/wp\/v2\/types\/product"}],"wp:attachment":[{"href":"https:\/\/www.autonvaraosahaku.fi\/index.php?rest_route=%2Fwp%2Fv2%2Fmedia&parent=81602"}],"wp:term":[{"taxonomy":"pwb-brand","embeddable":true,"href":"https:\/\/www.autonvaraosahaku.fi\/index.php?rest_route=%2Fwp%2Fv2%2Fpwb-brand&post=81602"},{"taxonomy":"product_cat","embeddable":true,"href":"https:\/\/www.autonvaraosahaku.fi\/index.php?rest_route=%2Fwp%2Fv2%2Fproduct_cat&post=81602"},{"taxonomy":"product_tag","embeddable":true,"href":"https:\/\/www.autonvaraosahaku.fi\/index.php?rest_route=%2Fwp%2Fv2%2Fproduct_tag&post=81602"}],"curies":[{"name":"wp","href":"https:\/\/api.w.org\/{rel}","templated":true}]}}