{"id":82047,"date":"2021-02-21T20:20:32","date_gmt":"2021-02-21T20:20:32","guid":{"rendered":"https:\/\/www.autonvaraosahaku.fi\/?product=febi-bilstein-45149-pyoranpultit"},"modified":"2021-02-21T20:20:37","modified_gmt":"2021-02-21T20:20:37","slug":"febi-bilstein-45149-pyoranpultit","status":"publish","type":"product","link":"https:\/\/www.autonvaraosahaku.fi\/?product=febi-bilstein-45149-pyoranpultit","title":{"rendered":"FEBI BILSTEIN 45149 Py\u00f6r\u00e4npultit"},"content":{"rendered":"<p>Paksuus [mm]: 26,0; Ulkol\u00e4pimitta [mm]: 44,0; Sis\u00e4kierre (mm): M20 x 1,5; Laatu \/ luokka: 10; Avainv\u00e4li: 30; Ruuvikanta\/mutteriprofiili: Kuusioruuvi \/-mutteri; Py\u00f6r\u00e4n kiinnitys: Sile\u00e4 istukka; Materiaali: Ter\u00e4s; Pinta: Geomet\u00aerisoitu; Paino [kg]: 0,138, 0,138; Moottorinumero: D0824LFL01; MERCEDES-BENZ: ACTROS MP2 \/ MP3,ACTROS MP4 \/ MP5,ANTOS,ATEGO,ATEGO 2,ATEGO 3,AXOR,AXOR 2,UNIMOG; MAN: E2000,F2000,F90,F90 Unterflur,G,G90,HOCL,L2000,LION\u00b4S CITY,M 2000 L,M 2000 M,M90,TGA,TGM,TGS,TGX; 504125330, 81455030030, 81455030032, 81455030048, 81455030061, 0009905153, 0009906153, A0009905153, A0009906153; Py\u00f6r\u00e4n Mutteri<\/p>\n","protected":false},"excerpt":{"rendered":"<p>FEBI BILSTEIN Py\u00f6r\u00e4nmutterit febi Plus 45149 Py\u00f6r\u00e4n Mutteri MERCEDES-BENZ,MAN,ACTROS MP2 \/ MP3,ACTROS MP4 \/ MP5,ANTOS,ATEGO,ATEGO 2,ATEGO 3,AXOR<\/p>\n","protected":false},"featured_media":0,"template":"","meta":{"site-sidebar-layout":"default","site-content-layout":"default","ast-global-header-display":"","ast-main-header-display":"","ast-hfb-above-header-display":"","ast-hfb-below-header-display":"","ast-hfb-mobile-header-display":"","site-post-title":"","ast-breadcrumbs-content":"","ast-featured-img":"","footer-sml-layout":"","theme-transparent-header-meta":"","adv-header-id-meta":"","stick-header-meta":"","header-above-stick-meta":"","header-main-stick-meta":"","header-below-stick-meta":""},"pwb-brand":[50],"product_cat":[51],"product_tag":[],"class_list":{"0":"post-82047","1":"product","2":"type-product","3":"status-publish","5":"pwb-brand-febi-bilstein","6":"product_cat-pyoranpultit","7":"desktop-align-left","8":"tablet-align-left","9":"mobile-align-left","11":"first","12":"instock","13":"product-type-external"},"brands":[{"id":50,"name":"FEBI BILSTEIN","slug":"febi-bilstein"}],"_links":{"self":[{"href":"https:\/\/www.autonvaraosahaku.fi\/index.php?rest_route=\/wp\/v2\/product\/82047","targetHints":{"allow":["GET"]}}],"collection":[{"href":"https:\/\/www.autonvaraosahaku.fi\/index.php?rest_route=\/wp\/v2\/product"}],"about":[{"href":"https:\/\/www.autonvaraosahaku.fi\/index.php?rest_route=\/wp\/v2\/types\/product"}],"wp:attachment":[{"href":"https:\/\/www.autonvaraosahaku.fi\/index.php?rest_route=%2Fwp%2Fv2%2Fmedia&parent=82047"}],"wp:term":[{"taxonomy":"pwb-brand","embeddable":true,"href":"https:\/\/www.autonvaraosahaku.fi\/index.php?rest_route=%2Fwp%2Fv2%2Fpwb-brand&post=82047"},{"taxonomy":"product_cat","embeddable":true,"href":"https:\/\/www.autonvaraosahaku.fi\/index.php?rest_route=%2Fwp%2Fv2%2Fproduct_cat&post=82047"},{"taxonomy":"product_tag","embeddable":true,"href":"https:\/\/www.autonvaraosahaku.fi\/index.php?rest_route=%2Fwp%2Fv2%2Fproduct_tag&post=82047"}],"curies":[{"name":"wp","href":"https:\/\/api.w.org\/{rel}","templated":true}]}}