{"id":82525,"date":"2021-02-21T20:23:31","date_gmt":"2021-02-21T20:23:31","guid":{"rendered":"https:\/\/www.autonvaraosahaku.fi\/?product=mahle-original-ox-150d-oljynsuodatin"},"modified":"2021-02-21T20:23:36","modified_gmt":"2021-02-21T20:23:36","slug":"mahle-original-ox-150d-oljynsuodatin","status":"publish","type":"product","link":"https:\/\/www.autonvaraosahaku.fi\/?product=mahle-original-ox-150d-oljynsuodatin","title":{"rendered":"MAHLE ORIGINAL OX 150D \u00d6ljynsuodatin"},"content":{"rendered":"<p>Suodatintyyppi: Suodatinpanos; Korkeus (mm): 136,0; Korkeus 1 (mm): 130,0; L\u00e4pimitta [mm]: 83,5; Sis\u00e4l\u00e4pimitta 1 [mm]: 23,4; L\u00e4pimitta 3 [mm]: 23,4; Tiivisteen l\u00e4pimitta [mm]: 23,4, 23,4; Valmistusvuosi alkaen: 03\/1977; MERCEDES-BENZ: T2\/L Kasten\/Kombi,T2\/LN1 Kasten\/Kombi,T2\/L Pritsche\/Fahrgestell,T2\/LN1 Pritsche\/Fahrgestell,T2\/LN1 Kipper,T2\/L Kipper,T2\/LN1 Bus,T2\/LN1 Triebkopf,ACCELO,LK\/LN2,LP,MB-TRAC,NG,O 309,UNIMOG; 51055040056, 51055040097, 0001800909, 0011844125, 0011844425, 0011845125, 0011845425, 11844125, 11844425, 11845125, 11845425, 1800909, 3141800109, 3641800009, 3641800109, 3641800110, 3641800309, 3661840225, 3661840225OD, 3661840255, 3661841125, 3661841225, 3741800009, A0001800909, A0011844125, A0011844425, A0011845125, A0011845425, A3141800109, A3641800009, A3641800109, A3641800110, A3641800309, A3661840225, A3661840225OD, A3661840255, A3661841125, A3661841225, A3741800009, 5000133555, 5000133555, 5001846627, 1561380001<\/p>\n","protected":false},"excerpt":{"rendered":"<p>MAHLE ORIGINAL \u00d6ljynsuodatin OX 150D  MERCEDES-BENZ,T2\/L Kasten\/Kombi,T2\/LN1 Kasten\/Kombi,T2\/L Pritsche\/Fahrgestell,T2\/LN1 Pritsche\/Fahrgestell<\/p>\n","protected":false},"featured_media":0,"template":"","meta":{"site-sidebar-layout":"default","site-content-layout":"default","ast-global-header-display":"","ast-main-header-display":"","ast-hfb-above-header-display":"","ast-hfb-below-header-display":"","ast-hfb-mobile-header-display":"","site-post-title":"","ast-breadcrumbs-content":"","ast-featured-img":"","footer-sml-layout":"","theme-transparent-header-meta":"","adv-header-id-meta":"","stick-header-meta":"","header-above-stick-meta":"","header-main-stick-meta":"","header-below-stick-meta":""},"pwb-brand":[153],"product_cat":[30],"product_tag":[],"class_list":{"0":"post-82525","1":"product","2":"type-product","3":"status-publish","5":"pwb-brand-mahle-original","6":"product_cat-oljynsuodatin","7":"desktop-align-left","8":"tablet-align-left","9":"mobile-align-left","11":"first","12":"instock","13":"product-type-external"},"brands":[{"id":153,"name":"MAHLE ORIGINAL","slug":"mahle-original"}],"_links":{"self":[{"href":"https:\/\/www.autonvaraosahaku.fi\/index.php?rest_route=\/wp\/v2\/product\/82525","targetHints":{"allow":["GET"]}}],"collection":[{"href":"https:\/\/www.autonvaraosahaku.fi\/index.php?rest_route=\/wp\/v2\/product"}],"about":[{"href":"https:\/\/www.autonvaraosahaku.fi\/index.php?rest_route=\/wp\/v2\/types\/product"}],"wp:attachment":[{"href":"https:\/\/www.autonvaraosahaku.fi\/index.php?rest_route=%2Fwp%2Fv2%2Fmedia&parent=82525"}],"wp:term":[{"taxonomy":"pwb-brand","embeddable":true,"href":"https:\/\/www.autonvaraosahaku.fi\/index.php?rest_route=%2Fwp%2Fv2%2Fpwb-brand&post=82525"},{"taxonomy":"product_cat","embeddable":true,"href":"https:\/\/www.autonvaraosahaku.fi\/index.php?rest_route=%2Fwp%2Fv2%2Fproduct_cat&post=82525"},{"taxonomy":"product_tag","embeddable":true,"href":"https:\/\/www.autonvaraosahaku.fi\/index.php?rest_route=%2Fwp%2Fv2%2Fproduct_tag&post=82525"}],"curies":[{"name":"wp","href":"https:\/\/api.w.org\/{rel}","templated":true}]}}