{"id":82718,"date":"2021-02-21T20:24:46","date_gmt":"2021-02-21T20:24:46","guid":{"rendered":"https:\/\/www.autonvaraosahaku.fi\/?product=lpr-ds39134-vetoakseli"},"modified":"2021-02-21T20:24:49","modified_gmt":"2021-02-21T20:24:49","slug":"lpr-ds39134-vetoakseli","status":"publish","type":"product","link":"https:\/\/www.autonvaraosahaku.fi\/?product=lpr-ds39134-vetoakseli","title":{"rendered":"LPR DS39134 Vetoakseli"},"content":{"rendered":"<p>Pituus (mm): 626; Kierremitta: 20&#215;1,5, 20&#215;1,5; Ulkohammastus, py\u00f6r\u00e4npuoli: 21; Hammasluku, ABS-keh\u00e4: 26; Ulkol\u00e4pimitta 1 [mm]: 86; Vaihteistomalli: JB1\/JB3; RENAULT: CLIO II BB0\/1\/2_, CB0\/1\/2_,KANGOO KC0\/1_,KANGOO Express FC0\/1_,CLIO II Kasten SB0\/1\/2_,THALIA I LB0\/1\/2_; 7700103729, 7700106007, 7700109012, 7700109213, 7700109215, 7700110484, 7700111259, 7700111367, 7701352770, 7711135246, 8200064947, 8200231680<\/p>\n","protected":false},"excerpt":{"rendered":"<p>LPR Vetoakseli DS39134  RENAULT,CLIO II BB0\/1\/2_, CB0\/1\/2_,KANGOO KC0\/1_,KANGOO Express FC0\/1_,CLIO II Kasten SB0\/1\/2_,THALIA I LB0\/1\/2_<\/p>\n","protected":false},"featured_media":0,"template":"","meta":{"site-sidebar-layout":"default","site-content-layout":"default","ast-global-header-display":"","ast-main-header-display":"","ast-hfb-above-header-display":"","ast-hfb-below-header-display":"","ast-hfb-mobile-header-display":"","site-post-title":"","ast-breadcrumbs-content":"","ast-featured-img":"","footer-sml-layout":"","theme-transparent-header-meta":"","adv-header-id-meta":"","stick-header-meta":"","header-above-stick-meta":"","header-main-stick-meta":"","header-below-stick-meta":""},"pwb-brand":[238],"product_cat":[215],"product_tag":[],"class_list":{"0":"post-82718","1":"product","2":"type-product","3":"status-publish","5":"pwb-brand-lpr","6":"product_cat-vetoakseli","7":"desktop-align-left","8":"tablet-align-left","9":"mobile-align-left","11":"first","12":"instock","13":"product-type-external"},"brands":[{"id":238,"name":"LPR","slug":"lpr"}],"_links":{"self":[{"href":"https:\/\/www.autonvaraosahaku.fi\/index.php?rest_route=\/wp\/v2\/product\/82718","targetHints":{"allow":["GET"]}}],"collection":[{"href":"https:\/\/www.autonvaraosahaku.fi\/index.php?rest_route=\/wp\/v2\/product"}],"about":[{"href":"https:\/\/www.autonvaraosahaku.fi\/index.php?rest_route=\/wp\/v2\/types\/product"}],"wp:attachment":[{"href":"https:\/\/www.autonvaraosahaku.fi\/index.php?rest_route=%2Fwp%2Fv2%2Fmedia&parent=82718"}],"wp:term":[{"taxonomy":"pwb-brand","embeddable":true,"href":"https:\/\/www.autonvaraosahaku.fi\/index.php?rest_route=%2Fwp%2Fv2%2Fpwb-brand&post=82718"},{"taxonomy":"product_cat","embeddable":true,"href":"https:\/\/www.autonvaraosahaku.fi\/index.php?rest_route=%2Fwp%2Fv2%2Fproduct_cat&post=82718"},{"taxonomy":"product_tag","embeddable":true,"href":"https:\/\/www.autonvaraosahaku.fi\/index.php?rest_route=%2Fwp%2Fv2%2Fproduct_tag&post=82718"}],"curies":[{"name":"wp","href":"https:\/\/api.w.org\/{rel}","templated":true}]}}