{"id":82853,"date":"2021-02-21T20:25:38","date_gmt":"2021-02-21T20:25:38","guid":{"rendered":"https:\/\/www.autonvaraosahaku.fi\/?product=peters-ennepetal-017-012-00a-muut-luokat"},"modified":"2021-02-21T20:25:40","modified_gmt":"2021-02-21T20:25:40","slug":"peters-ennepetal-017-012-00a-muut-luokat","status":"publish","type":"product","link":"https:\/\/www.autonvaraosahaku.fi\/?product=peters-ennepetal-017-012-00a-muut-luokat","title":{"rendered":"PETERS ENNEPETAL 017.012-00A Muut luokat"},"content":{"rendered":"<p>Sis\u00e4l\u00e4pimitta [mm]: 18; Ulkol\u00e4pimitta [mm]: 26; Korkeus (mm): 3,0; Paino [kg]: 0,0055; Asennuspuoli: hinten links; MERCEDES-BENZ: ATEGO,ATEGO 2,LK\/LN2,LP; 3249970026<\/p>\n","protected":false},"excerpt":{"rendered":"<p>PETERS ENNEPETAL Keskitysrengas, Vanne 017.012-00A  MERCEDES-BENZ,ATEGO,ATEGO 2,LK\/LN2,LP<\/p>\n","protected":false},"featured_media":0,"template":"","meta":{"site-sidebar-layout":"default","site-content-layout":"default","ast-global-header-display":"","ast-main-header-display":"","ast-hfb-above-header-display":"","ast-hfb-below-header-display":"","ast-hfb-mobile-header-display":"","site-post-title":"","ast-breadcrumbs-content":"","ast-featured-img":"","footer-sml-layout":"","theme-transparent-header-meta":"","adv-header-id-meta":"","stick-header-meta":"","header-above-stick-meta":"","header-main-stick-meta":"","header-below-stick-meta":""},"pwb-brand":[516],"product_cat":[37],"product_tag":[],"class_list":{"0":"post-82853","1":"product","2":"type-product","3":"status-publish","5":"pwb-brand-peters-ennepetal","6":"product_cat-muut-luokat","7":"desktop-align-left","8":"tablet-align-left","9":"mobile-align-left","11":"first","12":"instock","13":"product-type-external"},"brands":[{"id":516,"name":"PETERS ENNEPETAL","slug":"peters-ennepetal"}],"_links":{"self":[{"href":"https:\/\/www.autonvaraosahaku.fi\/index.php?rest_route=\/wp\/v2\/product\/82853","targetHints":{"allow":["GET"]}}],"collection":[{"href":"https:\/\/www.autonvaraosahaku.fi\/index.php?rest_route=\/wp\/v2\/product"}],"about":[{"href":"https:\/\/www.autonvaraosahaku.fi\/index.php?rest_route=\/wp\/v2\/types\/product"}],"wp:attachment":[{"href":"https:\/\/www.autonvaraosahaku.fi\/index.php?rest_route=%2Fwp%2Fv2%2Fmedia&parent=82853"}],"wp:term":[{"taxonomy":"pwb-brand","embeddable":true,"href":"https:\/\/www.autonvaraosahaku.fi\/index.php?rest_route=%2Fwp%2Fv2%2Fpwb-brand&post=82853"},{"taxonomy":"product_cat","embeddable":true,"href":"https:\/\/www.autonvaraosahaku.fi\/index.php?rest_route=%2Fwp%2Fv2%2Fproduct_cat&post=82853"},{"taxonomy":"product_tag","embeddable":true,"href":"https:\/\/www.autonvaraosahaku.fi\/index.php?rest_route=%2Fwp%2Fv2%2Fproduct_tag&post=82853"}],"curies":[{"name":"wp","href":"https:\/\/api.w.org\/{rel}","templated":true}]}}