{"id":83173,"date":"2021-02-21T20:27:39","date_gmt":"2021-02-21T20:27:39","guid":{"rendered":"https:\/\/www.autonvaraosahaku.fi\/?product=ate-24-0220-0009-1-jarrurumpu"},"modified":"2021-02-21T20:27:40","modified_gmt":"2021-02-21T20:27:40","slug":"ate-24-0220-0009-1-jarrurumpu","status":"publish","type":"product","link":"https:\/\/www.autonvaraosahaku.fi\/?product=ate-24-0220-0009-1-jarrurumpu","title":{"rendered":"ATE 24.0220-0009.1 Jarrurumpu"},"content":{"rendered":"<p>Rumpul\u00e4pimitta: 200,0; Suurin mahdollinen rummun sis\u00e4mitta (mm): 201,5; J-rumpu sis\u00e4leveys [mm]: 40,3; Reikien m\u00e4\u00e4r\u00e4: 4; Reik\u00e4ympyr\u00e4-\u00d8 [mm]: 108,0; Reik\u00e4-\u00d8 [mm]: 14,0; J-rumpu ulkoleveys [mm]: 57,4; Jarrurummun ulkol\u00e4pim. [mm]: 244,0; L\u00e4pimitta sis\u00e4\u00e4notto [mm]: 63,5; MAPP-koodi saatavilla: ; Asennuspuoli: Hinterachse; FORD: FIESTA VI,FIESTA Stufenheck JA8 JR8,FIESTA VI Van; 1523797, 1535923, 5214583, 8V511113AB, C1BC1126AA<\/p>\n","protected":false},"excerpt":{"rendered":"<p>ATE Jarrurumpu 24.0220-0009.1  FORD,FIESTA VI,FIESTA Stufenheck JA8 JR8,FIESTA VI Van<\/p>\n","protected":false},"featured_media":0,"template":"","meta":{"site-sidebar-layout":"default","site-content-layout":"default","ast-global-header-display":"","ast-main-header-display":"","ast-hfb-above-header-display":"","ast-hfb-below-header-display":"","ast-hfb-mobile-header-display":"","site-post-title":"","ast-breadcrumbs-content":"","ast-featured-img":"","footer-sml-layout":"","theme-transparent-header-meta":"","adv-header-id-meta":"","stick-header-meta":"","header-above-stick-meta":"","header-main-stick-meta":"","header-below-stick-meta":""},"pwb-brand":[108],"product_cat":[304],"product_tag":[],"class_list":{"0":"post-83173","1":"product","2":"type-product","3":"status-publish","5":"pwb-brand-ate","6":"product_cat-jarrurumpu","7":"desktop-align-left","8":"tablet-align-left","9":"mobile-align-left","11":"first","12":"instock","13":"product-type-external"},"brands":[{"id":108,"name":"ATE","slug":"ate"}],"_links":{"self":[{"href":"https:\/\/www.autonvaraosahaku.fi\/index.php?rest_route=\/wp\/v2\/product\/83173","targetHints":{"allow":["GET"]}}],"collection":[{"href":"https:\/\/www.autonvaraosahaku.fi\/index.php?rest_route=\/wp\/v2\/product"}],"about":[{"href":"https:\/\/www.autonvaraosahaku.fi\/index.php?rest_route=\/wp\/v2\/types\/product"}],"wp:attachment":[{"href":"https:\/\/www.autonvaraosahaku.fi\/index.php?rest_route=%2Fwp%2Fv2%2Fmedia&parent=83173"}],"wp:term":[{"taxonomy":"pwb-brand","embeddable":true,"href":"https:\/\/www.autonvaraosahaku.fi\/index.php?rest_route=%2Fwp%2Fv2%2Fpwb-brand&post=83173"},{"taxonomy":"product_cat","embeddable":true,"href":"https:\/\/www.autonvaraosahaku.fi\/index.php?rest_route=%2Fwp%2Fv2%2Fproduct_cat&post=83173"},{"taxonomy":"product_tag","embeddable":true,"href":"https:\/\/www.autonvaraosahaku.fi\/index.php?rest_route=%2Fwp%2Fv2%2Fproduct_tag&post=83173"}],"curies":[{"name":"wp","href":"https:\/\/api.w.org\/{rel}","templated":true}]}}