{"id":83504,"date":"2021-02-21T20:29:39","date_gmt":"2021-02-21T20:29:39","guid":{"rendered":"https:\/\/www.autonvaraosahaku.fi\/?product=swag-10-99-0010-paisuntasailion-korkki"},"modified":"2021-02-21T20:29:44","modified_gmt":"2021-02-21T20:29:44","slug":"swag-10-99-0010-paisuntasailion-korkki","status":"publish","type":"product","link":"https:\/\/www.autonvaraosahaku.fi\/?product=swag-10-99-0010-paisuntasailion-korkki","title":{"rendered":"SWAG 10 99 0010 Paisuntas\u00e4ili\u00f6n korkki"},"content":{"rendered":"<p>Paksuus [mm]: 9,5, 25,0; Sis\u00e4l\u00e4pimitta [mm]: 37,0, 51,0; Ulkol\u00e4pimitta [mm]: 57,5; V\u00e4ri: Musta; Materiaali: Ter\u00e4slevy, Kumi; Kytkent\u00e4piste (bar): 1,4; Pinta: Sinkitetty; Paino [kg]: 0,072, 0,072; Alustanumerosta: A 195268; MERCEDES-BENZ: C-CLASS W202,190 W201,SLK R170,E-CLASS W210,Stufenheck W124,E-CLASS Kombi S210,CLK C208,SL R129,SL R107,C-CLASS Kombi S202,S-CLASS W126,KOMBI Kombi S124,E-CLASS W124,G-CLASS W463,VITO Bus 638,CLK Cabriolet A208,COUPE C124,S-CLASS W140,E-CLASS Kombi S124,V-CLASS 638\/2,S-CLASS Coupe C126,VITO Kasten 638,E-CLASS Cabriolet A124,E-CLASS Coupe C124,S-CLASS Coupe C140,CABRIOLET A124,G-CLASS Cabrio W463; 1235010115, 1235010215, 1245000106, 1245000406, 1245010515, 1295000006, 2025000406, A1235010115, A1235010215, A1245000106, A1245000406, A1245010515, A1295000006, A2025000406; Korkki, Paisuntas\u00e4ili\u00f6<\/p>\n","protected":false},"excerpt":{"rendered":"<p>SWAG Paisuntas\u00e4ili\u00f6n Korkki 10 99 0010 Korkki, Paisuntas\u00e4ili\u00f6 MERCEDES-BENZ,C-CLASS W202,190 W201,SLK R170,E-CLASS W210,Stufenheck W124<\/p>\n","protected":false},"featured_media":0,"template":"","meta":{"site-sidebar-layout":"default","site-content-layout":"default","ast-global-header-display":"","ast-main-header-display":"","ast-hfb-above-header-display":"","ast-hfb-below-header-display":"","ast-hfb-mobile-header-display":"","site-post-title":"","ast-breadcrumbs-content":"","ast-featured-img":"","footer-sml-layout":"","theme-transparent-header-meta":"","adv-header-id-meta":"","stick-header-meta":"","header-above-stick-meta":"","header-main-stick-meta":"","header-below-stick-meta":""},"pwb-brand":[103],"product_cat":[99],"product_tag":[],"class_list":{"0":"post-83504","1":"product","2":"type-product","3":"status-publish","5":"pwb-brand-swag","6":"product_cat-paisuntasailion-korkki","7":"desktop-align-left","8":"tablet-align-left","9":"mobile-align-left","11":"first","12":"instock","13":"product-type-external"},"brands":[{"id":103,"name":"SWAG","slug":"swag"}],"_links":{"self":[{"href":"https:\/\/www.autonvaraosahaku.fi\/index.php?rest_route=\/wp\/v2\/product\/83504","targetHints":{"allow":["GET"]}}],"collection":[{"href":"https:\/\/www.autonvaraosahaku.fi\/index.php?rest_route=\/wp\/v2\/product"}],"about":[{"href":"https:\/\/www.autonvaraosahaku.fi\/index.php?rest_route=\/wp\/v2\/types\/product"}],"wp:attachment":[{"href":"https:\/\/www.autonvaraosahaku.fi\/index.php?rest_route=%2Fwp%2Fv2%2Fmedia&parent=83504"}],"wp:term":[{"taxonomy":"pwb-brand","embeddable":true,"href":"https:\/\/www.autonvaraosahaku.fi\/index.php?rest_route=%2Fwp%2Fv2%2Fpwb-brand&post=83504"},{"taxonomy":"product_cat","embeddable":true,"href":"https:\/\/www.autonvaraosahaku.fi\/index.php?rest_route=%2Fwp%2Fv2%2Fproduct_cat&post=83504"},{"taxonomy":"product_tag","embeddable":true,"href":"https:\/\/www.autonvaraosahaku.fi\/index.php?rest_route=%2Fwp%2Fv2%2Fproduct_tag&post=83504"}],"curies":[{"name":"wp","href":"https:\/\/api.w.org\/{rel}","templated":true}]}}