{"id":83594,"date":"2021-02-21T20:30:16","date_gmt":"2021-02-21T20:30:16","guid":{"rendered":"https:\/\/www.autonvaraosahaku.fi\/?product=vegaz-sad-103-pakosarjan-tiivisteet"},"modified":"2021-02-21T20:30:18","modified_gmt":"2021-02-21T20:30:18","slug":"vegaz-sad-103-pakosarjan-tiivisteet","status":"publish","type":"product","link":"https:\/\/www.autonvaraosahaku.fi\/?product=vegaz-sad-103-pakosarjan-tiivisteet","title":{"rendered":"VEGAZ SAD-103 Pakosarjan tiivisteet"},"content":{"rendered":"<p>Paino [kg]: 0,021; Leveys (mm): 80; Pituus (mm): 119; Paino [g]: 19,601; Tarvittava kappalem\u00e4\u00e4r\u00e4: 2; MAZDA: 2 DY; HYUNDAI: MATRIX FC; ROVER: 75 RJ,75 Tourer RJ; SUBARU: LIBERO Bus E10, E12,LEONE II Station Wagon,LEONE II,LEONE I Hatchback,MV AS_,LEONE I Station Wagon,LEONE I AB; FORD: FIESTA V JH_, JD_,FUSION JU_,KA RB_,STREET KA RL2; MG: MG ZT; 60807476, 44022GA130, 44022GA320, 744022000, 744022010, 744022011, 744022400; Tiiviste, Pakoputki<\/p>\n","protected":false},"excerpt":{"rendered":"<p>VEGAZ Pakoputken Tiiviste SAD-103 Tiiviste, Pakoputki MAZDA,HYUNDAI,ROVER,2 DY,MATRIX FC,75 RJ,75 Tourer RJ,LIBERO Bus E10, E12,LEONE II Station Wagon<\/p>\n","protected":false},"featured_media":0,"template":"","meta":{"site-sidebar-layout":"default","site-content-layout":"default","ast-global-header-display":"","ast-main-header-display":"","ast-hfb-above-header-display":"","ast-hfb-below-header-display":"","ast-hfb-mobile-header-display":"","site-post-title":"","ast-breadcrumbs-content":"","ast-featured-img":"","footer-sml-layout":"","theme-transparent-header-meta":"","adv-header-id-meta":"","stick-header-meta":"","header-above-stick-meta":"","header-main-stick-meta":"","header-below-stick-meta":""},"pwb-brand":[306],"product_cat":[123],"product_tag":[],"class_list":{"0":"post-83594","1":"product","2":"type-product","3":"status-publish","5":"pwb-brand-vegaz","6":"product_cat-pakosarjan-tiivisteet","7":"desktop-align-left","8":"tablet-align-left","9":"mobile-align-left","11":"first","12":"instock","13":"product-type-external"},"brands":[{"id":306,"name":"VEGAZ","slug":"vegaz"}],"_links":{"self":[{"href":"https:\/\/www.autonvaraosahaku.fi\/index.php?rest_route=\/wp\/v2\/product\/83594","targetHints":{"allow":["GET"]}}],"collection":[{"href":"https:\/\/www.autonvaraosahaku.fi\/index.php?rest_route=\/wp\/v2\/product"}],"about":[{"href":"https:\/\/www.autonvaraosahaku.fi\/index.php?rest_route=\/wp\/v2\/types\/product"}],"wp:attachment":[{"href":"https:\/\/www.autonvaraosahaku.fi\/index.php?rest_route=%2Fwp%2Fv2%2Fmedia&parent=83594"}],"wp:term":[{"taxonomy":"pwb-brand","embeddable":true,"href":"https:\/\/www.autonvaraosahaku.fi\/index.php?rest_route=%2Fwp%2Fv2%2Fpwb-brand&post=83594"},{"taxonomy":"product_cat","embeddable":true,"href":"https:\/\/www.autonvaraosahaku.fi\/index.php?rest_route=%2Fwp%2Fv2%2Fproduct_cat&post=83594"},{"taxonomy":"product_tag","embeddable":true,"href":"https:\/\/www.autonvaraosahaku.fi\/index.php?rest_route=%2Fwp%2Fv2%2Fproduct_tag&post=83594"}],"curies":[{"name":"wp","href":"https:\/\/api.w.org\/{rel}","templated":true}]}}