{"id":84130,"date":"2021-02-21T20:33:40","date_gmt":"2021-02-21T20:33:40","guid":{"rendered":"https:\/\/www.autonvaraosahaku.fi\/?product=ajusa-81046500-kannen-pultit"},"modified":"2021-02-21T20:33:41","modified_gmt":"2021-02-21T20:33:41","slug":"ajusa-81046500-kannen-pultit","status":"publish","type":"product","link":"https:\/\/www.autonvaraosahaku.fi\/?product=ajusa-81046500-kannen-pultit","title":{"rendered":"AJUSA 81046500 Kannen pultit"},"content":{"rendered":"<p>Kierremitta: M12; Kierrenousu (mm): 1,75; Pituus (mm): 87; M\u00e4\u00e4r\u00e4: 8; Ruuvikanta\/mutteriprofiili: Torx, sis\u00e4; Paino [g]: 1328; Tarvittava kappalem\u00e4\u00e4r\u00e4: 2; FORD USA: EXPLORER U2,EXPLORER UN46,RANGER,BRONCO II,AEROSTAR; FORD: SIERRA GBG, GB4,SCORPIO II GFR, GGR,SIERRA Schr\u00e4gheck GBC, GBG,SCORPIO I GAE, GGE,TRANSIT Bus MK-4 E_ _,CAPRI III GECP,SCORPIO II Kombi GNR, GGR,SCORPIO I Stufenheck GGE,SIERRA Kombi BNG,CAPRI II GECP,SCORPIO I Kombi GGE,GRANADA GGTL, GGFL,GRANADA Coupe GGCL,GRANADA Kombi GGNL; 6147279&#215;8, 6154454&#215;8, 6155563&#215;8, 86TM6065EA; Sylinterikannen Pultit,Syl.Kannen Pulttisarja<\/p>\n","protected":false},"excerpt":{"rendered":"<p>AJUSA Kannen Pultit 81046500 Sylinterikannen Pultit,Syl.Kannen Pulttisarja FORD USA,FORD,EXPLORER U2,EXPLORER UN46,RANGER,BRONCO II,AEROSTAR<\/p>\n","protected":false},"featured_media":0,"template":"","meta":{"site-sidebar-layout":"default","site-content-layout":"default","ast-global-header-display":"","ast-main-header-display":"","ast-hfb-above-header-display":"","ast-hfb-below-header-display":"","ast-hfb-mobile-header-display":"","site-post-title":"","ast-breadcrumbs-content":"","ast-featured-img":"","footer-sml-layout":"","theme-transparent-header-meta":"","adv-header-id-meta":"","stick-header-meta":"","header-above-stick-meta":"","header-main-stick-meta":"","header-below-stick-meta":""},"pwb-brand":[211],"product_cat":[67],"product_tag":[],"class_list":{"0":"post-84130","1":"product","2":"type-product","3":"status-publish","5":"pwb-brand-ajusa","6":"product_cat-kannen-pultit","7":"desktop-align-left","8":"tablet-align-left","9":"mobile-align-left","11":"first","12":"instock","13":"product-type-external"},"brands":[{"id":211,"name":"AJUSA","slug":"ajusa"}],"_links":{"self":[{"href":"https:\/\/www.autonvaraosahaku.fi\/index.php?rest_route=\/wp\/v2\/product\/84130","targetHints":{"allow":["GET"]}}],"collection":[{"href":"https:\/\/www.autonvaraosahaku.fi\/index.php?rest_route=\/wp\/v2\/product"}],"about":[{"href":"https:\/\/www.autonvaraosahaku.fi\/index.php?rest_route=\/wp\/v2\/types\/product"}],"wp:attachment":[{"href":"https:\/\/www.autonvaraosahaku.fi\/index.php?rest_route=%2Fwp%2Fv2%2Fmedia&parent=84130"}],"wp:term":[{"taxonomy":"pwb-brand","embeddable":true,"href":"https:\/\/www.autonvaraosahaku.fi\/index.php?rest_route=%2Fwp%2Fv2%2Fpwb-brand&post=84130"},{"taxonomy":"product_cat","embeddable":true,"href":"https:\/\/www.autonvaraosahaku.fi\/index.php?rest_route=%2Fwp%2Fv2%2Fproduct_cat&post=84130"},{"taxonomy":"product_tag","embeddable":true,"href":"https:\/\/www.autonvaraosahaku.fi\/index.php?rest_route=%2Fwp%2Fv2%2Fproduct_tag&post=84130"}],"curies":[{"name":"wp","href":"https:\/\/api.w.org\/{rel}","templated":true}]}}