{"id":84492,"date":"2021-02-21T20:35:57","date_gmt":"2021-02-21T20:35:57","guid":{"rendered":"https:\/\/www.autonvaraosahaku.fi\/?product=reinz-71-12612-30-venttiilikopan-tiiviste"},"modified":"2021-02-21T20:35:58","modified_gmt":"2021-02-21T20:35:58","slug":"reinz-71-12612-30-venttiilikopan-tiiviste","status":"publish","type":"product","link":"https:\/\/www.autonvaraosahaku.fi\/?product=reinz-71-12612-30-venttiilikopan-tiiviste","title":{"rendered":"REINZ 71-12612-30 Venttiilikopan tiiviste"},"content":{"rendered":"<p>Paksuus [mm]: 1,5; Tarvittava kappalem\u00e4\u00e4r\u00e4: 6; IVECO: MK,P\/PA-Haubenfahrzeuge; MAGIRUS-DEUTZ: D-Series,M-Series; KRAMER: 14-Serie,KL-Serie,KLS-Serie,KT,Pionier; FENDT: Farmer,GT; DEUTZ-FAHR: AGROLUX,AGROPLUS,AGROPRIMA,AGROSTAR,AGROXTRA,D06,D07,DX; 03371692; Tiiviste, Venttiilikoppa<\/p>\n","protected":false},"excerpt":{"rendered":"<p>REINZ Venttiilikopan Tiiviste 71-12612-30 Tiiviste, Venttiilikoppa IVECO,MAGIRUS-DEUTZ,KRAMER,MK,P\/PA-Haubenfahrzeuge,D-Series,M-Series,14-Serie<\/p>\n","protected":false},"featured_media":0,"template":"","meta":{"site-sidebar-layout":"default","site-content-layout":"default","ast-global-header-display":"","ast-main-header-display":"","ast-hfb-above-header-display":"","ast-hfb-below-header-display":"","ast-hfb-mobile-header-display":"","site-post-title":"","ast-breadcrumbs-content":"","ast-featured-img":"","footer-sml-layout":"","theme-transparent-header-meta":"","adv-header-id-meta":"","stick-header-meta":"","header-above-stick-meta":"","header-main-stick-meta":"","header-below-stick-meta":""},"pwb-brand":[138],"product_cat":[44],"product_tag":[],"class_list":{"0":"post-84492","1":"product","2":"type-product","3":"status-publish","5":"pwb-brand-reinz","6":"product_cat-venttiilikopan-tiiviste","7":"desktop-align-left","8":"tablet-align-left","9":"mobile-align-left","11":"first","12":"instock","13":"product-type-external"},"brands":[{"id":138,"name":"REINZ","slug":"reinz"}],"_links":{"self":[{"href":"https:\/\/www.autonvaraosahaku.fi\/index.php?rest_route=\/wp\/v2\/product\/84492","targetHints":{"allow":["GET"]}}],"collection":[{"href":"https:\/\/www.autonvaraosahaku.fi\/index.php?rest_route=\/wp\/v2\/product"}],"about":[{"href":"https:\/\/www.autonvaraosahaku.fi\/index.php?rest_route=\/wp\/v2\/types\/product"}],"wp:attachment":[{"href":"https:\/\/www.autonvaraosahaku.fi\/index.php?rest_route=%2Fwp%2Fv2%2Fmedia&parent=84492"}],"wp:term":[{"taxonomy":"pwb-brand","embeddable":true,"href":"https:\/\/www.autonvaraosahaku.fi\/index.php?rest_route=%2Fwp%2Fv2%2Fpwb-brand&post=84492"},{"taxonomy":"product_cat","embeddable":true,"href":"https:\/\/www.autonvaraosahaku.fi\/index.php?rest_route=%2Fwp%2Fv2%2Fproduct_cat&post=84492"},{"taxonomy":"product_tag","embeddable":true,"href":"https:\/\/www.autonvaraosahaku.fi\/index.php?rest_route=%2Fwp%2Fv2%2Fproduct_tag&post=84492"}],"curies":[{"name":"wp","href":"https:\/\/api.w.org\/{rel}","templated":true}]}}