{"id":8471,"date":"2021-02-21T14:03:08","date_gmt":"2021-02-21T14:03:08","guid":{"rendered":"https:\/\/www.autonvaraosahaku.fi\/?product=master-sport-2534-lf-pcs-ms-ilmansuodatin"},"modified":"2021-02-21T14:03:09","modified_gmt":"2021-02-21T14:03:09","slug":"master-sport-2534-lf-pcs-ms-ilmansuodatin","status":"publish","type":"product","link":"https:\/\/www.autonvaraosahaku.fi\/?product=master-sport-2534-lf-pcs-ms-ilmansuodatin","title":{"rendered":"MASTER-SPORT 2534-LF-PCS-MS Ilmansuodatin"},"content":{"rendered":"<p>Sis\u00e4l\u00e4pimitta [mm]: 185; Ulkol\u00e4pimitta [mm]: 241; Korkeus (mm): 50; Sis\u00e4l\u00e4pimitta 1 [mm]: 185; Nettopaino [kg]: 0,18; Bruttopaino [kg]: 0,3; Valmistusvuoteen: 07\/1988; FORD: FIESTA III GFJ,ESCORT IV GAF, AWF, ABFT,FIESTA II FBD,ESCORT III GAA,FIESTA Kasten FVD,ORION II AFF,ESCORT IV Kombi AWF, AVF,ESCORT &#8217;86 Express AVF,FIESTA Kasten WFVT,ESCORT III Kombi AWA,ESCORT &#8217;81 Express AVA; PC2243E, PC450, 1444L5, 6080390, 79BF9601AA<\/p>\n","protected":false},"excerpt":{"rendered":"<p>MASTER-SPORT Ilmansuodatin 2534-LF-PCS-MS  FORD,FIESTA III GFJ,ESCORT IV GAF, AWF, ABFT,FIESTA II FBD,ESCORT III GAA,FIESTA Kasten FVD,ORION II AFF<\/p>\n","protected":false},"featured_media":0,"template":"","meta":{"site-sidebar-layout":"default","site-content-layout":"default","ast-global-header-display":"","ast-main-header-display":"","ast-hfb-above-header-display":"","ast-hfb-below-header-display":"","ast-hfb-mobile-header-display":"","site-post-title":"","ast-breadcrumbs-content":"","ast-featured-img":"","footer-sml-layout":"","theme-transparent-header-meta":"","adv-header-id-meta":"","stick-header-meta":"","header-above-stick-meta":"","header-main-stick-meta":"","header-below-stick-meta":""},"pwb-brand":[61],"product_cat":[31],"product_tag":[],"class_list":{"0":"post-8471","1":"product","2":"type-product","3":"status-publish","5":"pwb-brand-master-sport","6":"product_cat-ilmansuodatin","7":"desktop-align-left","8":"tablet-align-left","9":"mobile-align-left","11":"first","12":"instock","13":"product-type-external"},"brands":[{"id":61,"name":"MASTER-SPORT","slug":"master-sport"}],"_links":{"self":[{"href":"https:\/\/www.autonvaraosahaku.fi\/index.php?rest_route=\/wp\/v2\/product\/8471","targetHints":{"allow":["GET"]}}],"collection":[{"href":"https:\/\/www.autonvaraosahaku.fi\/index.php?rest_route=\/wp\/v2\/product"}],"about":[{"href":"https:\/\/www.autonvaraosahaku.fi\/index.php?rest_route=\/wp\/v2\/types\/product"}],"wp:attachment":[{"href":"https:\/\/www.autonvaraosahaku.fi\/index.php?rest_route=%2Fwp%2Fv2%2Fmedia&parent=8471"}],"wp:term":[{"taxonomy":"pwb-brand","embeddable":true,"href":"https:\/\/www.autonvaraosahaku.fi\/index.php?rest_route=%2Fwp%2Fv2%2Fpwb-brand&post=8471"},{"taxonomy":"product_cat","embeddable":true,"href":"https:\/\/www.autonvaraosahaku.fi\/index.php?rest_route=%2Fwp%2Fv2%2Fproduct_cat&post=8471"},{"taxonomy":"product_tag","embeddable":true,"href":"https:\/\/www.autonvaraosahaku.fi\/index.php?rest_route=%2Fwp%2Fv2%2Fproduct_tag&post=8471"}],"curies":[{"name":"wp","href":"https:\/\/api.w.org\/{rel}","templated":true}]}}