{"id":85519,"date":"2021-02-21T20:42:36","date_gmt":"2021-02-21T20:42:36","guid":{"rendered":"https:\/\/www.autonvaraosahaku.fi\/?product=japanparts-kf-720-kytkinpaketti"},"modified":"2021-02-21T20:42:39","modified_gmt":"2021-02-21T20:42:39","slug":"japanparts-kf-720-kytkinpaketti","status":"publish","type":"product","link":"https:\/\/www.autonvaraosahaku.fi\/?product=japanparts-kf-720-kytkinpaketti","title":{"rendered":"JAPANPARTS KF-720 Kytkinpaketti"},"content":{"rendered":"<p>L\u00e4pimitta [mm]: 230; Sis\u00e4l\u00e4pimitta [mm]: 148; Asennusl\u00e4pimitta [mm]: 277; keskitt\u00e4misl\u00e4pimitta [mm]: 25; Hammasluku: 24; Valmistusvuosi alkaen: 07\/2001; SUBARU: FORESTER SG,IMPREZA Stufenheck GD,IMPREZA Station Wagon GG; MR145619, 3050212U00, 30100AA600, 30100AA720, 30100AA780, 30100AA790, 30100AA791, 30100AA840, 30100AA880, 30100AA881, 30100AA883, 30100AA890, 30100AA900, 30210AA360, 30210AA361, 30210AA362, 30210AA381, 30210AA420, 30210AA421, 30210AA520, 30210AA530, 30210AA540, 30210AA570, 30210AA580, 30210AA630, 30210AA640, 30210AA650, 30502AA080, 30502AA130; Kytkinsarja<\/p>\n","protected":false},"excerpt":{"rendered":"<p>JAPANPARTS Kytkinpaketti KF-720 Kytkinsarja SUBARU,FORESTER SG,IMPREZA Stufenheck GD,IMPREZA Station Wagon GG<\/p>\n","protected":false},"featured_media":0,"template":"","meta":{"site-sidebar-layout":"default","site-content-layout":"default","ast-global-header-display":"","ast-main-header-display":"","ast-hfb-above-header-display":"","ast-hfb-below-header-display":"","ast-hfb-mobile-header-display":"","site-post-title":"","ast-breadcrumbs-content":"","ast-featured-img":"","footer-sml-layout":"","theme-transparent-header-meta":"","adv-header-id-meta":"","stick-header-meta":"","header-above-stick-meta":"","header-main-stick-meta":"","header-below-stick-meta":""},"pwb-brand":[334],"product_cat":[21],"product_tag":[],"class_list":{"0":"post-85519","1":"product","2":"type-product","3":"status-publish","5":"pwb-brand-japanparts","6":"product_cat-kytkinpaketti","7":"desktop-align-left","8":"tablet-align-left","9":"mobile-align-left","11":"first","12":"instock","13":"product-type-external"},"brands":[{"id":334,"name":"JAPANPARTS","slug":"japanparts"}],"_links":{"self":[{"href":"https:\/\/www.autonvaraosahaku.fi\/index.php?rest_route=\/wp\/v2\/product\/85519","targetHints":{"allow":["GET"]}}],"collection":[{"href":"https:\/\/www.autonvaraosahaku.fi\/index.php?rest_route=\/wp\/v2\/product"}],"about":[{"href":"https:\/\/www.autonvaraosahaku.fi\/index.php?rest_route=\/wp\/v2\/types\/product"}],"wp:attachment":[{"href":"https:\/\/www.autonvaraosahaku.fi\/index.php?rest_route=%2Fwp%2Fv2%2Fmedia&parent=85519"}],"wp:term":[{"taxonomy":"pwb-brand","embeddable":true,"href":"https:\/\/www.autonvaraosahaku.fi\/index.php?rest_route=%2Fwp%2Fv2%2Fpwb-brand&post=85519"},{"taxonomy":"product_cat","embeddable":true,"href":"https:\/\/www.autonvaraosahaku.fi\/index.php?rest_route=%2Fwp%2Fv2%2Fproduct_cat&post=85519"},{"taxonomy":"product_tag","embeddable":true,"href":"https:\/\/www.autonvaraosahaku.fi\/index.php?rest_route=%2Fwp%2Fv2%2Fproduct_tag&post=85519"}],"curies":[{"name":"wp","href":"https:\/\/api.w.org\/{rel}","templated":true}]}}