{"id":85600,"date":"2021-02-21T20:43:07","date_gmt":"2021-02-21T20:43:07","guid":{"rendered":"https:\/\/www.autonvaraosahaku.fi\/?product=nissens-65615a-jaahdytin"},"modified":"2021-02-21T20:43:11","modified_gmt":"2021-02-21T20:43:11","slug":"nissens-65615a-jaahdytin","status":"publish","type":"product","link":"https:\/\/www.autonvaraosahaku.fi\/?product=nissens-65615a-jaahdytin","title":{"rendered":"NISSENS 65615A J\u00e4\u00e4hdytin"},"content":{"rendered":"<p>Verkon pituus [mm]: 670; Verkon leveys [mm]: 449; Verkon syvyys [mm]: 26; J\u00e4hdytysripamateriaali: Alumiini; Korvaava tuote\/korvaava tiedote 2: ilman runkoa; Matriaali j\u00e4\u00e4hdyttimen s\u00e4ili\u00f6: Muovi; J\u00e4\u00e4hdytintyyppi: J\u00e4\u00e4hdytysrivat juotetut; Varusteet: f\u00fcr Fahrzeuge mit\/ohne Klimaanlage; LAND ROVER: FREELANDER 2 FA_,RANGE ROVER EVOQUE LV,DISCOVERY SPORT LC,RANGE ROVER EVOQUE Cabriolet LV_; VOLVO: V70 II SW,XC60,V70 III BW,V60,V40 Schr\u00e4gheck,XC70 II,S80 II AS,S60 II; FORD: MONDEO IV Turnier BA7,S-MAX WA6,FOCUS III Turnier,GALAXY WA6,FOCUS III,C-MAX II,MONDEO IV BA7,GRAND C-MAX,FOCUS III Stufenheck,MONDEO IV Stufenheck BA7,GRAND C-MAX Van,C-MAX II Van,FOCUS III Kasten\/Schr\u00e4gheck; 1337541, 1377541, 1420158, 1433321, 1493771, 1493774, 1773041, 1778037, 1778038, 1805529, 1897409, 30748550, 30792221, 31261105, 31293689, 31368059, 31368060, 31368082, 31368299, 31368361, 31368362, 36000105, 36000106, 36002413, 36002414, 36002451, 6G918005AB, 6G918005AC, 6G918005AD, 6G918005FB, 6G918005FC, 6G918005FD, 6G919L440AC, CV618005TA, CV618005TB, CV6Z8005T, LR000583, LR002641, LR006714, LR006715, LR039530, LR039623, ME6G918005FD, 1377541, 1420158, 1433321, 1493771, 1493774, 1773041, 1778037, 1778038, 1805529, 30748550, 30792221, 31261105, 31293689, 31368059, 31368060, 31368082, 31368299, 31368361, 31368362, 36000105, 36000106, 36002413, 36002414, 36002451, 6G918005AB, 6G918005AC, 6G918005AD, 6G918005FB, 6G918005FC, 6G918005FD, 6G919L440AC, CV618005TB, CV6Z8005T, LR000583, LR002641, LR006714, LR006715, LR039530, LR039623, 1377541, 1420158, 1433321, 1493771, 1493774, 1773041, 1778037, 1778038, 1805529, 30748550, 30792220, 30792221, 31261104, 31261105, 31293689, 31368059, 31368&#8230;; Syyl\u00e4ri,J\u00e4\u00e4hdytin,Moottorin J\u00e4\u00e4hdytys<\/p>\n","protected":false},"excerpt":{"rendered":"<p>NISSENS J\u00e4\u00e4hdytin 65615A Syyl\u00e4ri,J\u00e4\u00e4hdytin,Moottorin J\u00e4\u00e4hdytys LAND ROVER,VOLVO,FORD,FREELANDER 2 FA_,RANGE ROVER EVOQUE LV,DISCOVERY SPORT LC<\/p>\n","protected":false},"featured_media":0,"template":"","meta":{"site-sidebar-layout":"default","site-content-layout":"default","ast-global-header-display":"","ast-main-header-display":"","ast-hfb-above-header-display":"","ast-hfb-below-header-display":"","ast-hfb-mobile-header-display":"","site-post-title":"","ast-breadcrumbs-content":"","ast-featured-img":"","footer-sml-layout":"","theme-transparent-header-meta":"","adv-header-id-meta":"","stick-header-meta":"","header-above-stick-meta":"","header-main-stick-meta":"","header-below-stick-meta":""},"pwb-brand":[315],"product_cat":[421],"product_tag":[],"class_list":{"0":"post-85600","1":"product","2":"type-product","3":"status-publish","5":"pwb-brand-nissens","6":"product_cat-jaahdytin","7":"desktop-align-left","8":"tablet-align-left","9":"mobile-align-left","11":"first","12":"instock","13":"product-type-external"},"brands":[{"id":315,"name":"NISSENS","slug":"nissens"}],"_links":{"self":[{"href":"https:\/\/www.autonvaraosahaku.fi\/index.php?rest_route=\/wp\/v2\/product\/85600","targetHints":{"allow":["GET"]}}],"collection":[{"href":"https:\/\/www.autonvaraosahaku.fi\/index.php?rest_route=\/wp\/v2\/product"}],"about":[{"href":"https:\/\/www.autonvaraosahaku.fi\/index.php?rest_route=\/wp\/v2\/types\/product"}],"wp:attachment":[{"href":"https:\/\/www.autonvaraosahaku.fi\/index.php?rest_route=%2Fwp%2Fv2%2Fmedia&parent=85600"}],"wp:term":[{"taxonomy":"pwb-brand","embeddable":true,"href":"https:\/\/www.autonvaraosahaku.fi\/index.php?rest_route=%2Fwp%2Fv2%2Fpwb-brand&post=85600"},{"taxonomy":"product_cat","embeddable":true,"href":"https:\/\/www.autonvaraosahaku.fi\/index.php?rest_route=%2Fwp%2Fv2%2Fproduct_cat&post=85600"},{"taxonomy":"product_tag","embeddable":true,"href":"https:\/\/www.autonvaraosahaku.fi\/index.php?rest_route=%2Fwp%2Fv2%2Fproduct_tag&post=85600"}],"curies":[{"name":"wp","href":"https:\/\/api.w.org\/{rel}","templated":true}]}}