{"id":85787,"date":"2021-02-21T20:44:18","date_gmt":"2021-02-21T20:44:18","guid":{"rendered":"https:\/\/www.autonvaraosahaku.fi\/?product=hengst-filter-h200w40-oljynsuodatin"},"modified":"2021-02-21T20:44:25","modified_gmt":"2021-02-21T20:44:25","slug":"hengst-filter-h200w40-oljynsuodatin","status":"publish","type":"product","link":"https:\/\/www.autonvaraosahaku.fi\/?product=hengst-filter-h200w40-oljynsuodatin","title":{"rendered":"HENGST FILTER H200W40 \u00d6ljynsuodatin"},"content":{"rendered":"<p>Suodatintyyppi: Ruuvattava suodatin, Langzeitfilter; Ulkol\u00e4pimitta [mm]: 108,0; Tiivisteen l\u00e4pimitta [mm]: 101,0; Kierremitta: 1 1\/8-16 U; Korkeus (mm): 260,0; VOLVO: 7700,8500,8700,9700,9900,A,B11,B12,B9,F12,FE II,FH,FH II,FH12,FH16,FH16 II,FL10,FL12,FM,FM10,FM12,FM7,FM9,FMX,FMX II,NH12; RENAULT TRUCKS: C,D,K,KERAX,MAGNUM,PREMIUM 2,T; OPTARE: OLYMPUS; PLAXTON: ELITE; FODEN TRUCKS: ALPHA; 20709459, 5001846641, 5001846642, 7420708907, 7420709459, 7421561278, 7423114226, 17533660, 17533661, 21170569, 21707133, 23658092, 478362, 478736, 4787362<\/p>\n","protected":false},"excerpt":{"rendered":"<p>HENGST FILTER \u00d6ljynsuodatin H200W40  VOLVO,RENAULT TRUCKS,OPTARE,7700,8500,8700,9700,9900,A,B11,B12,B9,F12,FE II,FH,FH II,FH12,FH16,FH16 II,FL10,FL12<\/p>\n","protected":false},"featured_media":0,"template":"","meta":{"site-sidebar-layout":"default","site-content-layout":"default","ast-global-header-display":"","ast-main-header-display":"","ast-hfb-above-header-display":"","ast-hfb-below-header-display":"","ast-hfb-mobile-header-display":"","site-post-title":"","ast-breadcrumbs-content":"","ast-featured-img":"","footer-sml-layout":"","theme-transparent-header-meta":"","adv-header-id-meta":"","stick-header-meta":"","header-above-stick-meta":"","header-main-stick-meta":"","header-below-stick-meta":""},"pwb-brand":[336],"product_cat":[30],"product_tag":[],"class_list":{"0":"post-85787","1":"product","2":"type-product","3":"status-publish","5":"pwb-brand-hengst-filter","6":"product_cat-oljynsuodatin","7":"desktop-align-left","8":"tablet-align-left","9":"mobile-align-left","11":"first","12":"instock","13":"product-type-external"},"brands":[{"id":336,"name":"HENGST FILTER","slug":"hengst-filter"}],"_links":{"self":[{"href":"https:\/\/www.autonvaraosahaku.fi\/index.php?rest_route=\/wp\/v2\/product\/85787","targetHints":{"allow":["GET"]}}],"collection":[{"href":"https:\/\/www.autonvaraosahaku.fi\/index.php?rest_route=\/wp\/v2\/product"}],"about":[{"href":"https:\/\/www.autonvaraosahaku.fi\/index.php?rest_route=\/wp\/v2\/types\/product"}],"wp:attachment":[{"href":"https:\/\/www.autonvaraosahaku.fi\/index.php?rest_route=%2Fwp%2Fv2%2Fmedia&parent=85787"}],"wp:term":[{"taxonomy":"pwb-brand","embeddable":true,"href":"https:\/\/www.autonvaraosahaku.fi\/index.php?rest_route=%2Fwp%2Fv2%2Fpwb-brand&post=85787"},{"taxonomy":"product_cat","embeddable":true,"href":"https:\/\/www.autonvaraosahaku.fi\/index.php?rest_route=%2Fwp%2Fv2%2Fproduct_cat&post=85787"},{"taxonomy":"product_tag","embeddable":true,"href":"https:\/\/www.autonvaraosahaku.fi\/index.php?rest_route=%2Fwp%2Fv2%2Fproduct_tag&post=85787"}],"curies":[{"name":"wp","href":"https:\/\/api.w.org\/{rel}","templated":true}]}}