{"id":85966,"date":"2021-02-21T20:45:30","date_gmt":"2021-02-21T20:45:30","guid":{"rendered":"https:\/\/www.autonvaraosahaku.fi\/?product=ajusa-12014300-venttiilinvarren-kumit"},"modified":"2021-02-21T20:45:36","modified_gmt":"2021-02-21T20:45:36","slug":"ajusa-12014300-venttiilinvarren-kumit","status":"publish","type":"product","link":"https:\/\/www.autonvaraosahaku.fi\/?product=ajusa-12014300-venttiilinvarren-kumit","title":{"rendered":"AJUSA 12014300 Venttiilinvarren kumit"},"content":{"rendered":"<p>Asennuspuoli: Sylinterikannen kopasta sylinterikanteen; Sis\u00e4l\u00e4pimitta [mm]: 5; Ulkol\u00e4pimitta [mm]: 10,9; Korkeus (mm): 10; Venttiilimalli: f\u00fcr Auslassventile; MAZDA: 323 P V BA,FAMILIA V BA,FAMILIA V BG8; SUZUKI: JIMNY FJ,IGNIS FH,LIANA Schr\u00e4gheck,LIANA ER; KIA: SHUMA FB,CLARUS K9A,SEPHIA Stufenheck FA,SEPHIA FA; HONDA: CIVIC VIII Hatchback FN, FK,JAZZ II GD,CR-V III RE,CIVIC VII Hatchback EU, EP, EV,JAZZ III GE,CR-V II RD_,ACCORD VII CL,CIVIC VI Hatchback EJ, EK,FR-V BE,CR-V IV RE,ACCORD VIII CU,ACCORD VII Tourer CM,ACCORD VI CG, CK,CIVIC IX FK,ACCORD VIII Kombi,CIVIC VI Fastback MA, MB,CRX III EH, EG,LOGO GA3,CIVIC VI Aerodeck MB, MC,STREAM RN,HR-V GH,CRX II ED, EE,CIVIC V Hatchback EG,PRELUDE V BB,CIVIC VII Coupe EM2,ACCORD VI Hatchback CH,CIVIC VIII Stufenheck FD, FA,ACCORD VI Coupe CG,JAZZ Stufenheck,INSIGHT ZE_,S2000 AP,CIVIC IV Hatchback EC, ED, EE,ACCORD V CE, CF,CIVIC VI Stufenheck EJ, EK,CR-Z ZF1,PRELUDE IV BB,CIVIC VI Coupe EJ, EM1,SHUTTLE RA,INTEGRA Coupe DC2, DC4,CIVIC V Coupe EJ,CIVIC VII Stufenheck ES,ACCORD IV CB,CIVIC V Stufenheck EG, EH,ACCORD V Aerodeck CE,ACCORD V CC, CD,LEGEND III KA9,ACCORD V Coupe CD,CIVIC IX Stufenheck FB, FG,ODYSSEY RL3, RL4 US,CONCERTO HW,LEGEND IV KB_,CIVIC IV Stufenheck ED,LEGEND II Coupe KA8,STREAM,ACCORD IV Aerodeck CB,NSX C; ROVER: 600 RH,400 RT,CABRIOLET XW,400 Hatchback RT,200 Hatchback XW,400 Tourer XW,400 XW; ACURA: MDX YD2,TSX CL_,RL,NSX,MDX YD3,RSX Coupe DC_; 12211PZ1003, 12211PZ1004, 12211P45G01, 12211PZ1003, 12211PZ1004<\/p>\n","protected":false},"excerpt":{"rendered":"<p>AJUSA Tiiviste, Venttiilivarsi 12014300  MAZDA,SUZUKI,KIA,323 P V BA,FAMILIA V BA,FAMILIA V BG8,JIMNY FJ,IGNIS FH,LIANA Schr\u00e4gheck,LIANA ER,SHUMA FB<\/p>\n","protected":false},"featured_media":0,"template":"","meta":{"site-sidebar-layout":"default","site-content-layout":"default","ast-global-header-display":"","ast-main-header-display":"","ast-hfb-above-header-display":"","ast-hfb-below-header-display":"","ast-hfb-mobile-header-display":"","site-post-title":"","ast-breadcrumbs-content":"","ast-featured-img":"","footer-sml-layout":"","theme-transparent-header-meta":"","adv-header-id-meta":"","stick-header-meta":"","header-above-stick-meta":"","header-main-stick-meta":"","header-below-stick-meta":""},"pwb-brand":[211],"product_cat":[170],"product_tag":[],"class_list":{"0":"post-85966","1":"product","2":"type-product","3":"status-publish","5":"pwb-brand-ajusa","6":"product_cat-venttiilinvarren-kumit","7":"desktop-align-left","8":"tablet-align-left","9":"mobile-align-left","11":"first","12":"instock","13":"product-type-external"},"brands":[{"id":211,"name":"AJUSA","slug":"ajusa"}],"_links":{"self":[{"href":"https:\/\/www.autonvaraosahaku.fi\/index.php?rest_route=\/wp\/v2\/product\/85966","targetHints":{"allow":["GET"]}}],"collection":[{"href":"https:\/\/www.autonvaraosahaku.fi\/index.php?rest_route=\/wp\/v2\/product"}],"about":[{"href":"https:\/\/www.autonvaraosahaku.fi\/index.php?rest_route=\/wp\/v2\/types\/product"}],"wp:attachment":[{"href":"https:\/\/www.autonvaraosahaku.fi\/index.php?rest_route=%2Fwp%2Fv2%2Fmedia&parent=85966"}],"wp:term":[{"taxonomy":"pwb-brand","embeddable":true,"href":"https:\/\/www.autonvaraosahaku.fi\/index.php?rest_route=%2Fwp%2Fv2%2Fpwb-brand&post=85966"},{"taxonomy":"product_cat","embeddable":true,"href":"https:\/\/www.autonvaraosahaku.fi\/index.php?rest_route=%2Fwp%2Fv2%2Fproduct_cat&post=85966"},{"taxonomy":"product_tag","embeddable":true,"href":"https:\/\/www.autonvaraosahaku.fi\/index.php?rest_route=%2Fwp%2Fv2%2Fproduct_tag&post=85966"}],"curies":[{"name":"wp","href":"https:\/\/api.w.org\/{rel}","templated":true}]}}