{"id":86090,"date":"2021-02-21T20:46:25","date_gmt":"2021-02-21T20:46:25","guid":{"rendered":"https:\/\/www.autonvaraosahaku.fi\/?product=blic-6502-07-3541990p-etusaleikko"},"modified":"2021-02-21T20:46:25","modified_gmt":"2021-02-21T20:46:25","slug":"blic-6502-07-3541990p-etusaleikko","status":"publish","type":"product","link":"https:\/\/www.autonvaraosahaku.fi\/?product=blic-6502-07-3541990p-etusaleikko","title":{"rendered":"BLIC 6502-07-3541990P Etus\u00e4leikk\u00f6"},"content":{"rendered":"<p>V\u00e4ri: Musta; MERCEDES-BENZ: VITO Bus 638,VITO Kasten 638; 6388800483, 6388880004, 6388880415, A6388800483, A6388880004, A6388880415; Etumaski,J\u00e4\u00e4hdyttimen S\u00e4leikk\u00f6<\/p>\n","protected":false},"excerpt":{"rendered":"<p>BLIC Etus\u00e4leikk\u00f6 6502-07-3541990P Etumaski,J\u00e4\u00e4hdyttimen S\u00e4leikk\u00f6 MERCEDES-BENZ,VITO Bus 638,VITO Kasten 638<\/p>\n","protected":false},"featured_media":0,"template":"","meta":{"site-sidebar-layout":"default","site-content-layout":"default","ast-global-header-display":"","ast-main-header-display":"","ast-hfb-above-header-display":"","ast-hfb-below-header-display":"","ast-hfb-mobile-header-display":"","site-post-title":"","ast-breadcrumbs-content":"","ast-featured-img":"","footer-sml-layout":"","theme-transparent-header-meta":"","adv-header-id-meta":"","stick-header-meta":"","header-above-stick-meta":"","header-main-stick-meta":"","header-below-stick-meta":""},"pwb-brand":[297],"product_cat":[302],"product_tag":[],"class_list":{"0":"post-86090","1":"product","2":"type-product","3":"status-publish","5":"pwb-brand-blic","6":"product_cat-etusaleikko","7":"desktop-align-left","8":"tablet-align-left","9":"mobile-align-left","11":"first","12":"instock","13":"product-type-external"},"brands":[{"id":297,"name":"BLIC","slug":"blic"}],"_links":{"self":[{"href":"https:\/\/www.autonvaraosahaku.fi\/index.php?rest_route=\/wp\/v2\/product\/86090","targetHints":{"allow":["GET"]}}],"collection":[{"href":"https:\/\/www.autonvaraosahaku.fi\/index.php?rest_route=\/wp\/v2\/product"}],"about":[{"href":"https:\/\/www.autonvaraosahaku.fi\/index.php?rest_route=\/wp\/v2\/types\/product"}],"wp:attachment":[{"href":"https:\/\/www.autonvaraosahaku.fi\/index.php?rest_route=%2Fwp%2Fv2%2Fmedia&parent=86090"}],"wp:term":[{"taxonomy":"pwb-brand","embeddable":true,"href":"https:\/\/www.autonvaraosahaku.fi\/index.php?rest_route=%2Fwp%2Fv2%2Fpwb-brand&post=86090"},{"taxonomy":"product_cat","embeddable":true,"href":"https:\/\/www.autonvaraosahaku.fi\/index.php?rest_route=%2Fwp%2Fv2%2Fproduct_cat&post=86090"},{"taxonomy":"product_tag","embeddable":true,"href":"https:\/\/www.autonvaraosahaku.fi\/index.php?rest_route=%2Fwp%2Fv2%2Fproduct_tag&post=86090"}],"curies":[{"name":"wp","href":"https:\/\/api.w.org\/{rel}","templated":true}]}}