{"id":86107,"date":"2021-02-21T20:46:25","date_gmt":"2021-02-21T20:46:25","guid":{"rendered":"https:\/\/www.autonvaraosahaku.fi\/?product=nipparts-j1533006-termostaatti"},"modified":"2021-02-21T20:46:31","modified_gmt":"2021-02-21T20:46:31","slug":"nipparts-j1533006-termostaatti","status":"publish","type":"product","link":"https:\/\/www.autonvaraosahaku.fi\/?product=nipparts-j1533006-termostaatti","title":{"rendered":"NIPPARTS J1533006 Termostaatti"},"content":{"rendered":"<p>Avausl\u00e4mp\u00f6tila [\u00b0C]: 88; L\u00e4mmityslaite \/ j\u00e4\u00e4hdytys: Tuuletusventtiilill\u00e4; OE-numerolle: 8AB8-15-171; MAZDA: MX-5 II NB,323 F VI BJ,MX-5 I NA,MX-3 EC,FAMILIA VI BJ,B-SERIE UN,XEDOS 6 CA,FAMILIA V BA,FAMILIA V BG8,626 III GD,626 III Hatchback GD,626 III Coupe GD,626 III Station Wagon GV,B-SERIE UF,B-SERIE UD; KIA: SPORTAGE JE_, KM_,SPORTAGE K00,RETONA CE,CLARUS K9A,CLARUS Kombi GC; HYUNDAI: LANTRA I J-1,PONY; KE5D315171, 0K9FC15171, 8AB815171, 8ABE15171, 8AN115171; Termostaatti, J\u00e4\u00e4hdytysneste<\/p>\n","protected":false},"excerpt":{"rendered":"<p>NIPPARTS Termostaatti J1533006 Termostaatti, J\u00e4\u00e4hdytysneste MAZDA,KIA,HYUNDAI,MX-5 II NB,323 F VI BJ,MX-5 I NA,MX-3 EC,FAMILIA VI BJ,B-SERIE UN<\/p>\n","protected":false},"featured_media":0,"template":"","meta":{"site-sidebar-layout":"default","site-content-layout":"default","ast-global-header-display":"","ast-main-header-display":"","ast-hfb-above-header-display":"","ast-hfb-below-header-display":"","ast-hfb-mobile-header-display":"","site-post-title":"","ast-breadcrumbs-content":"","ast-featured-img":"","footer-sml-layout":"","theme-transparent-header-meta":"","adv-header-id-meta":"","stick-header-meta":"","header-above-stick-meta":"","header-main-stick-meta":"","header-below-stick-meta":""},"pwb-brand":[335],"product_cat":[174],"product_tag":[],"class_list":{"0":"post-86107","1":"product","2":"type-product","3":"status-publish","5":"pwb-brand-nipparts","6":"product_cat-termostaatti","7":"desktop-align-left","8":"tablet-align-left","9":"mobile-align-left","11":"first","12":"instock","13":"product-type-external"},"brands":[{"id":335,"name":"NIPPARTS","slug":"nipparts"}],"_links":{"self":[{"href":"https:\/\/www.autonvaraosahaku.fi\/index.php?rest_route=\/wp\/v2\/product\/86107","targetHints":{"allow":["GET"]}}],"collection":[{"href":"https:\/\/www.autonvaraosahaku.fi\/index.php?rest_route=\/wp\/v2\/product"}],"about":[{"href":"https:\/\/www.autonvaraosahaku.fi\/index.php?rest_route=\/wp\/v2\/types\/product"}],"wp:attachment":[{"href":"https:\/\/www.autonvaraosahaku.fi\/index.php?rest_route=%2Fwp%2Fv2%2Fmedia&parent=86107"}],"wp:term":[{"taxonomy":"pwb-brand","embeddable":true,"href":"https:\/\/www.autonvaraosahaku.fi\/index.php?rest_route=%2Fwp%2Fv2%2Fpwb-brand&post=86107"},{"taxonomy":"product_cat","embeddable":true,"href":"https:\/\/www.autonvaraosahaku.fi\/index.php?rest_route=%2Fwp%2Fv2%2Fproduct_cat&post=86107"},{"taxonomy":"product_tag","embeddable":true,"href":"https:\/\/www.autonvaraosahaku.fi\/index.php?rest_route=%2Fwp%2Fv2%2Fproduct_tag&post=86107"}],"curies":[{"name":"wp","href":"https:\/\/api.w.org\/{rel}","templated":true}]}}