{"id":86305,"date":"2021-02-21T20:47:44","date_gmt":"2021-02-21T20:47:44","guid":{"rendered":"https:\/\/www.autonvaraosahaku.fi\/?product=monroe-r1000-iskunvaimennin"},"modified":"2021-02-21T20:47:49","modified_gmt":"2021-02-21T20:47:49","slug":"monroe-r1000-iskunvaimennin","status":"publish","type":"product","link":"https:\/\/www.autonvaraosahaku.fi\/?product=monroe-r1000-iskunvaimennin","title":{"rendered":"MONROE R1000 Iskunvaimennin"},"content":{"rendered":"<p>Iskunvaimennin tyyppi: \u00d6ljypaine; Iskunvaimennusj\u00e4rjestelm\u00e4: Kaksiputki; Iskunvaimennin asennustapa: Silmukka ylh\u00e4\u00e4ll\u00e4, Silmukka alhaalla; Paino [kg]: 1,500; suurin pituus [mm]: 517; v\u00e4h. pituus [mm]: 317; Pakkauspituus [cm]: 45; Pakkausleveys [cm]: 5,5; Pakkauskorkeus [mm]: 5,3; Tullitariffinumero: 87088035; Asennuspuoli: Hinterachse; FORD: TRANSIT Kasten 81E,TRANSIT Bus 72E, 73E; TOYOTA: HILUX I Pick-up LN3_, RN2_, LN4_, RN3_,CORONA Station Wagon RT118,DYNA Pritsche\/Fahrgestell,DYNA Bus _U3_, _U2_; MITSUBISHI: L 200 K7_T, K6_T,L 300 Bus LO3_P\/G, L0_2P,L 200 K3_T, K2_T, K1_T, K0_T,GALANT II Station Wagon A16_V,GALANT I Station Wagon A12_V; JEEP: CJ5 &#8211; CJ8; BEDFORD: MIDI Kasten; 123456789, 4295628, 8942265830, 8942265831, 8942595651, 894458230C, 91095939, 91099014, 94167878, 94226583, 94259565, 94455822, 94455823, LP694, LP707, 123456789, 56210W6825, GDA1179, 1450105, 1450922, 1881884, 2196066, MB110517, 11621496, 11622717, 11636612, 2400E1808192, 2400E18081C, 270458, 5001833, 5001834, 5001835, 5001837, 5001838, 62059, 62117, 62127, 62139, A740X18080NRA, A740X18080NSA, EAB455, EAB456, F0679917L18, 1A18080A, 1A18080A1, 1A18080A2, 1A18080A3, 1C18045A, 1C18045A1, 1C18045B, 1C18045B1, 1C18045B2, 1C18045B3, 1C18045C, 51A18080E1, 51A18080F, 51A18080F1, 51A18080G, 51A18080G1, 7RC18045B, 7RC18045B1, 7RC18045C, 8L18080, 8M18080, 8M18080A, 8M18080A2, 8M18080B, 8M18080C, 8M18080D, A8TZ18124A, A8TZ18124B, A9AZ18125A, B7J18124B, B7TZ18124E, B9TT18045B, C1TT18080C, C1TT18080D, C1TT18080L, C1TZ18125A, C1TZ18125D, C4TA18080A, C4TA18080B, C4TA18080C, C4TA18080Y, C4TA18097C, C4TZ18125B, C6PF18077A, C6PF18077BA, C6PF18077J, TAAF18080A, TRAT18045A1, TRAZ18045B, TSAK18045A, TSAK&#8230;; Iskarit,Iskunvaimennin<\/p>\n","protected":false},"excerpt":{"rendered":"<p>MONROE Iskunvaimentimet MONROE ORIGINAL R1000 Iskarit,Iskunvaimennin FORD,TOYOTA,MITSUBISHI,TRANSIT Kasten 81E,TRANSIT Bus 72E, 73E<\/p>\n","protected":false},"featured_media":0,"template":"","meta":{"site-sidebar-layout":"default","site-content-layout":"default","ast-global-header-display":"","ast-main-header-display":"","ast-hfb-above-header-display":"","ast-hfb-below-header-display":"","ast-hfb-mobile-header-display":"","site-post-title":"","ast-breadcrumbs-content":"","ast-featured-img":"","footer-sml-layout":"","theme-transparent-header-meta":"","adv-header-id-meta":"","stick-header-meta":"","header-above-stick-meta":"","header-main-stick-meta":"","header-below-stick-meta":""},"pwb-brand":[79],"product_cat":[80],"product_tag":[],"class_list":{"0":"post-86305","1":"product","2":"type-product","3":"status-publish","5":"pwb-brand-monroe","6":"product_cat-iskunvaimennin","7":"desktop-align-left","8":"tablet-align-left","9":"mobile-align-left","11":"first","12":"instock","13":"product-type-external"},"brands":[{"id":79,"name":"MONROE","slug":"monroe"}],"_links":{"self":[{"href":"https:\/\/www.autonvaraosahaku.fi\/index.php?rest_route=\/wp\/v2\/product\/86305","targetHints":{"allow":["GET"]}}],"collection":[{"href":"https:\/\/www.autonvaraosahaku.fi\/index.php?rest_route=\/wp\/v2\/product"}],"about":[{"href":"https:\/\/www.autonvaraosahaku.fi\/index.php?rest_route=\/wp\/v2\/types\/product"}],"wp:attachment":[{"href":"https:\/\/www.autonvaraosahaku.fi\/index.php?rest_route=%2Fwp%2Fv2%2Fmedia&parent=86305"}],"wp:term":[{"taxonomy":"pwb-brand","embeddable":true,"href":"https:\/\/www.autonvaraosahaku.fi\/index.php?rest_route=%2Fwp%2Fv2%2Fpwb-brand&post=86305"},{"taxonomy":"product_cat","embeddable":true,"href":"https:\/\/www.autonvaraosahaku.fi\/index.php?rest_route=%2Fwp%2Fv2%2Fproduct_cat&post=86305"},{"taxonomy":"product_tag","embeddable":true,"href":"https:\/\/www.autonvaraosahaku.fi\/index.php?rest_route=%2Fwp%2Fv2%2Fproduct_tag&post=86305"}],"curies":[{"name":"wp","href":"https:\/\/api.w.org\/{rel}","templated":true}]}}