{"id":86524,"date":"2021-02-21T20:49:10","date_gmt":"2021-02-21T20:49:10","guid":{"rendered":"https:\/\/www.autonvaraosahaku.fi\/?product=denso-dcri105830-polttoainesuutin"},"modified":"2021-02-21T20:49:15","modified_gmt":"2021-02-21T20:49:15","slug":"denso-dcri105830-polttoainesuutin","status":"publish","type":"product","link":"https:\/\/www.autonvaraosahaku.fi\/?product=denso-dcri105830-polttoainesuutin","title":{"rendered":"DENSO DCRI105830 Polttoainesuutin"},"content":{"rendered":"<p>Valmistaja rajaus: Opel;Renault;Saab;Va; K\u00e4ytt\u00f6: s\u00e4hk\u00f6ohjattu; Paino [g]: 690; Valmistusvuosi alkaen: 08\/2004; SAAB: 9-5 Kombi YS3E,9-5 YS3E; OPEL: VECTRA C Caravan,SIGNUM,VECTRA C,VECTRA C GTS; RENAULT: ESPACE IV JK0\/1_,VEL SATIS BJ0_; VAUXHALL: VECTRA Mk II C CC,VECTRA Mk II C Estate,VECTRA Mk II C,SIGNUM; 8973530800, 8973530801, 8973530802, 8973530803, 8973530804, 8973530805, 8973530806, 8973530807, 8973530808, 8973530809, 5821515, 97353080; Ruiskutussuutin,Ruiskusuutin,Pumppusuutin<\/p>\n","protected":false},"excerpt":{"rendered":"<p>DENSO Polttoainesuutin DCRI105830 Ruiskutussuutin,Ruiskusuutin SAAB,OPEL,RENAULT,9-5 Kombi YS3E,9-5 YS3E,VECTRA C Caravan,SIGNUM,VECTRA C,VECTRA C GTS<\/p>\n","protected":false},"featured_media":0,"template":"","meta":{"site-sidebar-layout":"default","site-content-layout":"default","ast-global-header-display":"","ast-main-header-display":"","ast-hfb-above-header-display":"","ast-hfb-below-header-display":"","ast-hfb-mobile-header-display":"","site-post-title":"","ast-breadcrumbs-content":"","ast-featured-img":"","footer-sml-layout":"","theme-transparent-header-meta":"","adv-header-id-meta":"","stick-header-meta":"","header-above-stick-meta":"","header-main-stick-meta":"","header-below-stick-meta":""},"pwb-brand":[278],"product_cat":[346],"product_tag":[],"class_list":{"0":"post-86524","1":"product","2":"type-product","3":"status-publish","5":"pwb-brand-denso","6":"product_cat-polttoainesuutin","7":"desktop-align-left","8":"tablet-align-left","9":"mobile-align-left","11":"first","12":"instock","13":"product-type-external"},"brands":[{"id":278,"name":"DENSO","slug":"denso"}],"_links":{"self":[{"href":"https:\/\/www.autonvaraosahaku.fi\/index.php?rest_route=\/wp\/v2\/product\/86524","targetHints":{"allow":["GET"]}}],"collection":[{"href":"https:\/\/www.autonvaraosahaku.fi\/index.php?rest_route=\/wp\/v2\/product"}],"about":[{"href":"https:\/\/www.autonvaraosahaku.fi\/index.php?rest_route=\/wp\/v2\/types\/product"}],"wp:attachment":[{"href":"https:\/\/www.autonvaraosahaku.fi\/index.php?rest_route=%2Fwp%2Fv2%2Fmedia&parent=86524"}],"wp:term":[{"taxonomy":"pwb-brand","embeddable":true,"href":"https:\/\/www.autonvaraosahaku.fi\/index.php?rest_route=%2Fwp%2Fv2%2Fpwb-brand&post=86524"},{"taxonomy":"product_cat","embeddable":true,"href":"https:\/\/www.autonvaraosahaku.fi\/index.php?rest_route=%2Fwp%2Fv2%2Fproduct_cat&post=86524"},{"taxonomy":"product_tag","embeddable":true,"href":"https:\/\/www.autonvaraosahaku.fi\/index.php?rest_route=%2Fwp%2Fv2%2Fproduct_tag&post=86524"}],"curies":[{"name":"wp","href":"https:\/\/api.w.org\/{rel}","templated":true}]}}