{"id":87037,"date":"2021-02-21T20:52:34","date_gmt":"2021-02-21T20:52:34","guid":{"rendered":"https:\/\/www.autonvaraosahaku.fi\/?product=payen-nj324-kampiakselin-tiiviste"},"modified":"2021-02-21T20:52:37","modified_gmt":"2021-02-21T20:52:37","slug":"payen-nj324-kampiakselin-tiiviste","status":"publish","type":"product","link":"https:\/\/www.autonvaraosahaku.fi\/?product=payen-nj324-kampiakselin-tiiviste","title":{"rendered":"PAYEN NJ324 Kampiakselin tiiviste"},"content":{"rendered":"<p>Korkeus (mm): 7,00; Materiaali: ACM (polyakryyli-kautsu); Sis\u00e4l\u00e4pimitta [mm]: 34,00; Ulkol\u00e4pimitta [mm]: 48,00; Akselitiivisteen malli: 827S RD; Py\u00f6rimissuunta: Py\u00f6rimissuunta my\u00f6t\u00e4p\u00e4iv\u00e4\u00e4n; Asennuspuoli: stirnseitig; MAZDA: MX-5 II NB,323 F VI BJ,PREMACY CP,MX-5 I NA,626 V Hatchback GF,MPV II LW,626 V GF,626 V Station Wagon GW,323 P V BA,626 IV Hatchback GE,MX-3 EC,FAMILIA VI BJ,B-SERIE UN,XEDOS 6 CA,323 C IV BG,FAMILIA IV BF,626 IV GE,FAMILIA V BA,FAMILIA V BG8,MX-6 GE,626 III GD,FAMILIA IV BG,626 III Hatchback GD,626 III Coupe GD,E-SERIE Kasten SR2,626 III Station Wagon GV,626 II GC,626 II Hatchback GC,929 III HC,B-SERIE UF,929 II Coupe HB,323 III Station Wagon BW,929 II HB,626 II Coupe GC,MX-6 GD,B-SERIE Pritsche\/Fahrgestell UF,B-SERIE UD; NISSAN: VANETTE Bus S20; KIA: SPORTAGE JE_, KM_,CARENS II FJ,RIO III UB,PICANTO TA,SPORTAGE K00,SHUMA II FB,CARENS I FC,RETONA CE,RIO III Stufenheck UB,SHUMA FB,CLARUS K9A,CLARUS Kombi GC,SEPHIA Stufenheck FA,SEPHIA FB,CERATO Stufenheck,BESTA Bus,RIO IV YB,PICANTO JA,STONIC YB; FORD USA: PROBE II ECP; HYUNDAI: i10 PA,i20 PB, PBT,i10 IA,i20 GB,i20 Coupe,i10 Stufenheck; DAIHATSU: HIJET Kasten S85,CHARADE IV G200, G202,CHARADE III G100, G101, G102,CHARADE II G11, G30,HIJET Bus S85,CHARADE I G10,HIJET Pick-up _U20,HIJET Pick-up _U60,HIJET Bus,HIJET Kasten,SPARCAR Bus S7_,SPARCAR Kasten S7_; SUZUKI: GRAND VITARA I FT,VITARA ET, TA; FORD: RANGER ES, ET; ASIA MOTORS: ROCSTA; PIAGGIO: PORTER Pritsche\/Fahrgestell,PORTER Kasten,PORTER Bus; E43E6700D, F80110602, FE0110602, FE0210602, 9004311144; Akselitiiviste, Kampiakseli<\/p>\n","protected":false},"excerpt":{"rendered":"<p>PAYEN Kampiakselin Tiiviste NJ324 Akselitiiviste, Kampiakseli MAZDA,NISSAN,KIA,MX-5 II NB,323 F VI BJ,PREMACY CP,MX-5 I NA,626 V Hatchback GF<\/p>\n","protected":false},"featured_media":0,"template":"","meta":{"site-sidebar-layout":"default","site-content-layout":"default","ast-global-header-display":"","ast-main-header-display":"","ast-hfb-above-header-display":"","ast-hfb-below-header-display":"","ast-hfb-mobile-header-display":"","site-post-title":"","ast-breadcrumbs-content":"","ast-featured-img":"","footer-sml-layout":"","theme-transparent-header-meta":"","adv-header-id-meta":"","stick-header-meta":"","header-above-stick-meta":"","header-main-stick-meta":"","header-below-stick-meta":""},"pwb-brand":[329],"product_cat":[88],"product_tag":[],"class_list":{"0":"post-87037","1":"product","2":"type-product","3":"status-publish","5":"pwb-brand-payen","6":"product_cat-kampiakselin-tiiviste","7":"desktop-align-left","8":"tablet-align-left","9":"mobile-align-left","11":"first","12":"instock","13":"product-type-external"},"brands":[{"id":329,"name":"PAYEN","slug":"payen"}],"_links":{"self":[{"href":"https:\/\/www.autonvaraosahaku.fi\/index.php?rest_route=\/wp\/v2\/product\/87037","targetHints":{"allow":["GET"]}}],"collection":[{"href":"https:\/\/www.autonvaraosahaku.fi\/index.php?rest_route=\/wp\/v2\/product"}],"about":[{"href":"https:\/\/www.autonvaraosahaku.fi\/index.php?rest_route=\/wp\/v2\/types\/product"}],"wp:attachment":[{"href":"https:\/\/www.autonvaraosahaku.fi\/index.php?rest_route=%2Fwp%2Fv2%2Fmedia&parent=87037"}],"wp:term":[{"taxonomy":"pwb-brand","embeddable":true,"href":"https:\/\/www.autonvaraosahaku.fi\/index.php?rest_route=%2Fwp%2Fv2%2Fpwb-brand&post=87037"},{"taxonomy":"product_cat","embeddable":true,"href":"https:\/\/www.autonvaraosahaku.fi\/index.php?rest_route=%2Fwp%2Fv2%2Fproduct_cat&post=87037"},{"taxonomy":"product_tag","embeddable":true,"href":"https:\/\/www.autonvaraosahaku.fi\/index.php?rest_route=%2Fwp%2Fv2%2Fproduct_tag&post=87037"}],"curies":[{"name":"wp","href":"https:\/\/api.w.org\/{rel}","templated":true}]}}